{"id":2781,"date":"2017-12-30T21:04:39","date_gmt":"2017-12-30T21:04:39","guid":{"rendered":"http:\/\/biblian.is\/biblian\/fyrsta-j%c2%97hannesarbr%c2%8ef-5-kafli\/"},"modified":"2019-08-26T23:26:37","modified_gmt":"2019-08-26T23:26:37","slug":"fyrsta-johannesarbref-5-kafli","status":"publish","type":"page","link":"https:\/\/biblian.is\/biblian\/fyrsta-johannesarbref-5-kafli\/","title":{"rendered":"Fyrsta J\u00f3hannesarbr\u00e9f 5. kafli"},"content":{"rendered":"<h3 class=\"millifyrirsogn_2007\"> Sigur tr\u00faarinnar<\/h3>\n<p><a name=\"1\"><span class=\"versanumer_2007\">1<\/span><\/a> Hver sem tr\u00fair a\u00f0 Jes\u00fas s\u00e9 Kristur er barn Gu\u00f0s og hver sem elskar f\u00f6\u00f0urinn elskar einnig barn hans. <a name=\"2\"><span class=\"versanumer_2007\">2<\/span><\/a> Vi\u00f0 vitum a\u00f0 vi\u00f0 elskum b\u00f6rn Gu\u00f0s af \u00fev\u00ed a\u00f0 vi\u00f0 elskum Gu\u00f0 og breytum eftir bo\u00f0or\u00f0um hans. <a name=\"3\"><span class=\"versanumer_2007\">3<\/span><\/a> \u00dev\u00ed a\u00f0 elskan til Gu\u00f0s birtist \u00ed a\u00f0 vi\u00f0 h\u00f6ldum bo\u00f0or\u00f0 hans. Og bo\u00f0or\u00f0 hans eru ekki \u00feung <a name=\"4\"><span class=\"versanumer_2007\">4<\/span><\/a> \u00fev\u00ed a\u00f0 s\u00e9rhvert barn Gu\u00f0s sigrar heiminn og tr\u00fa okkar er sigurinn, h\u00fan hefur sigra\u00f0 heiminn. <\/p>\n<h3 class=\"millifyrirsogn_2007\">Vitnisbur\u00f0ur Gu\u00f0s<\/h3>\n<p><a name=\"5\"><span class=\"versanumer_2007\">5<\/span><\/a> Hver er s\u00e1 sem sigrar heiminn nema s\u00e1 sem tr\u00fair a\u00f0 Jes\u00fas s\u00e9 sonur Gu\u00f0s? <br \/> <a name=\"6\"><span class=\"versanumer_2007\">6<\/span><\/a> Hann er s\u00e1 sem kom me\u00f0 vatni og bl\u00f3\u00f0i, Jes\u00fas Kristur. Ekki me\u00f0 vatninu eing\u00f6ngu heldur me\u00f0 vatninu og me\u00f0 bl\u00f3\u00f0inu. Og andinn er s\u00e1 sem vitnar \u00fev\u00ed a\u00f0 andinn er sannleikurinn. <a name=\"7\"><span class=\"versanumer_2007\">7<\/span><\/a> \u00der\u00edr eru \u00feeir sem vitna [\u00ed himninum: Fa\u00f0irinn, or\u00f0i\u00f0 og heilagur andi, og \u00feessir \u00fer\u00edr eru eitt. Og \u00feeir eru \u00fer\u00edr sem vitna \u00e1 j\u00f6r\u00f0unni:]<span class=\"nedan_mal\" title=\" Vantar \u00ed sum handrit.\">[<\/span> <a name=\"8\"><span class=\"versanumer_2007\">8<\/span><\/a> Andinn og vatni\u00f0 og bl\u00f3\u00f0i\u00f0 og \u00feeim \u00feremur ber saman. <a name=\"9\"><span class=\"versanumer_2007\">9<\/span><\/a> Vi\u00f0 t\u00f6kum manna vitnisbur\u00f0 gildan en vitnisbur\u00f0ur Gu\u00f0s er meiri. \u00deetta er vitnisbur\u00f0ur Gu\u00f0s sem hann hefur vitna\u00f0 um son sinn. <a name=\"10\"><span class=\"versanumer_2007\">10<\/span><\/a> S\u00e1 sem tr\u00fair \u00e1 son Gu\u00f0s hefur vitnisbur\u00f0inn innra me\u00f0 s\u00e9r. S\u00e1 sem ekki tr\u00fair Gu\u00f0i hefur gert hann a\u00f0 lygara af \u00fev\u00ed a\u00f0 hann hefur ekki tr\u00faa\u00f0 \u00e1 \u00feann vitnisbur\u00f0 sem Gu\u00f0 hefur vitna\u00f0 um son sinn. <a name=\"11\"><span class=\"versanumer_2007\">11<\/span><\/a> Og \u00feetta er vitnisbur\u00f0urinn: Gu\u00f0 hefur gefi\u00f0 okkur eil\u00edft l\u00edf og \u00feetta l\u00edf er \u00ed syni hans. <a name=\"12\"><span class=\"versanumer_2007\">12<\/span><\/a> S\u00e1 sem hefur soninn \u00e1 l\u00edfi\u00f0, s\u00e1 sem ekki \u00e1 son Gu\u00f0s \u00e1 ekki l\u00edfi\u00f0. <\/p>\n<h3 class=\"millifyrirsogn_2007\">Eil\u00edft l\u00edf<\/h3>\n<p><a name=\"13\"><span class=\"versanumer_2007\">13<\/span><\/a> \u00deetta hef \u00e9g skrifa\u00f0 ykkur sem tr\u00fai\u00f0 \u00e1 nafn Gu\u00f0s sonar til \u00feess a\u00f0 \u00fei\u00f0 viti\u00f0 a\u00f0 \u00fei\u00f0 eigi\u00f0 eil\u00edft l\u00edf. <a name=\"14\"><span class=\"versanumer_2007\">14<\/span><\/a> Og \u00feetta er trausti\u00f0 sem vi\u00f0 berum til hans: Ef vi\u00f0 bi\u00f0jum um eitthva\u00f0 eftir hans vilja, \u00fe\u00e1 heyrir hann okkur. <a name=\"15\"><span class=\"versanumer_2007\">15<\/span><\/a> Og ef vi\u00f0 vitum a\u00f0 hann b\u00e6nheyrir okkur um hva\u00f0 sem vi\u00f0 bi\u00f0jum, \u00fe\u00e1 vitum vi\u00f0 a\u00f0 vi\u00f0 h\u00f6fum \u00feegar \u00f6\u00f0last \u00fea\u00f0 sem vi\u00f0 b\u00e1\u00f0um hann um. <br \/> <a name=\"16\"><span class=\"versanumer_2007\">16<\/span><\/a> Ef einhver s\u00e9r br\u00f3\u00f0ur sinn e\u00f0a systur<span class=\"nedan_mal\" title=\" Or\u00f0r\u00e9tt: br\u00f3\u00f0ur sinn.\">[<\/span> dr\u00fdgja synd, sem lei\u00f0ir ekki til dau\u00f0a, \u00fe\u00e1 skal hann bi\u00f0ja Gu\u00f0 og hann mun gefa l\u00edf \u00feeim sem syndgar ekki til dau\u00f0a. Til er synd sem lei\u00f0ir til dau\u00f0a. Fyrir henni segi \u00e9g ekki a\u00f0 hann skuli bi\u00f0ja. <a name=\"17\"><span class=\"versanumer_2007\">17<\/span><\/a> Allt rangl\u00e6ti er synd en til er synd sem ekki lei\u00f0ir til dau\u00f0a. <br \/> <a name=\"18\"><span class=\"versanumer_2007\">18<\/span><\/a> Vi\u00f0 vitum a\u00f0 b\u00f6rn Gu\u00f0s syndga ekki, hann sem er sonur Gu\u00f0s var\u00f0veitir \u00feau og hinn vondi snertir \u00feau ekki. <br \/> <a name=\"19\"><span class=\"versanumer_2007\">19<\/span><\/a> Vi\u00f0 vitum a\u00f0 vi\u00f0 erum Gu\u00f0s eign og allur heimurinn er \u00e1 valdi hins vonda. <a name=\"20\"><span class=\"versanumer_2007\">20<\/span><\/a> Vi\u00f0 vitum a\u00f0 sonur Gu\u00f0s er kominn og hefur gefi\u00f0 okkur skilning til \u00feess a\u00f0 vi\u00f0 \u00feekkjum sannan Gu\u00f0. Vi\u00f0 lifum \u00ed hinum sanna Gu\u00f0i, \u00ed syni hans Jes\u00fa Kristi. Hann er hinn sanni Gu\u00f0 og eil\u00edfa l\u00edfi\u00f0. <br \/> <a name=\"21\"><span class=\"versanumer_2007\">21<\/span><\/a> B\u00f6rnin m\u00edn, g\u00e6ti\u00f0 ykkar \u00e1 falsgu\u00f0unum. <\/p>\n","protected":false},"excerpt":{"rendered":"<p>Sigur tr\u00faarinnar 1 Hver sem tr\u00fair a\u00f0 Jes\u00fas s\u00e9 Kristur er barn Gu\u00f0s og hver sem elskar f\u00f6\u00f0urinn elskar einnig barn hans. 2 Vi\u00f0 vitum a\u00f0 vi\u00f0 elskum b\u00f6rn Gu\u00f0s af \u00fev\u00ed a\u00f0 vi\u00f0 elskum Gu\u00f0 og breytum eftir bo\u00f0or\u00f0um hans. 3 \u00dev\u00ed a\u00f0 elskan til Gu\u00f0s birtist \u00ed a\u00f0 vi\u00f0 h\u00f6ldum bo\u00f0or\u00f0 hans. Og bo\u00f0or\u00f0 hans eru ekki \u00feung 4 \u00fev\u00ed a\u00f0 s\u00e9rhvert barn Gu\u00f0s sigrar heiminn og tr\u00fa okkar er sigurinn, h\u00fan hefur sigra\u00f0 heiminn. Vitnisbur\u00f0ur Gu\u00f0s 5 Hver er s\u00e1 sem sigrar heiminn nema s\u00e1 sem tr\u00fair a\u00f0 Jes\u00fas s\u00e9 sonur Gu\u00f0s? 6 Hann er s\u00e1 sem <a href=\"https:\/\/biblian.is\/biblian\/fyrsta-johannesarbref-5-kafli\/\"> [&#8230;]<\/a><\/p>\n","protected":false},"author":1,"featured_media":0,"parent":0,"menu_order":0,"comment_status":"open","ping_status":"open","template":"bibliukaflar_NT.php","meta":{"footnotes":""},"class_list":["post-2781","page","type-page","status-publish","hentry"],"_links":{"self":[{"href":"https:\/\/biblian.is\/biblian\/wp-json\/wp\/v2\/pages\/2781","targetHints":{"allow":["GET"]}}],"collection":[{"href":"https:\/\/biblian.is\/biblian\/wp-json\/wp\/v2\/pages"}],"about":[{"href":"https:\/\/biblian.is\/biblian\/wp-json\/wp\/v2\/types\/page"}],"author":[{"embeddable":true,"href":"https:\/\/biblian.is\/biblian\/wp-json\/wp\/v2\/users\/1"}],"replies":[{"embeddable":true,"href":"https:\/\/biblian.is\/biblian\/wp-json\/wp\/v2\/comments?post=2781"}],"version-history":[{"count":0,"href":"https:\/\/biblian.is\/biblian\/wp-json\/wp\/v2\/pages\/2781\/revisions"}],"wp:attachment":[{"href":"https:\/\/biblian.is\/biblian\/wp-json\/wp\/v2\/media?parent=2781"}],"curies":[{"name":"wp","href":"https:\/\/api.w.org\/{rel}","templated":true}]}}