{"id":2776,"date":"2017-12-30T21:04:34","date_gmt":"2017-12-30T21:04:34","guid":{"rendered":"http:\/\/biblian.is\/biblian\/s%c2%92_ara-p%c2%8etursbr%c2%8ef-3-kafli\/"},"modified":"2019-08-26T23:49:48","modified_gmt":"2019-08-26T23:49:48","slug":"sidara-petursbref-3-kafli","status":"publish","type":"page","link":"https:\/\/biblian.is\/biblian\/sidara-petursbref-3-kafli\/","title":{"rendered":"S\u00ed\u00f0ara P\u00e9tursbr\u00e9f 3. kafli"},"content":{"rendered":"<h3 class=\"millifyrirsogn_2007\"> Dagur Drottins<\/h3>\n<p><a name=\"1\"><span class=\"versanumer_2007\">1<\/span><\/a> \u00deetta er n\u00fa anna\u00f0 br\u00e9fi\u00f0 sem \u00e9g skrifa ykkur, \u00fei\u00f0 elsku\u00f0u, og \u00ed \u00feeim b\u00e1\u00f0um hef \u00e9g reynt a\u00f0 halda hinu hreina hugarfari vakandi hj\u00e1 ykkur. <a name=\"2\"><span class=\"versanumer_2007\">2<\/span><\/a> \u00dea\u00f0 reyni \u00e9g me\u00f0 \u00fev\u00ed a\u00f0 rifja upp fyrir ykkur \u00feau or\u00f0, sem heilagir sp\u00e1menn hafa \u00e1\u00f0ur tala\u00f0, og bo\u00f0or\u00f0 Drottins vors og frelsara er postular ykkar hafa flutt. <a name=\"3\"><span class=\"versanumer_2007\">3<\/span><\/a> \u00deetta skulu\u00f0 \u00fei\u00f0 \u00fe\u00e1 fyrst vita, a\u00f0 \u00e1 s\u00ed\u00f0ustu d\u00f6gum munu koma spottarar er stj\u00f3rnast af eigin girndum <a name=\"4\"><span class=\"versanumer_2007\">4<\/span><\/a> og segja me\u00f0 spotti: \u201eHva\u00f0 ver\u00f0ur \u00far fyrirheitinu um komu hans? \u00dev\u00ed a\u00f0 s\u00ed\u00f0an fe\u00f0urnir sofnu\u00f0u stendur allt vi\u00f0 hi\u00f0 sama eins og fr\u00e1 upphafi veraldar.\u201c <a name=\"5\"><span class=\"versanumer_2007\">5<\/span><\/a> Viljandi gleyma \u00feeir \u00fev\u00ed a\u00f0 himnar og j\u00f6r\u00f0 voru til for\u00f0um. Gu\u00f0 skapa\u00f0i \u00fe\u00e1 me\u00f0 or\u00f0i s\u00ednu og j\u00f6r\u00f0in reis upp \u00far vatni og hv\u00edldi \u00e1 vatni. <a name=\"6\"><span class=\"versanumer_2007\">6<\/span><\/a> \u00deess vegna gekk vatnsfl\u00f3\u00f0i\u00f0 yfir \u00feann heim sem \u00fe\u00e1 var svo a\u00f0 hann f\u00f3rst. <a name=\"7\"><span class=\"versanumer_2007\">7<\/span><\/a> Eins \u00e6tlar Gu\u00f0 me\u00f0 sama or\u00f0i a\u00f0 ey\u00f0a me\u00f0 eldi himnunum sem n\u00fa eru \u00e1samt j\u00f6r\u00f0inni. Hann mun var\u00f0veita \u00fe\u00e1 til \u00feess dags er \u00f3gu\u00f0legir menn ver\u00f0a d\u00e6mdir og tort\u00edmast. <br \/> <a name=\"8\"><span class=\"versanumer_2007\">8<\/span><\/a> En \u00feetta eitt m\u00e1 ykkur ekki gleymast, \u00fei\u00f0 elsku\u00f0u, a\u00f0 einn dagur er hj\u00e1 Drottni sem \u00fe\u00fasund \u00e1r og \u00fe\u00fasund \u00e1r sem einn dagur. <a name=\"9\"><span class=\"versanumer_2007\">9<\/span><\/a> Ekki er Drottinn seinn \u00e1 s\u00e9r me\u00f0 fyrirheiti\u00f0 \u00fe\u00f3tt sumir \u00e1l\u00edti \u00fea\u00f0 seinl\u00e6ti, heldur er hann langlyndur vi\u00f0 ykkur \u00fear e\u00f0 hann vill ekki a\u00f0 neinn glatist heldur a\u00f0 allir komist til i\u00f0runar. <br \/> <a name=\"10\"><span class=\"versanumer_2007\">10<\/span><\/a> En dagur Drottins mun koma sem \u00fej\u00f3fur og \u00fe\u00e1 munu himnarnir l\u00ed\u00f0a undir lok me\u00f0 miklum gn\u00fd, frumefnin sundurleysast \u00ed brennandi hita og j\u00f6r\u00f0in og \u00feau verk, sem \u00e1 henni eru, upp brenna. <a name=\"11\"><span class=\"versanumer_2007\">11<\/span><\/a> \u00dear e\u00f0 allt \u00feetta ferst, \u00feannig ber ykkur a\u00f0 lifa heil\u00f6gu og gu\u00f0r\u00e6kilegu l\u00edfi <a name=\"12\"><span class=\"versanumer_2007\">12<\/span><\/a> og b\u00ed\u00f0a eftir degi Gu\u00f0s og fl\u00fdta fyrir a\u00f0 hann komi. \u00de\u00e1 munu himnarnir leysast sundur \u00ed eldi og frumefnin br\u00e1\u00f0na af brennandi hita. <a name=\"13\"><span class=\"versanumer_2007\">13<\/span><\/a> En eftir fyrirheiti hans v\u00e6ntum vi\u00f0 n\u00fds himins og n\u00fdrrar jar\u00f0ar \u00fear sem r\u00e9ttl\u00e6ti b\u00fdr.<br \/> <a name=\"14\"><span class=\"versanumer_2007\">14<\/span><\/a> Me\u00f0 \u00fev\u00ed a\u00f0 \u00fei\u00f0 n\u00fa, \u00fei\u00f0 elsku\u00f0u, v\u00e6nti\u00f0 sl\u00edkra hluta, \u00fe\u00e1 kappkosti\u00f0 a\u00f0 lifa \u00ed fri\u00f0i frammi fyrir honum, flekklaus og vammlaus. <a name=\"15\"><span class=\"versanumer_2007\">15<\/span><\/a> \u00c1l\u00edti\u00f0 langlyndi Drottins vors vera hj\u00e1lpr\u00e6\u00f0islei\u00f0. \u00deetta er \u00fea\u00f0 sem hinn elska\u00f0i br\u00f3\u00f0ir okkar, P\u00e1ll, hefur rita\u00f0 ykkur eftir \u00feeirri speki sem honum er gefin. <a name=\"16\"><span class=\"versanumer_2007\">16<\/span><\/a> \u00dea\u00f0 gerir hann l\u00edka \u00ed \u00f6llum br\u00e9fum s\u00ednum \u00feegar hann talar um \u00feetta. En \u00ed \u00feeim er sumt \u00feungskili\u00f0 er f\u00e1fr\u00f3\u00f0ir og sta\u00f0festulausir menn rangt\u00falka, eins og a\u00f0rar ritningar, sj\u00e1lfum s\u00e9r til tort\u00edmingar. <br \/> <a name=\"17\"><span class=\"versanumer_2007\">17<\/span><\/a> Fyrst \u00fei\u00f0 viti\u00f0 \u00feetta fyrir fram, \u00fei\u00f0 elsku\u00f0u, \u00fe\u00e1 hafi\u00f0 g\u00e1t \u00e1 ykkur a\u00f0 \u00fei\u00f0 l\u00e1ti\u00f0 eigi dragast me\u00f0 af villu \u00feverbrotinna manna og falli\u00f0 fr\u00e1 sta\u00f0festu ykkar. <a name=\"18\"><span class=\"versanumer_2007\">18<\/span><\/a> Vaxi\u00f0 \u00ed n\u00e1\u00f0 og \u00feekkingu Drottins vors og frelsara Jes\u00fa Krists. Honum s\u00e9 d\u00fdr\u00f0in n\u00fa og til eil\u00edf\u00f0ardags. Amen. <\/p>\n","protected":false},"excerpt":{"rendered":"<p>Dagur Drottins 1 \u00deetta er n\u00fa anna\u00f0 br\u00e9fi\u00f0 sem \u00e9g skrifa ykkur, \u00fei\u00f0 elsku\u00f0u, og \u00ed \u00feeim b\u00e1\u00f0um hef \u00e9g reynt a\u00f0 halda hinu hreina hugarfari vakandi hj\u00e1 ykkur. 2 \u00dea\u00f0 reyni \u00e9g me\u00f0 \u00fev\u00ed a\u00f0 rifja upp fyrir ykkur \u00feau or\u00f0, sem heilagir sp\u00e1menn hafa \u00e1\u00f0ur tala\u00f0, og bo\u00f0or\u00f0 Drottins vors og frelsara er postular ykkar hafa flutt. 3 \u00deetta skulu\u00f0 \u00fei\u00f0 \u00fe\u00e1 fyrst vita, a\u00f0 \u00e1 s\u00ed\u00f0ustu d\u00f6gum munu koma spottarar er stj\u00f3rnast af eigin girndum 4 og segja me\u00f0 spotti: \u201eHva\u00f0 ver\u00f0ur \u00far fyrirheitinu um komu hans? \u00dev\u00ed a\u00f0 s\u00ed\u00f0an fe\u00f0urnir sofnu\u00f0u stendur allt vi\u00f0 hi\u00f0 sama <a href=\"https:\/\/biblian.is\/biblian\/sidara-petursbref-3-kafli\/\"> [&#8230;]<\/a><\/p>\n","protected":false},"author":1,"featured_media":0,"parent":0,"menu_order":0,"comment_status":"open","ping_status":"open","template":"bibliukaflar_NT.php","meta":{"footnotes":""},"class_list":["post-2776","page","type-page","status-publish","hentry"],"_links":{"self":[{"href":"https:\/\/biblian.is\/biblian\/wp-json\/wp\/v2\/pages\/2776","targetHints":{"allow":["GET"]}}],"collection":[{"href":"https:\/\/biblian.is\/biblian\/wp-json\/wp\/v2\/pages"}],"about":[{"href":"https:\/\/biblian.is\/biblian\/wp-json\/wp\/v2\/types\/page"}],"author":[{"embeddable":true,"href":"https:\/\/biblian.is\/biblian\/wp-json\/wp\/v2\/users\/1"}],"replies":[{"embeddable":true,"href":"https:\/\/biblian.is\/biblian\/wp-json\/wp\/v2\/comments?post=2776"}],"version-history":[{"count":0,"href":"https:\/\/biblian.is\/biblian\/wp-json\/wp\/v2\/pages\/2776\/revisions"}],"wp:attachment":[{"href":"https:\/\/biblian.is\/biblian\/wp-json\/wp\/v2\/media?parent=2776"}],"curies":[{"name":"wp","href":"https:\/\/api.w.org\/{rel}","templated":true}]}}