{"id":2774,"date":"2017-12-30T21:04:34","date_gmt":"2017-12-30T21:04:34","guid":{"rendered":"http:\/\/biblian.is\/biblian\/s%c2%92_ara-p%c2%8etursbr%c2%8ef-1-kafli\/"},"modified":"2019-08-26T23:49:48","modified_gmt":"2019-08-26T23:49:48","slug":"sidara-petursbref-1-kafli","status":"publish","type":"page","link":"https:\/\/biblian.is\/biblian\/sidara-petursbref-1-kafli\/","title":{"rendered":"S\u00ed\u00f0ara P\u00e9tursbr\u00e9f 1. kafli"},"content":{"rendered":"<h3 class=\"millifyrirsogn_2007\"> Kve\u00f0ja<\/h3>\n<p><a name=\"1\"><span class=\"versanumer_2007\">1<\/span><\/a> S\u00edmon P\u00e9tur, \u00fej\u00f3nn og postuli Jes\u00fa Krists, heilsar \u00feeim sem Gu\u00f0 vor og frelsari Jes\u00fas Kristur hefur \u00ed r\u00e9ttl\u00e6ti s\u00ednu gefi\u00f0 s\u00f6mu d\u00fdrm\u00e6tu tr\u00fa og m\u00e9r.<br \/> <a name=\"2\"><span class=\"versanumer_2007\">2<\/span><\/a> N\u00e1\u00f0 og fri\u00f0ur margfaldist me\u00f0 y\u00f0ur me\u00f0 \u00feekkingu \u00e1 Gu\u00f0i og Jes\u00fa, Drottni vorum.<\/p>\n<h3 class=\"millifyrirsogn_2007\">Hluttakendur \u00ed gu\u00f0legu e\u00f0li<\/h3>\n<p><a name=\"3\"><span class=\"versanumer_2007\">3<\/span><\/a> Me\u00f0 gu\u00f0legum m\u00e6tti s\u00ednum hefur Jes\u00fas Kristur gefi\u00f0 okkur allt sem \u00fearf til l\u00edfs \u00ed gu\u00f0r\u00e6kilegri breytni, me\u00f0 \u00feekkingunni \u00e1 honum sem hefur kalla\u00f0 okkur me\u00f0 d\u00fdr\u00f0 sinni og d\u00e1\u00f0.<span class=\"nedan_mal\" title=\" Annar lesh\u00e1ttur: til hlutdeildar \u00ed d\u00fdr\u00f0 sinni og d\u00e1\u00f0.\">[<\/span> <a name=\"4\"><span class=\"versanumer_2007\">4<\/span><\/a> Me\u00f0 \u00fev\u00ed hefur hann veitt okkur d\u00fdrm\u00e6t og h\u00e1leit fyrirheit sem fela \u00ed s\u00e9r a\u00f0 \u00fei\u00f0 komist undan spillingunni \u00ed heiminum sem girndin veldur og ver\u00f0i\u00f0 hluttakendur \u00ed gu\u00f0legu e\u00f0li. <a name=\"5\"><span class=\"versanumer_2007\">5<\/span><\/a> Leggi\u00f0 \u00feess vegna alla stund \u00e1 a\u00f0 s\u00fdna \u00ed tr\u00fa ykkar dyg\u00f0 og \u00ed dyg\u00f0inni \u00feekkingu, <a name=\"6\"><span class=\"versanumer_2007\">6<\/span><\/a> \u00ed \u00feekkingunni sj\u00e1lfsaga, \u00ed sj\u00e1lfsaganum \u00feolg\u00e6\u00f0i, \u00ed \u00feolg\u00e6\u00f0inu gu\u00f0r\u00e6kni, <a name=\"7\"><span class=\"versanumer_2007\">7<\/span><\/a> \u00ed gu\u00f0r\u00e6kninni br\u00f3\u00f0urelsku og \u00ed br\u00f3\u00f0urelskunni k\u00e6rleika. <a name=\"8\"><span class=\"versanumer_2007\">8<\/span><\/a> Ef \u00fei\u00f0 hafi\u00f0 \u00feetta til a\u00f0 bera og vaxi\u00f0 \u00ed \u00fev\u00ed ver\u00f0i\u00f0 \u00fei\u00f0 hvorki i\u00f0julaus n\u00e9 mun \u00feekking ykkar \u00e1 Drottni vorum Jes\u00fa Kristi reynast d\u00e1\u00f0laus og \u00e1vaxtalaus. <a name=\"9\"><span class=\"versanumer_2007\">9<\/span><\/a> En s\u00e1 sem ekki hefur \u00feetta til a\u00f0 bera er blindur \u00ed skamms\u00fdni sinni og hefur misst sj\u00f3nar \u00e1 a\u00f0 hann hafi veri\u00f0 hreinsa\u00f0ur af fyrri syndum s\u00ednum.<br \/> <a name=\"10\"><span class=\"versanumer_2007\">10<\/span><\/a> Kosti\u00f0 \u00feess vegna fremur kapps um, systkin,<span class=\"nedan_mal\" title=\" Or\u00f0r\u00e9tt: br\u00e6\u00f0ur.\">[<\/span> a\u00f0 gera k\u00f6llun ykkar og \u00fatvalning vissa. Ef \u00fei\u00f0 geri\u00f0 \u00fea\u00f0 munu\u00f0 \u00fei\u00f0 aldrei hrasa. <a name=\"11\"><span class=\"versanumer_2007\">11<\/span><\/a> \u00de\u00e1 mun ykkur r\u00edkulega veitast inngangur \u00ed hi\u00f0 eil\u00edfa r\u00edki Drottins vors og frelsara Jes\u00fa Krists. <br \/> <a name=\"12\"><span class=\"versanumer_2007\">12<\/span><\/a> \u00deess vegna \u00e6tla \u00e9g m\u00e9r \u00e1vallt a\u00f0 minna ykkur \u00e1 \u00feetta enda \u00fe\u00f3tt \u00fei\u00f0 viti\u00f0 \u00fea\u00f0 og hviki\u00f0 ekki fr\u00e1 sannleikanum sem \u00fei\u00f0 n\u00fa hafi\u00f0 \u00f6\u00f0last. <a name=\"13\"><span class=\"versanumer_2007\">13<\/span><\/a> \u00c9g \u00e1l\u00edt m\u00e9r l\u00edka skylt, \u00e1 me\u00f0an \u00e9g er \u00ed \u00feessari tjaldb\u00fa\u00f0, a\u00f0 halda ykkur vakandi me\u00f0 \u00fev\u00ed a\u00f0 rifja \u00feetta upp fyrir ykkur. <a name=\"14\"><span class=\"versanumer_2007\">14<\/span><\/a> \u00c9g veit a\u00f0 \u00feess mun skammt a\u00f0 b\u00ed\u00f0a a\u00f0 tjaldb\u00fa\u00f0 minni ver\u00f0i svipt. \u00dea\u00f0 hefur Drottinn vor Jes\u00fas Kristur birt m\u00e9r. <a name=\"15\"><span class=\"versanumer_2007\">15<\/span><\/a> \u00c9g vil einnig leggja kapp \u00e1 a\u00f0 \u00fei\u00f0 \u00e6t\u00ed\u00f0 eftir burtf\u00f6r m\u00edna geti\u00f0 minnst \u00feessa. <\/p>\n<h3 class=\"millifyrirsogn_2007\">Sj\u00f3narvottar a\u00f0 h\u00e1tign hans<\/h3>\n<p><a name=\"16\"><span class=\"versanumer_2007\">16<\/span><\/a> Ekki nota\u00f0i \u00e9g uppspunnar skr\u00f6ks\u00f6gur er \u00e9g kunngj\u00f6r\u00f0i ykkur m\u00e1tt og komu Drottins vors Jes\u00fa Krists heldur haf\u00f0i \u00e9g veri\u00f0 sj\u00f3narvottur a\u00f0 h\u00e1tign hans. <a name=\"17\"><span class=\"versanumer_2007\">17<\/span><\/a> \u00dev\u00ed hann me\u00f0t\u00f3k af Gu\u00f0i f\u00f6\u00f0ur hei\u00f0ur og d\u00fdr\u00f0 \u00fe\u00e1 er raust barst honum fr\u00e1 hinni d\u00fdrlegu h\u00e1tign: \u201e\u00deessi er minn elska\u00f0i sonur sem \u00e9g hef vel\u00fe\u00f3knun \u00e1.\u201c <a name=\"18\"><span class=\"versanumer_2007\">18<\/span><\/a> \u00deessa raust heyr\u00f0i \u00e9g sj\u00e1lfur koma fr\u00e1 himni \u00fe\u00e1 er \u00e9g var me\u00f0 honum \u00e1 fjallinu helga. <br \/> <a name=\"19\"><span class=\"versanumer_2007\">19<\/span><\/a> N\u00fa getum vi\u00f0 enn betur treyst or\u00f0i sp\u00e1mannanna. \u00dea\u00f0 er r\u00e9tt af ykkur a\u00f0 gefa gaum a\u00f0 \u00fev\u00ed eins og lj\u00f3si sem sk\u00edn \u00e1 myrkum sta\u00f0 \u00feanga\u00f0 til dagur lj\u00f3mar og morgunstjarnan rennur upp \u00ed hj\u00f6rtum ykkar. <a name=\"20\"><span class=\"versanumer_2007\">20<\/span><\/a> Viti\u00f0 \u00fea\u00f0 umfram allt a\u00f0 enginn \u00fe\u00fd\u00f0ir neinn sp\u00e1d\u00f3m Ritningarinnar af sj\u00e1lfum s\u00e9r. <a name=\"21\"><span class=\"versanumer_2007\">21<\/span><\/a> \u00dev\u00ed a\u00f0 aldrei var nokkur sp\u00e1d\u00f3mur borinn fram a\u00f0 vilja manns heldur t\u00f6lu\u00f0u menn or\u00f0 fr\u00e1 Gu\u00f0i, kn\u00fa\u00f0ir af heil\u00f6gum anda. <\/p>\n","protected":false},"excerpt":{"rendered":"<p>Kve\u00f0ja 1 S\u00edmon P\u00e9tur, \u00fej\u00f3nn og postuli Jes\u00fa Krists, heilsar \u00feeim sem Gu\u00f0 vor og frelsari Jes\u00fas Kristur hefur \u00ed r\u00e9ttl\u00e6ti s\u00ednu gefi\u00f0 s\u00f6mu d\u00fdrm\u00e6tu tr\u00fa og m\u00e9r. 2 N\u00e1\u00f0 og fri\u00f0ur margfaldist me\u00f0 y\u00f0ur me\u00f0 \u00feekkingu \u00e1 Gu\u00f0i og Jes\u00fa, Drottni vorum. Hluttakendur \u00ed gu\u00f0legu e\u00f0li 3 Me\u00f0 gu\u00f0legum m\u00e6tti s\u00ednum hefur Jes\u00fas Kristur gefi\u00f0 okkur allt sem \u00fearf til l\u00edfs \u00ed gu\u00f0r\u00e6kilegri breytni, me\u00f0 \u00feekkingunni \u00e1 honum sem hefur kalla\u00f0 okkur me\u00f0 d\u00fdr\u00f0 sinni og d\u00e1\u00f0.[ 4 Me\u00f0 \u00fev\u00ed hefur hann veitt okkur d\u00fdrm\u00e6t og h\u00e1leit fyrirheit sem fela \u00ed s\u00e9r a\u00f0 \u00fei\u00f0 komist undan spillingunni \u00ed heiminum <a href=\"https:\/\/biblian.is\/biblian\/sidara-petursbref-1-kafli\/\"> [&#8230;]<\/a><\/p>\n","protected":false},"author":1,"featured_media":0,"parent":0,"menu_order":0,"comment_status":"open","ping_status":"open","template":"bibliukaflar_NT.php","meta":{"footnotes":""},"class_list":["post-2774","page","type-page","status-publish","hentry"],"_links":{"self":[{"href":"https:\/\/biblian.is\/biblian\/wp-json\/wp\/v2\/pages\/2774","targetHints":{"allow":["GET"]}}],"collection":[{"href":"https:\/\/biblian.is\/biblian\/wp-json\/wp\/v2\/pages"}],"about":[{"href":"https:\/\/biblian.is\/biblian\/wp-json\/wp\/v2\/types\/page"}],"author":[{"embeddable":true,"href":"https:\/\/biblian.is\/biblian\/wp-json\/wp\/v2\/users\/1"}],"replies":[{"embeddable":true,"href":"https:\/\/biblian.is\/biblian\/wp-json\/wp\/v2\/comments?post=2774"}],"version-history":[{"count":0,"href":"https:\/\/biblian.is\/biblian\/wp-json\/wp\/v2\/pages\/2774\/revisions"}],"wp:attachment":[{"href":"https:\/\/biblian.is\/biblian\/wp-json\/wp\/v2\/media?parent=2774"}],"curies":[{"name":"wp","href":"https:\/\/api.w.org\/{rel}","templated":true}]}}