{"id":2773,"date":"2017-12-30T21:04:34","date_gmt":"2017-12-30T21:04:34","guid":{"rendered":"http:\/\/biblian.is\/biblian\/fyrra-p%c2%8etursbr%c2%8ef-5-kafli\/"},"modified":"2019-08-26T23:49:48","modified_gmt":"2019-08-26T23:49:48","slug":"fyrra-petursbref-5-kafli","status":"publish","type":"page","link":"https:\/\/biblian.is\/biblian\/fyrra-petursbref-5-kafli\/","title":{"rendered":"Fyrra P\u00e9tursbr\u00e9f 5. kafli"},"content":{"rendered":"<h3 class=\"millifyrirsogn_2007\"> Veri\u00f0 alg\u00e1\u00f0<\/h3>\n<p><a name=\"1\"><span class=\"versanumer_2007\">1<\/span><\/a> \u00d6ldungana ykkar \u00e1 me\u00f0al hvet \u00e9g sem einnig er \u00f6ldungur og vottur p\u00edsla Krists og einnig \u00e1 hlutdeild \u00ed \u00feeirri d\u00fdr\u00f0 sem mun opinberast: <a name=\"2\"><span class=\"versanumer_2007\">2<\/span><\/a> Veri\u00f0 hir\u00f0ar \u00feeirrar hjar\u00f0ar sem Gu\u00f0 hefur fali\u00f0 ykkur. G\u00e6ti\u00f0 hennar ekki nau\u00f0ugir heldur af f\u00fasu ge\u00f0i eins og Gu\u00f0 vill, ekki af gr\u00f3\u00f0af\u00edkn heldur f\u00faslega. <a name=\"3\"><span class=\"versanumer_2007\">3<\/span><\/a> \u00dei\u00f0 skulu\u00f0 ekki drottna yfir s\u00f6fnu\u00f0unum heldur vera fyrirmynd hjar\u00f0arinnar. <a name=\"4\"><span class=\"versanumer_2007\">4<\/span><\/a> \u00deegar hinn \u00e6\u00f0sti hir\u00f0ir birtist munu\u00f0 \u00fei\u00f0 \u00f6\u00f0last \u00feann d\u00fdr\u00f0arsveig sem aldrei f\u00f6lnar. <br \/> <a name=\"5\"><span class=\"versanumer_2007\">5<\/span><\/a> Og \u00fei\u00f0 sem yngri eru\u00f0, veri\u00f0 \u00f6ldungunum hl\u00fd\u00f0in og \u00f6ll l\u00edtill\u00e1t hvert gagnvart \u00f6\u00f0ru \u00fev\u00ed a\u00f0 \u201eGu\u00f0 stendur gegn drambl\u00e1tum en au\u00f0mj\u00fakum veitir hann n\u00e1\u00f0\u201c. <a name=\"6\"><span class=\"versanumer_2007\">6<\/span><\/a> Beygi\u00f0 ykkur \u00fev\u00ed undir Gu\u00f0s voldugu h\u00f6nd til \u00feess a\u00f0 hann upphefji ykkur \u00e1 s\u00ednum t\u00edma. <a name=\"7\"><span class=\"versanumer_2007\">7<\/span><\/a> Varpi\u00f0 allri \u00e1hyggju ykkar \u00e1 hann \u00fev\u00ed a\u00f0 hann ber umhyggju fyrir ykkur. <br \/> <a name=\"8\"><span class=\"versanumer_2007\">8<\/span><\/a> Veri\u00f0 alg\u00e1\u00f0, vaki\u00f0. \u00d3vinur ykkar, dj\u00f6fullinn, gengur um sem \u00f6skrandi lj\u00f3n, leitandi a\u00f0 \u00feeim sem hann getur tort\u00edmt. <a name=\"9\"><span class=\"versanumer_2007\">9<\/span><\/a> Standi\u00f0 gegn honum st\u00f6\u00f0ug \u00ed tr\u00fanni og viti\u00f0 a\u00f0 br\u00e6\u00f0ur ykkar og systur<span class=\"nedan_mal\" title=\" Or\u00f0r\u00e9tt: br\u00e6\u00f0ur ykkar.\">[<\/span> um allan heim ver\u00f0a fyrir s\u00f6mu \u00fej\u00e1ningum. <a name=\"10\"><span class=\"versanumer_2007\">10<\/span><\/a> En er \u00fei\u00f0 hafi\u00f0 \u00fej\u00e1\u00f0st um l\u00edtinn t\u00edma mun Gu\u00f0, sem veitir alla n\u00e1\u00f0 og hefur \u00ed Kristi kalla\u00f0 ykkur til sinnar eil\u00edfu d\u00fdr\u00f0ar, sj\u00e1lfur fullkomna ykkur, styrkja og gera ykkur \u00f6flug. <a name=\"11\"><span class=\"versanumer_2007\">11<\/span><\/a> Hans er m\u00e1tturinn um aldir alda. Amen. <\/p>\n<h3 class=\"millifyrirsogn_2007\">Kve\u00f0jur<\/h3>\n<p><a name=\"12\"><span class=\"versanumer_2007\">12<\/span><\/a> \u00c9g hef l\u00e1ti\u00f0 Silvanus, sem er tr\u00far br\u00f3\u00f0ir \u00ed m\u00ednum augum, skrifa \u00feetta stutta br\u00e9f til \u00feess a\u00f0 hvetja ykkur og vitna h\u00e1t\u00ed\u00f0lega a\u00f0 \u00feetta er hin sanna n\u00e1\u00f0 Gu\u00f0s. Standi\u00f0 st\u00f6\u00f0ug \u00ed henni. <br \/> <a name=\"13\"><span class=\"versanumer_2007\">13<\/span><\/a> S\u00f6fnu\u00f0urinn \u00ed Bab\u00fdlon,<span class=\"nedan_mal\" title=\" Sennilega er h\u00e9r \u00e1tt vi\u00f0 R\u00f3m, sbr. Opb 14\u201318.\">[<\/span> \u00fatvalinn eins og \u00fei\u00f0, og Mark\u00fas, sonur minn, heilsa ykkur. <a name=\"14\"><span class=\"versanumer_2007\">14<\/span><\/a> Heilsi\u00f0 hvert \u00f6\u00f0ru me\u00f0 k\u00e6rleikskossi. <br \/>Fri\u00f0ur s\u00e9 me\u00f0 y\u00f0ur \u00f6llum sem eru\u00f0 \u00ed Kristi. <\/p>\n","protected":false},"excerpt":{"rendered":"<p>Veri\u00f0 alg\u00e1\u00f0 1 \u00d6ldungana ykkar \u00e1 me\u00f0al hvet \u00e9g sem einnig er \u00f6ldungur og vottur p\u00edsla Krists og einnig \u00e1 hlutdeild \u00ed \u00feeirri d\u00fdr\u00f0 sem mun opinberast: 2 Veri\u00f0 hir\u00f0ar \u00feeirrar hjar\u00f0ar sem Gu\u00f0 hefur fali\u00f0 ykkur. G\u00e6ti\u00f0 hennar ekki nau\u00f0ugir heldur af f\u00fasu ge\u00f0i eins og Gu\u00f0 vill, ekki af gr\u00f3\u00f0af\u00edkn heldur f\u00faslega. 3 \u00dei\u00f0 skulu\u00f0 ekki drottna yfir s\u00f6fnu\u00f0unum heldur vera fyrirmynd hjar\u00f0arinnar. 4 \u00deegar hinn \u00e6\u00f0sti hir\u00f0ir birtist munu\u00f0 \u00fei\u00f0 \u00f6\u00f0last \u00feann d\u00fdr\u00f0arsveig sem aldrei f\u00f6lnar. 5 Og \u00fei\u00f0 sem yngri eru\u00f0, veri\u00f0 \u00f6ldungunum hl\u00fd\u00f0in og \u00f6ll l\u00edtill\u00e1t hvert gagnvart \u00f6\u00f0ru \u00fev\u00ed a\u00f0 \u201eGu\u00f0 stendur gegn drambl\u00e1tum <a href=\"https:\/\/biblian.is\/biblian\/fyrra-petursbref-5-kafli\/\"> [&#8230;]<\/a><\/p>\n","protected":false},"author":1,"featured_media":0,"parent":0,"menu_order":0,"comment_status":"open","ping_status":"open","template":"bibliukaflar_NT.php","meta":{"footnotes":""},"class_list":["post-2773","page","type-page","status-publish","hentry"],"_links":{"self":[{"href":"https:\/\/biblian.is\/biblian\/wp-json\/wp\/v2\/pages\/2773","targetHints":{"allow":["GET"]}}],"collection":[{"href":"https:\/\/biblian.is\/biblian\/wp-json\/wp\/v2\/pages"}],"about":[{"href":"https:\/\/biblian.is\/biblian\/wp-json\/wp\/v2\/types\/page"}],"author":[{"embeddable":true,"href":"https:\/\/biblian.is\/biblian\/wp-json\/wp\/v2\/users\/1"}],"replies":[{"embeddable":true,"href":"https:\/\/biblian.is\/biblian\/wp-json\/wp\/v2\/comments?post=2773"}],"version-history":[{"count":0,"href":"https:\/\/biblian.is\/biblian\/wp-json\/wp\/v2\/pages\/2773\/revisions"}],"wp:attachment":[{"href":"https:\/\/biblian.is\/biblian\/wp-json\/wp\/v2\/media?parent=2773"}],"curies":[{"name":"wp","href":"https:\/\/api.w.org\/{rel}","templated":true}]}}