{"id":2766,"date":"2017-12-30T21:04:34","date_gmt":"2017-12-30T21:04:34","guid":{"rendered":"http:\/\/biblian.is\/biblian\/jakobsbr%c2%8efi_-3-kafli\/"},"modified":"2019-08-26T23:48:19","modified_gmt":"2019-08-26T23:48:19","slug":"jakobsbrefid-3-kafli","status":"publish","type":"page","link":"https:\/\/biblian.is\/biblian\/jakobsbrefid-3-kafli\/","title":{"rendered":"Jakobsbr\u00e9fi\u00f0 3. kafli"},"content":{"rendered":"<h3 class=\"millifyrirsogn_2007\"> A\u00f0 st\u00fdra tungu sinni<\/h3>\n<p><a name=\"1\"><span class=\"versanumer_2007\">1<\/span><\/a> Ver\u00f0i\u00f0 eigi m\u00f6rg kennarar, br\u00e6\u00f0ur m\u00ednir og systur.<span class=\"nedan_mal\" title=\" Or\u00f0r\u00e9tt: br\u00e6\u00f0ur m\u00ednir.\">[<\/span> \u00dei\u00f0 viti\u00f0 a\u00f0 vi\u00f0 munum f\u00e1 \u00feyngri d\u00f3m. <a name=\"2\"><span class=\"versanumer_2007\">2<\/span><\/a> \u00d6ll hr\u00f6sum vi\u00f0 margv\u00edslega. Hrasi einhver ekki \u00ed or\u00f0i \u00fe\u00e1 er hann ma\u00f0ur fullkominn, f\u00e6r um a\u00f0 hafa stj\u00f3rn \u00e1 \u00f6llum l\u00edkama s\u00ednum. <a name=\"3\"><span class=\"versanumer_2007\">3<\/span><\/a> Ef vi\u00f0 leggjum hestunum beisli \u00ed munn til \u00feess a\u00f0 \u00feeir hl\u00fd\u00f0i okkur, \u00fe\u00e1 getum vi\u00f0 st\u00fdrt \u00f6llum l\u00edkama \u00feeirra. <a name=\"4\"><span class=\"versanumer_2007\">4<\/span><\/a> Sj\u00e1i\u00f0 einnig skipin, svo st\u00f3r sem \u00feau eru og rekin af h\u00f6r\u00f0um vindum. \u00deeim ver\u00f0ur st\u00fdrt me\u00f0 mj\u00f6g litlu st\u00fdri, hvert sem st\u00fdrima\u00f0urinn vill. <a name=\"5\"><span class=\"versanumer_2007\">5<\/span><\/a> \u00deannig er einnig tungan l\u00edtill limur en l\u00e6tur miki\u00f0 yfir s\u00e9r. <br \/>Sj\u00e1i\u00f0 hversu l\u00edtill neisti getur kveikt \u00ed miklum sk\u00f3gi. <a name=\"6\"><span class=\"versanumer_2007\">6<\/span><\/a> Tungan er l\u00edka eldur. Tungan er rangl\u00e6tisheimur me\u00f0al lima okkar. H\u00fan flekkar allan manninn og kveikir \u00ed allri tilveru hans en er sj\u00e1lf tendru\u00f0 af helv\u00edti. <a name=\"7\"><span class=\"versanumer_2007\">7<\/span><\/a> Allar tegundir d\u00fdra og fugla, skri\u00f0kvikindi og sj\u00e1vard\u00fdr m\u00e1 temja og hafa mennirnir tami\u00f0 <a name=\"8\"><span class=\"versanumer_2007\">8<\/span><\/a> en tunguna getur enginn ma\u00f0ur tami\u00f0, \u00feessa \u00f3hemju sem er full af banv\u00e6nu eitri. <a name=\"9\"><span class=\"versanumer_2007\">9<\/span><\/a> Me\u00f0 henni vegs\u00f6mum vi\u00f0 Drottin okkar og f\u00f6\u00f0ur og me\u00f0 henni form\u00e6lum vi\u00f0 m\u00f6nnum sem skapa\u00f0ir eru \u00ed l\u00edkingu Gu\u00f0s. <a name=\"10\"><span class=\"versanumer_2007\">10<\/span><\/a> Af sama munni gengur fram blessun og b\u00f6lvun. \u00deetta m\u00e1 ekki svo vera, br\u00e6\u00f0ur m\u00ednir og systur.<span class=\"nedan_mal\" title=\" Or\u00f0r\u00e9tt: br\u00e6\u00f0ur m\u00ednir.\">[<\/span> <a name=\"11\"><span class=\"versanumer_2007\">11<\/span><\/a> Gefur sama lindin b\u00e6\u00f0i ferskt og beiskt vatn? <a name=\"12\"><span class=\"versanumer_2007\">12<\/span><\/a> Mun f\u00edkjutr\u00e9, br\u00e6\u00f0ur m\u00ednir og systur,<span class=\"nedan_mal\" title=\" Or\u00f0r\u00e9tt: br\u00e6\u00f0ur.\">[<\/span> geta gefi\u00f0 af s\u00e9r \u00f3l\u00edfur e\u00f0a v\u00ednvi\u00f0ur f\u00edkjur? Eigi getur heldur saltur brunnur gefi\u00f0 ferskt vatn. <\/p>\n<h3 class=\"millifyrirsogn_2007\">Spekin a\u00f0 ofan<\/h3>\n<p><a name=\"13\"><span class=\"versanumer_2007\">13<\/span><\/a> Hver er vitur og skynsamur \u00e1 me\u00f0al ykkar? Hann s\u00fdni \u00fea\u00f0 me\u00f0 \u00fev\u00ed a\u00f0 vera h\u00f3gl\u00e1tur og vitur \u00ed allri breytni sinni. <a name=\"14\"><span class=\"versanumer_2007\">14<\/span><\/a> En ef beiskur ofsi og eigingirni b\u00fdr \u00ed hjarta ykkar, \u00fe\u00e1 st\u00e6ri\u00f0 ykkur ekki og lj\u00fagi\u00f0 ekki. <a name=\"15\"><span class=\"versanumer_2007\">15<\/span><\/a> S\u00fa speki kemur ekki a\u00f0 ofan heldur er h\u00fan jar\u00f0nesk, andlaus, dj\u00f6fulleg. <a name=\"16\"><span class=\"versanumer_2007\">16<\/span><\/a> \u00dev\u00ed hvar sem ofsi og eigingirni er, \u00fear er \u00f3stj\u00f3rn og hvers kyns spilling. <a name=\"17\"><span class=\"versanumer_2007\">17<\/span><\/a> En s\u00fa speki sem a\u00f0 ofan er, h\u00fan er \u00ed fyrsta lagi hrein, \u00fev\u00ed n\u00e6st fri\u00f0s\u00f6m, lj\u00fafleg, s\u00e1ttgj\u00f6rn, full miskunnar og g\u00f3\u00f0ra \u00e1vaxta, \u00f3hlutdr\u00e6g, hr\u00e6snislaus. <a name=\"18\"><span class=\"versanumer_2007\">18<\/span><\/a> En fri\u00f0flytjendur uppskera r\u00e9ttl\u00e6ti og fri\u00f0. <\/p>\n","protected":false},"excerpt":{"rendered":"<p>A\u00f0 st\u00fdra tungu sinni 1 Ver\u00f0i\u00f0 eigi m\u00f6rg kennarar, br\u00e6\u00f0ur m\u00ednir og systur.[ \u00dei\u00f0 viti\u00f0 a\u00f0 vi\u00f0 munum f\u00e1 \u00feyngri d\u00f3m. 2 \u00d6ll hr\u00f6sum vi\u00f0 margv\u00edslega. Hrasi einhver ekki \u00ed or\u00f0i \u00fe\u00e1 er hann ma\u00f0ur fullkominn, f\u00e6r um a\u00f0 hafa stj\u00f3rn \u00e1 \u00f6llum l\u00edkama s\u00ednum. 3 Ef vi\u00f0 leggjum hestunum beisli \u00ed munn til \u00feess a\u00f0 \u00feeir hl\u00fd\u00f0i okkur, \u00fe\u00e1 getum vi\u00f0 st\u00fdrt \u00f6llum l\u00edkama \u00feeirra. 4 Sj\u00e1i\u00f0 einnig skipin, svo st\u00f3r sem \u00feau eru og rekin af h\u00f6r\u00f0um vindum. \u00deeim ver\u00f0ur st\u00fdrt me\u00f0 mj\u00f6g litlu st\u00fdri, hvert sem st\u00fdrima\u00f0urinn vill. 5 \u00deannig er einnig tungan l\u00edtill limur en l\u00e6tur <a href=\"https:\/\/biblian.is\/biblian\/jakobsbrefid-3-kafli\/\"> [&#8230;]<\/a><\/p>\n","protected":false},"author":1,"featured_media":0,"parent":0,"menu_order":0,"comment_status":"open","ping_status":"open","template":"bibliukaflar_NT.php","meta":{"footnotes":""},"class_list":["post-2766","page","type-page","status-publish","hentry"],"_links":{"self":[{"href":"https:\/\/biblian.is\/biblian\/wp-json\/wp\/v2\/pages\/2766","targetHints":{"allow":["GET"]}}],"collection":[{"href":"https:\/\/biblian.is\/biblian\/wp-json\/wp\/v2\/pages"}],"about":[{"href":"https:\/\/biblian.is\/biblian\/wp-json\/wp\/v2\/types\/page"}],"author":[{"embeddable":true,"href":"https:\/\/biblian.is\/biblian\/wp-json\/wp\/v2\/users\/1"}],"replies":[{"embeddable":true,"href":"https:\/\/biblian.is\/biblian\/wp-json\/wp\/v2\/comments?post=2766"}],"version-history":[{"count":0,"href":"https:\/\/biblian.is\/biblian\/wp-json\/wp\/v2\/pages\/2766\/revisions"}],"wp:attachment":[{"href":"https:\/\/biblian.is\/biblian\/wp-json\/wp\/v2\/media?parent=2766"}],"curies":[{"name":"wp","href":"https:\/\/api.w.org\/{rel}","templated":true}]}}