{"id":2756,"date":"2017-12-30T21:04:29","date_gmt":"2017-12-30T21:04:29","guid":{"rendered":"http:\/\/biblian.is\/biblian\/hebreabr%c2%8efi_-6-kafli\/"},"modified":"2019-08-27T00:15:37","modified_gmt":"2019-08-27T00:15:37","slug":"hebreabrefid-6-kafli","status":"publish","type":"page","link":"https:\/\/biblian.is\/biblian\/hebreabrefid-6-kafli\/","title":{"rendered":"Hebreabr\u00e9fi\u00f0 6. kafli"},"content":{"rendered":"<p><a name=\"1\"><span class=\"versanumer_2007\">1<\/span><\/a> \u00deess vegna skulum vi\u00f0 sleppa byrjendafr\u00e6\u00f0slunni um Krist og sn\u00faa okkur a\u00f0 fr\u00e6\u00f0slunni fyrir lengra komna. Vi\u00f0 f\u00f6rum ekki a\u00f0 byrja aftur \u00e1 undirst\u00f6\u00f0uatri\u00f0um eins og a\u00f0 tr\u00faa \u00e1 Gu\u00f0 og hverfa fr\u00e1 breytni sem lei\u00f0ir til dau\u00f0a, <a name=\"2\"><span class=\"versanumer_2007\">2<\/span><\/a> kenningunni um sk\u00edrnir<span class=\"nedan_mal\" title=\" Or\u00f0r\u00e9tt: hreinsanir.\">[<\/span> og handayfirlagningar, upprisu dau\u00f0ra og eil\u00edfan d\u00f3m. <a name=\"3\"><span class=\"versanumer_2007\">3<\/span><\/a> Og \u00feetta munum vi\u00f0 gera ef Gu\u00f0 lofar. <br \/> <a name=\"4\"><span class=\"versanumer_2007\">4<\/span><\/a> Ef menn hafa eitt sinn veri\u00f0 uppl\u00fdstir og noti\u00f0 hinnar himnesku gjafar, fengi\u00f0 hlutdeild \u00ed heil\u00f6gum anda, <a name=\"5\"><span class=\"versanumer_2007\">5<\/span><\/a> reynt Gu\u00f0s g\u00f3\u00f0a or\u00f0 og fundi\u00f0 krafta komandi aldar <a name=\"6\"><span class=\"versanumer_2007\">6<\/span><\/a> en hafa s\u00ed\u00f0an falli\u00f0 fr\u00e1, er \u00f3gerlegt a\u00f0 l\u00e1ta \u00fe\u00e1 sn\u00faa vi\u00f0 og i\u00f0rast. \u00deeir eru a\u00f0 krossfesta son Gu\u00f0s a\u00f0 n\u00fdju og sm\u00e1na hann fyrir allra augum. <br \/> <a name=\"7\"><span class=\"versanumer_2007\">7<\/span><\/a> J\u00f6r\u00f0 s\u00fa er drukki\u00f0 hefur \u00ed sig regni\u00f0, sem \u00e1 hana fellur hva\u00f0 eftir anna\u00f0, og ber gr\u00f3\u00f0ur til gagns fyrir \u00fe\u00e1 sem yrkja hana, f\u00e6r blessun fr\u00e1 Gu\u00f0i. <a name=\"8\"><span class=\"versanumer_2007\">8<\/span><\/a> En beri h\u00fan \u00feyrna og \u00feistla er h\u00fan \u00f3n\u00fdt. Yfir henni vofir b\u00f6lvun og hennar b\u00ed\u00f0ur a\u00f0 lokum a\u00f0 ver\u00f0a brennd. <br \/> <a name=\"9\"><span class=\"versanumer_2007\">9<\/span><\/a> En hva\u00f0 ykkur snertir, \u00fei\u00f0 elsku\u00f0, \u00fe\u00e1 er \u00e9g sannf\u00e6r\u00f0ur um a\u00f0 ykkur er betur fari\u00f0 og \u00fei\u00f0 n\u00e6r hj\u00e1lpr\u00e6\u00f0inu \u00fe\u00f3 a\u00f0 \u00e9g m\u00e6li svo. <a name=\"10\"><span class=\"versanumer_2007\">10<\/span><\/a> Gu\u00f0 er ekki rangl\u00e1tur. Hann gleymir ekki verki ykkar og k\u00e6rleikanum sem \u00fei\u00f0 au\u00f0s\u00fdndu\u00f0 honum er \u00fei\u00f0 \u00fej\u00f3nu\u00f0u\u00f0 hinum heil\u00f6gu sem \u00fei\u00f0 \u00fej\u00f3ni\u00f0 enn. <a name=\"11\"><span class=\"versanumer_2007\">11<\/span><\/a> \u00c9g \u00f3ska a\u00f0 s\u00e9rhvert ykkar s\u00fdni s\u00f6mu \u00e1stundan allt til enda \u00fear til von ykkar r\u00e6tist. <a name=\"12\"><span class=\"versanumer_2007\">12<\/span><\/a> Gerist ekki slj\u00f3. Breyti\u00f0 heldur eftir \u00feeim sem tr\u00faa og eru st\u00f6\u00f0uglynd og erfa \u00fea\u00f0 sem Gu\u00f0 hefur heiti\u00f0. <\/p>\n<h3 class=\"millifyrirsogn_2007\">Jes\u00fas opna\u00f0i okkur lei\u00f0<\/h3>\n<p><a name=\"13\"><span class=\"versanumer_2007\">13<\/span><\/a> \u00deegar Gu\u00f0 gaf Abraham fyrirheiti\u00f0 \u00fe\u00e1 \u201es\u00f3r hann vi\u00f0 sj\u00e1lfan sig\u201c \u00fear sem hann haf\u00f0i vi\u00f0 engan \u00e6\u00f0ri a\u00f0 sverja og sag\u00f0i: <a name=\"14\"><span class=\"versanumer_2007\">14<\/span><\/a> \u201eSannlega mun \u00e9g r\u00edkulega blessa \u00feig og st\u00f3rum margfalda kyn \u00feitt.\u201c <a name=\"15\"><span class=\"versanumer_2007\">15<\/span><\/a> Og Abraham \u00f6\u00f0la\u00f0ist \u00fea\u00f0 sem Gu\u00f0 haf\u00f0i heiti\u00f0 honum er hann haf\u00f0i be\u00f0i\u00f0 \u00feess me\u00f0 st\u00f6\u00f0uglyndi. <br \/> <a name=\"16\"><span class=\"versanumer_2007\">16<\/span><\/a> Menn sverja ei\u00f0 vi\u00f0 \u00feann sem \u00e6\u00f0ri er, ei\u00f0urinn er \u00feeim sta\u00f0festing og bindur enda \u00e1 \u00f6ll andm\u00e6li. <a name=\"17\"><span class=\"versanumer_2007\">17<\/span><\/a> Me\u00f0 \u00fev\u00ed n\u00fa a\u00f0 Gu\u00f0 vildi s\u00fdna \u00feeim sem fyrirheiti\u00f0 var \u00e6tla\u00f0 enn sk\u00fdrar hve r\u00e1\u00f0 sitt v\u00e6ri \u00f3raskanlegt, \u00fe\u00e1 \u00e1byrg\u00f0ist hann heit sitt me\u00f0 ei\u00f0i. <a name=\"18\"><span class=\"versanumer_2007\">18<\/span><\/a> \u00dea\u00f0 er \u00f3hugsandi a\u00f0 Gu\u00f0 fari me\u00f0 lygi og \u00fev\u00ed er \u00feetta tvennt sem er \u00f3raskanlegt mikil upp\u00f6rvun fyrir okkur sem h\u00f6fum leita\u00f0 athvarfs \u00ed \u00feeirri s\u00e6lu von sem vi\u00f0 eigum. <a name=\"19\"><span class=\"versanumer_2007\">19<\/span><\/a> \u00deessi von er eins og akkeri fyrir s\u00e1lina, traust og \u00f6ruggt, og n\u00e6r alla lei\u00f0 inn fyrir fortjaldi\u00f0 <a name=\"20\"><span class=\"versanumer_2007\">20<\/span><\/a> \u00feanga\u00f0 sem Jes\u00fas gekk inn og opna\u00f0i okkur lei\u00f0 \u00feegar hann var\u00f0 \u00e6\u00f0sti prestur a\u00f0 eil\u00edfu a\u00f0 h\u00e6tti Melk\u00edsedeks. <\/p>\n","protected":false},"excerpt":{"rendered":"<p>1 \u00deess vegna skulum vi\u00f0 sleppa byrjendafr\u00e6\u00f0slunni um Krist og sn\u00faa okkur a\u00f0 fr\u00e6\u00f0slunni fyrir lengra komna. Vi\u00f0 f\u00f6rum ekki a\u00f0 byrja aftur \u00e1 undirst\u00f6\u00f0uatri\u00f0um eins og a\u00f0 tr\u00faa \u00e1 Gu\u00f0 og hverfa fr\u00e1 breytni sem lei\u00f0ir til dau\u00f0a, 2 kenningunni um sk\u00edrnir[ og handayfirlagningar, upprisu dau\u00f0ra og eil\u00edfan d\u00f3m. 3 Og \u00feetta munum vi\u00f0 gera ef Gu\u00f0 lofar. 4 Ef menn hafa eitt sinn veri\u00f0 uppl\u00fdstir og noti\u00f0 hinnar himnesku gjafar, fengi\u00f0 hlutdeild \u00ed heil\u00f6gum anda, 5 reynt Gu\u00f0s g\u00f3\u00f0a or\u00f0 og fundi\u00f0 krafta komandi aldar 6 en hafa s\u00ed\u00f0an falli\u00f0 fr\u00e1, er \u00f3gerlegt a\u00f0 l\u00e1ta \u00fe\u00e1 sn\u00faa vi\u00f0 <a href=\"https:\/\/biblian.is\/biblian\/hebreabrefid-6-kafli\/\"> [&#8230;]<\/a><\/p>\n","protected":false},"author":1,"featured_media":0,"parent":0,"menu_order":0,"comment_status":"open","ping_status":"open","template":"bibliukaflar_NT.php","meta":{"footnotes":""},"class_list":["post-2756","page","type-page","status-publish","hentry"],"_links":{"self":[{"href":"https:\/\/biblian.is\/biblian\/wp-json\/wp\/v2\/pages\/2756","targetHints":{"allow":["GET"]}}],"collection":[{"href":"https:\/\/biblian.is\/biblian\/wp-json\/wp\/v2\/pages"}],"about":[{"href":"https:\/\/biblian.is\/biblian\/wp-json\/wp\/v2\/types\/page"}],"author":[{"embeddable":true,"href":"https:\/\/biblian.is\/biblian\/wp-json\/wp\/v2\/users\/1"}],"replies":[{"embeddable":true,"href":"https:\/\/biblian.is\/biblian\/wp-json\/wp\/v2\/comments?post=2756"}],"version-history":[{"count":0,"href":"https:\/\/biblian.is\/biblian\/wp-json\/wp\/v2\/pages\/2756\/revisions"}],"wp:attachment":[{"href":"https:\/\/biblian.is\/biblian\/wp-json\/wp\/v2\/media?parent=2756"}],"curies":[{"name":"wp","href":"https:\/\/api.w.org\/{rel}","templated":true}]}}