{"id":2753,"date":"2017-12-30T21:04:29","date_gmt":"2017-12-30T21:04:29","guid":{"rendered":"http:\/\/biblian.is\/biblian\/hebreabr%c2%8efi_-3-kafli\/"},"modified":"2019-08-27T00:15:37","modified_gmt":"2019-08-27T00:15:37","slug":"hebreabrefid-3-kafli","status":"publish","type":"page","link":"https:\/\/biblian.is\/biblian\/hebreabrefid-3-kafli\/","title":{"rendered":"Hebreabr\u00e9fi\u00f0 3. kafli"},"content":{"rendered":"<h3 class=\"millifyrirsogn_2007\"> Jes\u00fas og M\u00f3se<\/h3>\n<p><a name=\"1\"><span class=\"versanumer_2007\">1<\/span><\/a> Helgu\u00f0u vinir<span class=\"nedan_mal\" title=\" Or\u00f0r\u00e9tt: br\u00e6\u00f0ur.\">[<\/span> sem hafi\u00f0 fengi\u00f0 k\u00f6llun til himinsins. Horfi\u00f0 til Jes\u00fa, postula og \u00e6\u00f0sta prests \u00feeirrar tr\u00faar sem vi\u00f0 j\u00e1tum. <a name=\"2\"><span class=\"versanumer_2007\">2<\/span><\/a> Hann var tr\u00far Gu\u00f0i, er haf\u00f0i skipa\u00f0 hann, eins og var um M\u00f3se \u201e\u00ed \u00f6llu hans h\u00fasi\u201c. <a name=\"3\"><span class=\"versanumer_2007\">3<\/span><\/a> En hann er ver\u00f0ur meiri d\u00fdr\u00f0ar en M\u00f3se eins og s\u00e1 er h\u00fasi\u00f0 ger\u00f0i \u00e1 meiri hei\u00f0ur en h\u00fasi\u00f0 sj\u00e1lft. <a name=\"4\"><span class=\"versanumer_2007\">4<\/span><\/a> S\u00e9rhvert h\u00fas hefur einhver gert en Gu\u00f0 er s\u00e1 sem allt hefur gert. <a name=\"5\"><span class=\"versanumer_2007\">5<\/span><\/a> M\u00f3se var a\u00f0 s\u00f6nnu tr\u00far \u00ed \u00f6llu hans h\u00fasi eins og \u00fej\u00f3nn. Hann \u00e1tti a\u00f0 vitna um \u00fea\u00f0 sem bo\u00f0a\u00f0 skyldi s\u00ed\u00f0ar <a name=\"6\"><span class=\"versanumer_2007\">6<\/span><\/a> en Kristur er sonur og er tr\u00faa\u00f0 fyrir a\u00f0 r\u00e1\u00f0a yfir h\u00fasi hans. Og hans h\u00fas erum vi\u00f0 ef vi\u00f0 h\u00f6ldum dj\u00f6rfunginni og voninni sem vi\u00f0 miklumst af. <\/p>\n<h3 class=\"millifyrirsogn_2007\">Inn til hv\u00edldar Gu\u00f0s<\/h3>\n<p><a name=\"7\"><span class=\"versanumer_2007\">7<\/span><\/a> \u00dev\u00ed er \u00fea\u00f0 eins og heilagur andi segir: <br \/> <span class=\"ljodatexti\"> Ef \u00fe\u00e9r heyri\u00f0 raust hans \u00ed dag, <br \/> <\/span> <span class=\"ljodatexti\"> <a name=\"8\"><span class=\"versanumer_ljod\">8<\/span><\/a>\u00fe\u00e1 forher\u00f0i\u00f0 ekki hj\u00f6rtu y\u00f0ar eins og \u00ed ey\u00f0im\u00f6rkinni <br \/>\u00feegar fe\u00f0ur y\u00f0ar ger\u00f0u uppreisn og freistu\u00f0u m\u00edn.<br \/> <\/span> <span class=\"ljodatexti\"> <a name=\"9\"><span class=\"versanumer_ljod\">9<\/span><\/a>\u00deeir freistu\u00f0u m\u00edn og reyndu mig <br \/>\u00fe\u00f3tt \u00feeir fengju a\u00f0 sj\u00e1 verkin m\u00edn \u00ed fj\u00f6rut\u00edu \u00e1r. <br \/> <\/span> <span class=\"ljodatexti\"> <a name=\"10\"><span class=\"versanumer_ljod\">10<\/span><\/a>\u00deess vegna reiddist \u00e9g kynsl\u00f3\u00f0 \u00feessari <br \/>og sag\u00f0i: \u00c1n afl\u00e1ts villast \u00feeir \u00ed hj\u00f6rtum s\u00ednum. <br \/>\u00deeir \u00feekktu ekki vegu m\u00edna. <br \/> <\/span> <span class=\"ljodatexti\"> <a name=\"11\"><span class=\"versanumer_ljod\">11<\/span><\/a>Og \u00e9g s\u00f3r \u00ed br\u00e6\u00f0i minni: <br \/>Eigi skulu \u00feeir inn ganga til hv\u00edldar minnar. <\/span> <br \/> <a name=\"12\"><span class=\"versanumer_2007\">12<\/span><\/a> G\u00e6ti\u00f0 \u00feess, br\u00e6\u00f0ur og systur,<span class=\"nedan_mal\" title=\" Or\u00f0r\u00e9tt: br\u00e6\u00f0ur.\">[<\/span> a\u00f0 hafa ekkert illt \u00ed hjarta og l\u00e1ta engar efasemdir b\u00e6gja ykkur fr\u00e1 lifanda Gu\u00f0i. <a name=\"13\"><span class=\"versanumer_2007\">13<\/span><\/a> Upp\u00f6rvi\u00f0 heldur hvert anna\u00f0 hvern dag \u00e1 me\u00f0an enn heitir \u201e\u00ed dag\u201c, til \u00feess a\u00f0 enginn forher\u00f0ist af t\u00e1li syndarinnar. <a name=\"14\"><span class=\"versanumer_2007\">14<\/span><\/a> \u00dev\u00ed a\u00f0 vi\u00f0 erum or\u00f0in hluttakar Krists svo framarlega sem vi\u00f0 treystum honum sta\u00f0fastlega allt til enda eins og \u00ed upphafi. <a name=\"15\"><span class=\"versanumer_2007\">15<\/span><\/a> Svo segir: \u201eEf \u00fe\u00e9r heyri\u00f0 raust hans \u00ed dag, \u00fe\u00e1 forher\u00f0i\u00f0 ekki hj\u00f6rtu y\u00f0ar eins og \u00ed uppreisninni.\u201c &#8211; <a name=\"16\"><span class=\"versanumer_2007\">16<\/span><\/a> Hverjir voru \u00fe\u00e1 \u00feeir sem heyrt h\u00f6f\u00f0u og ger\u00f0u \u00fe\u00f3 uppreisn? Voru \u00fea\u00f0 ekki einmitt allir \u00feeir sem M\u00f3se haf\u00f0i leitt \u00fat af Egyptalandi? <a name=\"17\"><span class=\"versanumer_2007\">17<\/span><\/a> Og hverjum \u201evar hann gramur \u00ed fj\u00f6rut\u00edu \u00e1r\u201c? Var \u00fea\u00f0 ekki \u00feeim sem syndga\u00f0 h\u00f6f\u00f0u og b\u00e1ru beinin \u00e1 ey\u00f0im\u00f6rkinni? <a name=\"18\"><span class=\"versanumer_2007\">18<\/span><\/a> Og hverjum \u201es\u00f3r hann a\u00f0 eigi skyldu \u00feeir ganga inn til hv\u00edldar hans,\u201c nema hinum \u00f3hl\u00fd\u00f0nu? <a name=\"19\"><span class=\"versanumer_2007\">19<\/span><\/a> Vi\u00f0 sj\u00e1um a\u00f0 sakir vantr\u00faar fengu \u00feeir eigi gengi\u00f0 inn. <\/p>\n","protected":false},"excerpt":{"rendered":"<p>Jes\u00fas og M\u00f3se 1 Helgu\u00f0u vinir[ sem hafi\u00f0 fengi\u00f0 k\u00f6llun til himinsins. Horfi\u00f0 til Jes\u00fa, postula og \u00e6\u00f0sta prests \u00feeirrar tr\u00faar sem vi\u00f0 j\u00e1tum. 2 Hann var tr\u00far Gu\u00f0i, er haf\u00f0i skipa\u00f0 hann, eins og var um M\u00f3se \u201e\u00ed \u00f6llu hans h\u00fasi\u201c. 3 En hann er ver\u00f0ur meiri d\u00fdr\u00f0ar en M\u00f3se eins og s\u00e1 er h\u00fasi\u00f0 ger\u00f0i \u00e1 meiri hei\u00f0ur en h\u00fasi\u00f0 sj\u00e1lft. 4 S\u00e9rhvert h\u00fas hefur einhver gert en Gu\u00f0 er s\u00e1 sem allt hefur gert. 5 M\u00f3se var a\u00f0 s\u00f6nnu tr\u00far \u00ed \u00f6llu hans h\u00fasi eins og \u00fej\u00f3nn. Hann \u00e1tti a\u00f0 vitna um \u00fea\u00f0 sem bo\u00f0a\u00f0 skyldi s\u00ed\u00f0ar <a href=\"https:\/\/biblian.is\/biblian\/hebreabrefid-3-kafli\/\"> [&#8230;]<\/a><\/p>\n","protected":false},"author":1,"featured_media":0,"parent":0,"menu_order":0,"comment_status":"open","ping_status":"open","template":"bibliukaflar_NT.php","meta":{"footnotes":""},"class_list":["post-2753","page","type-page","status-publish","hentry"],"_links":{"self":[{"href":"https:\/\/biblian.is\/biblian\/wp-json\/wp\/v2\/pages\/2753","targetHints":{"allow":["GET"]}}],"collection":[{"href":"https:\/\/biblian.is\/biblian\/wp-json\/wp\/v2\/pages"}],"about":[{"href":"https:\/\/biblian.is\/biblian\/wp-json\/wp\/v2\/types\/page"}],"author":[{"embeddable":true,"href":"https:\/\/biblian.is\/biblian\/wp-json\/wp\/v2\/users\/1"}],"replies":[{"embeddable":true,"href":"https:\/\/biblian.is\/biblian\/wp-json\/wp\/v2\/comments?post=2753"}],"version-history":[{"count":0,"href":"https:\/\/biblian.is\/biblian\/wp-json\/wp\/v2\/pages\/2753\/revisions"}],"wp:attachment":[{"href":"https:\/\/biblian.is\/biblian\/wp-json\/wp\/v2\/media?parent=2753"}],"curies":[{"name":"wp","href":"https:\/\/api.w.org\/{rel}","templated":true}]}}