{"id":2744,"date":"2017-12-30T21:04:29","date_gmt":"2017-12-30T21:04:29","guid":{"rendered":"http:\/\/biblian.is\/biblian\/s%c2%92_ara-t%c2%92m%c2%97teusarbr%c2%8ef-2-kafli\/"},"modified":"2019-08-26T23:59:20","modified_gmt":"2019-08-26T23:59:20","slug":"sidara-timoteusarbref-2-kafli","status":"publish","type":"page","link":"https:\/\/biblian.is\/biblian\/sidara-timoteusarbref-2-kafli\/","title":{"rendered":"S\u00ed\u00f0ara T\u00edm\u00f3teusarbr\u00e9f 2. kafli"},"content":{"rendered":"<h3 class=\"millifyrirsogn_2007\"> G\u00f3\u00f0ur herma\u00f0ur Krists Jes\u00fa<\/h3>\n<p><a name=\"1\"><span class=\"versanumer_2007\">1<\/span><\/a> \u00de\u00fa barni\u00f0 mitt, T\u00edm\u00f3teus, ver styrkur \u00ed n\u00e1\u00f0inni sem veitist \u00ed Kristi Jes\u00fa. <a name=\"2\"><span class=\"versanumer_2007\">2<\/span><\/a> \u00dea\u00f0 sem \u00fe\u00fa heyr\u00f0ir mig tala \u00ed margra votta vi\u00f0urvist skalt \u00fe\u00fa f\u00e1 \u00ed hendur tr\u00faum m\u00f6nnum sem l\u00edka munu f\u00e6rir um a\u00f0 kenna \u00f6\u00f0rum. <br \/> <a name=\"3\"><span class=\"versanumer_2007\">3<\/span><\/a> \u00de\u00fa skalt og a\u00f0 \u00fe\u00ednu leyti illt \u00feola eins og g\u00f3\u00f0ur herma\u00f0ur Krists Jes\u00fa. <a name=\"4\"><span class=\"versanumer_2007\">4<\/span><\/a> Enginn herma\u00f0ur bendlar sig vi\u00f0 \u00f6nnur st\u00f6rf. \u00de\u00e1 \u00fe\u00f3knast hann ekki \u00feeim sem hefur teki\u00f0 hann \u00e1 m\u00e1la. <a name=\"5\"><span class=\"versanumer_2007\">5<\/span><\/a> S\u00e1 sem keppir \u00ed \u00ed\u00fer\u00f3ttum f\u00e6r ekki sigursveiginn nema hann keppi l\u00f6glega. <br \/> <a name=\"6\"><span class=\"versanumer_2007\">6<\/span><\/a> B\u00f3ndinn, sem erfi\u00f0ar, \u00e1 fyrstur a\u00f0 f\u00e1 sinn hlut af uppskerunni. <br \/> <a name=\"7\"><span class=\"versanumer_2007\">7<\/span><\/a> Tak eftir \u00fev\u00ed sem \u00e9g segi. Drottinn mun gefa \u00fe\u00e9r skilning \u00e1 \u00f6llu. <br \/> <a name=\"8\"><span class=\"versanumer_2007\">8<\/span><\/a> Minnst \u00fe\u00fa Jes\u00fa Krists, hans sem er risinn upp fr\u00e1 dau\u00f0um, af kyni Dav\u00ed\u00f0s, eins og bo\u00f0a\u00f0 er \u00ed fagna\u00f0arerindi m\u00ednu. <a name=\"9\"><span class=\"versanumer_2007\">9<\/span><\/a> Fyrir \u00fea\u00f0 l\u00ed\u00f0 \u00e9g illt og \u00fea\u00f0 jafnvel a\u00f0 vera \u00ed fj\u00f6trum eins og illvirki. En or\u00f0 Gu\u00f0s ver\u00f0ur ekki fj\u00f6tra\u00f0. <br \/> <a name=\"10\"><span class=\"versanumer_2007\">10<\/span><\/a> \u00deess vegna \u00feoli \u00e9g allt sakir hinna \u00fatv\u00f6ldu til \u00feess a\u00f0 einnig \u00feeir hlj\u00f3ti hj\u00e1lpr\u00e6\u00f0i\u00f0 \u00ed Kristi Jes\u00fa. <a name=\"11\"><span class=\"versanumer_2007\">11<\/span><\/a> \u00dea\u00f0 or\u00f0 er satt: <br \/> <span class=\"ljodatexti\"> Ef v\u00e9r h\u00f6fum d\u00e1i\u00f0 me\u00f0 honum, <br \/>\u00fe\u00e1 munum v\u00e9r og lifa me\u00f0 honum. <br \/> <\/span> <span class=\"ljodatexti\"> <a name=\"12\"><span class=\"versanumer_ljod\">12<\/span><\/a>Ef v\u00e9r erum sta\u00f0f\u00f6st, <br \/>\u00fe\u00e1 munum v\u00e9r og me\u00f0 honum r\u00edkja. <br \/>Ef v\u00e9r afneitum honum, <br \/>\u00fe\u00e1 mun hann og afneita oss. <br \/> <\/span> <span class=\"ljodatexti\"> <a name=\"13\"><span class=\"versanumer_ljod\">13<\/span><\/a>\u00de\u00f3tt v\u00e9r s\u00e9um \u00f3tr\u00fa, <br \/>\u00fe\u00e1 ver\u00f0ur hann samt tr\u00far, <br \/>\u00fev\u00ed a\u00f0 ekki getur hann afneita\u00f0 sj\u00e1lfum s\u00e9r. <\/span> <\/p>\n<h3 class=\"millifyrirsogn_2007\">H\u00e6fur verkama\u00f0ur<\/h3>\n<p><a name=\"14\"><span class=\"versanumer_2007\">14<\/span><\/a> Minn \u00e1 \u00feetta og heit \u00e1 \u00fe\u00e1 fyrir augliti Gu\u00f0s a\u00f0 eiga ekki \u00ed or\u00f0ast\u00e6lum til einskis gagns, \u00e1heyrendum til falls. <a name=\"15\"><span class=\"versanumer_2007\">15<\/span><\/a> Legg kapp \u00e1 a\u00f0 standast fyrir Gu\u00f0i sem verkama\u00f0ur er ekki \u00fearf a\u00f0 skammast s\u00edn og fer r\u00e9tt me\u00f0 or\u00f0 sannleikans. <br \/> <a name=\"16\"><span class=\"versanumer_2007\">16<\/span><\/a> For\u00f0ast \u00fe\u00fa vanheilagt h\u00e9g\u00f3matal sem lei\u00f0ir a\u00f0eins \u00fe\u00e1 sem stunda \u00fea\u00f0 til aukins gu\u00f0leysis. <a name=\"17\"><span class=\"versanumer_2007\">17<\/span><\/a> Fr\u00e6\u00f0sla \u00feeirra etur um sig eins og helbruni. \u00cd h\u00f3pi \u00feeirra eru \u00feeir H\u00fdmeneus og F\u00edletus. <a name=\"18\"><span class=\"versanumer_2007\">18<\/span><\/a> \u00deeir hafa villst fr\u00e1 sannleikanum \u00fear sem \u00feeir segja upprisuna \u00feegar um gar\u00f0 gengna og umhverfa tr\u00fa sumra manna. <br \/> <a name=\"19\"><span class=\"versanumer_2007\">19<\/span><\/a> En Gu\u00f0s styrki grundv\u00f6llur stendur, merktur \u00feessum innsiglisor\u00f0um: \u201eDrottinn \u00feekkir s\u00edna,\u201c og: \u201eHver s\u00e1 sem nefnir nafn Drottins haldi s\u00e9r fr\u00e1 rangl\u00e6ti.\u201c <br \/> <a name=\"20\"><span class=\"versanumer_2007\">20<\/span><\/a> \u00c1 st\u00f3ru heimili eru ekki einungis gullker og silfurker heldur og tr\u00e9ker og leirker. Sum eru til vi\u00f0hafnar, \u00f6nnur til hversdagsnota. <a name=\"21\"><span class=\"versanumer_2007\">21<\/span><\/a> S\u00e1 sem f\u00e6r sig hreinan gert af sl\u00edkum rangl\u00e6tisverkum ver\u00f0ur ker til vi\u00f0hafnar, helga\u00f0 og hagfellt h\u00fasb\u00f3ndanum, hentugt til s\u00e9rhvers g\u00f3\u00f0s verks. <br \/> <a name=\"22\"><span class=\"versanumer_2007\">22<\/span><\/a> Fl\u00fd \u00fe\u00fa \u00e6skunnar girndir en stunda r\u00e9ttl\u00e6ti, tr\u00fa, k\u00e6rleika og fri\u00f0 \u00e1samt \u00feeim sem \u00e1kalla Drottin af hreinu hjarta. <a name=\"23\"><span class=\"versanumer_2007\">23<\/span><\/a> En hafna \u00fe\u00fa heimskulegum og einskis n\u00fdtum \u00fer\u00e6tum. \u00de\u00fa veist a\u00f0 \u00fe\u00e6r lei\u00f0a af s\u00e9r \u00f3fri\u00f0. <br \/> <a name=\"24\"><span class=\"versanumer_2007\">24<\/span><\/a> \u00dej\u00f3nn Drottins \u00e1 ekki a\u00f0 eiga \u00ed \u00f3fri\u00f0i heldur \u00e1 hann a\u00f0 vera lj\u00fafur vi\u00f0 alla, g\u00f3\u00f0ur fr\u00e6\u00f0ari, \u00feolinn \u00ed \u00ferautum. <a name=\"25\"><span class=\"versanumer_2007\">25<\/span><\/a> Hann \u00e1 a\u00f0 vera h\u00f3gv\u00e6r er hann agar \u00fe\u00e1 sem skipast \u00ed m\u00f3ti, \u00ed von um a\u00f0 Gu\u00f0 gefi \u00feeim sinnaskipti sem lei\u00f0i \u00fe\u00e1 til \u00feekkingar \u00e1 sannleikanum <a name=\"26\"><span class=\"versanumer_2007\">26<\/span><\/a> og \u00feeir komist til sj\u00e1lfra s\u00edn og losni \u00far sn\u00f6ru dj\u00f6fulsins sem hefur veitt \u00fe\u00e1 til a\u00f0 gera vilja sinn. <\/p>\n","protected":false},"excerpt":{"rendered":"<p>G\u00f3\u00f0ur herma\u00f0ur Krists Jes\u00fa 1 \u00de\u00fa barni\u00f0 mitt, T\u00edm\u00f3teus, ver styrkur \u00ed n\u00e1\u00f0inni sem veitist \u00ed Kristi Jes\u00fa. 2 \u00dea\u00f0 sem \u00fe\u00fa heyr\u00f0ir mig tala \u00ed margra votta vi\u00f0urvist skalt \u00fe\u00fa f\u00e1 \u00ed hendur tr\u00faum m\u00f6nnum sem l\u00edka munu f\u00e6rir um a\u00f0 kenna \u00f6\u00f0rum. 3 \u00de\u00fa skalt og a\u00f0 \u00fe\u00ednu leyti illt \u00feola eins og g\u00f3\u00f0ur herma\u00f0ur Krists Jes\u00fa. 4 Enginn herma\u00f0ur bendlar sig vi\u00f0 \u00f6nnur st\u00f6rf. \u00de\u00e1 \u00fe\u00f3knast hann ekki \u00feeim sem hefur teki\u00f0 hann \u00e1 m\u00e1la. 5 S\u00e1 sem keppir \u00ed \u00ed\u00fer\u00f3ttum f\u00e6r ekki sigursveiginn nema hann keppi l\u00f6glega. 6 B\u00f3ndinn, sem erfi\u00f0ar, \u00e1 fyrstur a\u00f0 f\u00e1 sinn <a href=\"https:\/\/biblian.is\/biblian\/sidara-timoteusarbref-2-kafli\/\"> [&#8230;]<\/a><\/p>\n","protected":false},"author":1,"featured_media":0,"parent":0,"menu_order":0,"comment_status":"open","ping_status":"open","template":"bibliukaflar_NT.php","meta":{"footnotes":""},"class_list":["post-2744","page","type-page","status-publish","hentry"],"_links":{"self":[{"href":"https:\/\/biblian.is\/biblian\/wp-json\/wp\/v2\/pages\/2744","targetHints":{"allow":["GET"]}}],"collection":[{"href":"https:\/\/biblian.is\/biblian\/wp-json\/wp\/v2\/pages"}],"about":[{"href":"https:\/\/biblian.is\/biblian\/wp-json\/wp\/v2\/types\/page"}],"author":[{"embeddable":true,"href":"https:\/\/biblian.is\/biblian\/wp-json\/wp\/v2\/users\/1"}],"replies":[{"embeddable":true,"href":"https:\/\/biblian.is\/biblian\/wp-json\/wp\/v2\/comments?post=2744"}],"version-history":[{"count":0,"href":"https:\/\/biblian.is\/biblian\/wp-json\/wp\/v2\/pages\/2744\/revisions"}],"wp:attachment":[{"href":"https:\/\/biblian.is\/biblian\/wp-json\/wp\/v2\/media?parent=2744"}],"curies":[{"name":"wp","href":"https:\/\/api.w.org\/{rel}","templated":true}]}}