{"id":2742,"date":"2017-12-30T21:04:29","date_gmt":"2017-12-30T21:04:29","guid":{"rendered":"http:\/\/biblian.is\/biblian\/fyrra-t%c2%92m%c2%97teusarbr%c2%8ef-6-kafli\/"},"modified":"2019-08-26T23:59:20","modified_gmt":"2019-08-26T23:59:20","slug":"fyrra-timoteusarbref-6-kafli","status":"publish","type":"page","link":"https:\/\/biblian.is\/biblian\/fyrra-timoteusarbref-6-kafli\/","title":{"rendered":"Fyrra T\u00edm\u00f3teusarbr\u00e9f 6. kafli"},"content":{"rendered":"<p><a name=\"1\"><span class=\"versanumer_2007\">1<\/span><\/a> Allir \u00feeir sem eru \u00e1nau\u00f0ugir skulu s\u00fdna h\u00fasb\u00e6ndum s\u00ednum allan skyldugan hei\u00f0ur til \u00feess a\u00f0 nafni Gu\u00f0s og kenningunni ver\u00f0i ekki lastm\u00e6lt. <a name=\"2\"><span class=\"versanumer_2007\">2<\/span><\/a> En \u00feeir sem eiga tr\u00faa\u00f0a h\u00fasb\u00e6ndur skulu ekki l\u00edtilsvir\u00f0a \u00fe\u00e1 vegna \u00feess a\u00f0 \u00feeir eru systkin \u00ed tr\u00fanni<span class=\"nedan_mal\" title=\" Or\u00f0r\u00e9tt: br\u00e6\u00f0ur.\">[<\/span> heldur \u00fej\u00f3ni \u00feeir \u00feeim \u00fev\u00ed betur af \u00fev\u00ed a\u00f0 \u00feeir eru tr\u00faa\u00f0ir og elska\u00f0ir og gera s\u00e9r far um a\u00f0 koma vel fram vi\u00f0 \u00fe\u00e1. <br \/>Kenn \u00fe\u00fa \u00feetta og bo\u00f0a \u00fea\u00f0. <\/p>\n<h3 class=\"millifyrirsogn_2007\">S\u00f6nn gu\u00f0hr\u00e6\u00f0sla og f\u00f6lsk<\/h3>\n<p><a name=\"3\"><span class=\"versanumer_2007\">3<\/span><\/a> Ef einhver fer me\u00f0 villukenningar og fylgir ekki hinum heiln\u00e6mu or\u00f0um Drottins vors Jes\u00fa Krists og \u00fev\u00ed sem tr\u00fa okkar kennir, <a name=\"4\"><span class=\"versanumer_2007\">4<\/span><\/a> \u00fe\u00e1 hefur hann ofmetnast og veit ekki neitt. Hann er s\u00f3tttekinn af \u00fer\u00e6tum og or\u00f0ast\u00e6lum. Af \u00feessu f\u00e6\u00f0ist \u00f6fund, deilur, lastm\u00e6li, vondar hugsanir, <a name=\"5\"><span class=\"versanumer_2007\">5<\/span><\/a> \u00fejark og \u00feras hugspilltra manna sem eru sneyddir sannleikanum en sko\u00f0a tr\u00fana sem gr\u00f3\u00f0aveg. <br \/> <a name=\"6\"><span class=\"versanumer_2007\">6<\/span><\/a> J\u00e1, tr\u00fain samfara n\u00e6gjusemi er mikill gr\u00f3\u00f0avegur. <a name=\"7\"><span class=\"versanumer_2007\">7<\/span><\/a> \u00dev\u00ed a\u00f0 ekkert h\u00f6fum vi\u00f0 inn \u00ed heiminn flutt og ekki getum vi\u00f0 heldur flutt neitt \u00fat \u00fea\u00f0an. <br \/> <a name=\"8\"><span class=\"versanumer_2007\">8<\/span><\/a> Ef vi\u00f0 h\u00f6fum f\u00e6\u00f0i og kl\u00e6\u00f0i \u00fe\u00e1 l\u00e1tum okkur \u00fea\u00f0 n\u00e6gja. <a name=\"9\"><span class=\"versanumer_2007\">9<\/span><\/a> En \u00feeir sem r\u00edkir vilja ver\u00f0a falla \u00ed freistni og lenda \u00ed sn\u00f6ru alls kyns \u00f3viturlegra og ska\u00f0legra f\u00fdsna er s\u00f6kkva m\u00f6nnunum ni\u00f0ur \u00ed tort\u00edmingu og gl\u00f6tun. <br \/> <a name=\"10\"><span class=\"versanumer_2007\">10<\/span><\/a> F\u00e9girndin er r\u00f3t alls ills. Vi\u00f0 \u00fe\u00e1 f\u00edkn hafa nokkrir villst fr\u00e1 tr\u00fanni og valdi\u00f0 sj\u00e1lfum s\u00e9r m\u00f6rgum harmkv\u00e6lum. <\/p>\n<h3 class=\"millifyrirsogn_2007\">Tr\u00faarinnar g\u00f3\u00f0a bar\u00e1tta<\/h3>\n<p><a name=\"11\"><span class=\"versanumer_2007\">11<\/span><\/a> En \u00fe\u00fa, Gu\u00f0s ma\u00f0ur, for\u00f0ast \u00fe\u00fa \u00feetta en stunda r\u00e9ttl\u00e6ti, gu\u00f0r\u00e6kni, tr\u00fa, k\u00e6rleika, st\u00f6\u00f0uglyndi og h\u00f3gv\u00e6r\u00f0. <br \/> <a name=\"12\"><span class=\"versanumer_2007\">12<\/span><\/a> Berstu tr\u00faarinnar g\u00f3\u00f0u bar\u00e1ttu, h\u00f6ndla \u00fe\u00fa eil\u00edfa l\u00edfi\u00f0 sem \u00fe\u00fa varst kalla\u00f0ur til og \u00fe\u00fa j\u00e1ta\u00f0ist me\u00f0 g\u00f3\u00f0u j\u00e1tningunni \u00ed vi\u00f0urvist margra votta. <br \/> <a name=\"13\"><span class=\"versanumer_2007\">13<\/span><\/a> Fyrir augliti Gu\u00f0s, sem veitir \u00f6llu l\u00edf, og Krists Jes\u00fa, er ger\u00f0i g\u00f3\u00f0u j\u00e1tninguna frammi fyrir Pont\u00edusi P\u00edlatusi, b\u00fd\u00f0 \u00e9g \u00fe\u00e9r: <a name=\"14\"><span class=\"versanumer_2007\">14<\/span><\/a> G\u00e6t \u00feess sem \u00fe\u00e9r er fali\u00f0 l\u00fdtalaust og \u00f3a\u00f0finnanlega allt til endurkomu Drottins vors Jes\u00fa Krists <a name=\"15\"><span class=\"versanumer_2007\">15<\/span><\/a> sem hinn blessa\u00f0i og eini alvaldur mun \u00e1 s\u00ednum t\u00edma l\u00e1ta birtast, konungur konunganna og Drottinn drottnanna. <br \/> <a name=\"16\"><span class=\"versanumer_2007\">16<\/span><\/a> Hann einn er \u00f3dau\u00f0legur og b\u00fdr \u00ed \u00fev\u00ed lj\u00f3si sem enginn f\u00e6r n\u00e1lgast, hann sem enginn ma\u00f0ur leit n\u00e9 liti\u00f0 getur. Honum s\u00e9 hei\u00f0ur og eil\u00edfur m\u00e1ttur. Amen. <br \/> <a name=\"17\"><span class=\"versanumer_2007\">17<\/span><\/a> Vara r\u00edkismenn \u00feessarar aldar vi\u00f0 a\u00f0 hreykja s\u00e9r og treysta fallv\u00f6ltum au\u00f0i, bj\u00f3\u00f0 \u00feeim heldur a\u00f0 treysta Gu\u00f0i sem l\u00e6tur okkur allt r\u00edkulega \u00ed t\u00e9 sem vi\u00f0 \u00fe\u00f6rfnumst. <a name=\"18\"><span class=\"versanumer_2007\">18<\/span><\/a> Bj\u00f3\u00f0 \u00feeim a\u00f0 gera gott, vera r\u00edkir a\u00f0 g\u00f3\u00f0um verkum, \u00f6rl\u00e1tir, f\u00fasir a\u00f0 mi\u00f0la \u00f6\u00f0rum, <a name=\"19\"><span class=\"versanumer_2007\">19<\/span><\/a> me\u00f0 \u00fev\u00ed safna \u00feeir handa sj\u00e1lfum s\u00e9r fj\u00e1rsj\u00f3\u00f0i sem er g\u00f3\u00f0 undirsta\u00f0a til hins \u00f3komna og munu geta h\u00f6ndla\u00f0 hi\u00f0 sanna l\u00edf. <br \/> <a name=\"20\"><span class=\"versanumer_2007\">20<\/span><\/a> \u00de\u00fa, T\u00edm\u00f3teus, var\u00f0veit \u00fea\u00f0 sem \u00fe\u00e9r er tr\u00faa\u00f0 fyrir og for\u00f0ast hinar vanheil\u00f6gu h\u00e9g\u00f3mar\u00e6\u00f0ur og m\u00f3tsagnir \u00feeirrar speki sem svo er rangnefnd <a name=\"21\"><span class=\"versanumer_2007\">21<\/span><\/a> og nokkrir hafa j\u00e1tast undir og or\u00f0i\u00f0 fr\u00e1villingar fr\u00e1 tr\u00fanni. <br \/>N\u00e1\u00f0 s\u00e9 me\u00f0 y\u00f0ur. <\/p>\n","protected":false},"excerpt":{"rendered":"<p>1 Allir \u00feeir sem eru \u00e1nau\u00f0ugir skulu s\u00fdna h\u00fasb\u00e6ndum s\u00ednum allan skyldugan hei\u00f0ur til \u00feess a\u00f0 nafni Gu\u00f0s og kenningunni ver\u00f0i ekki lastm\u00e6lt. 2 En \u00feeir sem eiga tr\u00faa\u00f0a h\u00fasb\u00e6ndur skulu ekki l\u00edtilsvir\u00f0a \u00fe\u00e1 vegna \u00feess a\u00f0 \u00feeir eru systkin \u00ed tr\u00fanni[ heldur \u00fej\u00f3ni \u00feeir \u00feeim \u00fev\u00ed betur af \u00fev\u00ed a\u00f0 \u00feeir eru tr\u00faa\u00f0ir og elska\u00f0ir og gera s\u00e9r far um a\u00f0 koma vel fram vi\u00f0 \u00fe\u00e1. Kenn \u00fe\u00fa \u00feetta og bo\u00f0a \u00fea\u00f0. S\u00f6nn gu\u00f0hr\u00e6\u00f0sla og f\u00f6lsk 3 Ef einhver fer me\u00f0 villukenningar og fylgir ekki hinum heiln\u00e6mu or\u00f0um Drottins vors Jes\u00fa Krists og \u00fev\u00ed sem tr\u00fa okkar kennir, 4 <a href=\"https:\/\/biblian.is\/biblian\/fyrra-timoteusarbref-6-kafli\/\"> [&#8230;]<\/a><\/p>\n","protected":false},"author":1,"featured_media":0,"parent":0,"menu_order":0,"comment_status":"open","ping_status":"open","template":"bibliukaflar_NT.php","meta":{"footnotes":""},"class_list":["post-2742","page","type-page","status-publish","hentry"],"_links":{"self":[{"href":"https:\/\/biblian.is\/biblian\/wp-json\/wp\/v2\/pages\/2742","targetHints":{"allow":["GET"]}}],"collection":[{"href":"https:\/\/biblian.is\/biblian\/wp-json\/wp\/v2\/pages"}],"about":[{"href":"https:\/\/biblian.is\/biblian\/wp-json\/wp\/v2\/types\/page"}],"author":[{"embeddable":true,"href":"https:\/\/biblian.is\/biblian\/wp-json\/wp\/v2\/users\/1"}],"replies":[{"embeddable":true,"href":"https:\/\/biblian.is\/biblian\/wp-json\/wp\/v2\/comments?post=2742"}],"version-history":[{"count":0,"href":"https:\/\/biblian.is\/biblian\/wp-json\/wp\/v2\/pages\/2742\/revisions"}],"wp:attachment":[{"href":"https:\/\/biblian.is\/biblian\/wp-json\/wp\/v2\/media?parent=2742"}],"curies":[{"name":"wp","href":"https:\/\/api.w.org\/{rel}","templated":true}]}}