{"id":2738,"date":"2017-12-30T21:04:29","date_gmt":"2017-12-30T21:04:29","guid":{"rendered":"http:\/\/biblian.is\/biblian\/fyrra-t%c2%92m%c2%97teusarbr%c2%8ef-2-kafli\/"},"modified":"2019-08-26T23:59:19","modified_gmt":"2019-08-26T23:59:19","slug":"fyrra-timoteusarbref-2-kafli","status":"publish","type":"page","link":"https:\/\/biblian.is\/biblian\/fyrra-timoteusarbref-2-kafli\/","title":{"rendered":"Fyrra T\u00edm\u00f3teusarbr\u00e9f 2. kafli"},"content":{"rendered":"<h3 class=\"millifyrirsogn_2007\"> Um gu\u00f0s\u00fej\u00f3nustu og b\u00e6nagj\u00f6r\u00f0<\/h3>\n<p><a name=\"1\"><span class=\"versanumer_2007\">1<\/span><\/a> Fyrst af \u00f6llu hvet \u00e9g til a\u00f0 bi\u00f0ja og \u00e1kalla Gu\u00f0 og bera fram fyrirb\u00e6nir og \u00feakkir fyrir alla menn. <a name=\"2\"><span class=\"versanumer_2007\">2<\/span><\/a> Bi\u00f0ji\u00f0 fyrir konungum og \u00f6llum \u00feeim sem h\u00e1tt eru settir til \u00feess a\u00f0 vi\u00f0 f\u00e1um lifa\u00f0 fri\u00f0samlegu og r\u00f3legu l\u00edfi \u00ed gu\u00f0s\u00f3tta og si\u00f0pr\u00fd\u00f0i. <a name=\"3\"><span class=\"versanumer_2007\">3<\/span><\/a> \u00deetta er gott og \u00fe\u00f3knanlegt Gu\u00f0i, frelsara vorum, <a name=\"4\"><span class=\"versanumer_2007\">4<\/span><\/a> sem vill a\u00f0 allir menn ver\u00f0i h\u00f3lpnir og komist til \u00feekkingar \u00e1 sannleikanum. <br \/> <a name=\"5\"><span class=\"versanumer_2007\">5<\/span><\/a> Einn er Gu\u00f0. Einn er og me\u00f0algangarinn milli Gu\u00f0s og manna, ma\u00f0urinn Kristur Jes\u00fas <a name=\"6\"><span class=\"versanumer_2007\">6<\/span><\/a> sem gaf sj\u00e1lfan sig til lausnargjalds fyrir alla. \u00dea\u00f0 var vitnisbur\u00f0ur hans \u00e1 settum t\u00edma. <a name=\"7\"><span class=\"versanumer_2007\">7<\/span><\/a> Gu\u00f0 skipa\u00f0i mig pr\u00e9dikara og postula til a\u00f0 bo\u00f0a hann &#8211; \u00e9g tala sannleika, l\u00fdg ekki &#8211; kennara hei\u00f0ingja \u00ed tr\u00fa og sannleika. <br \/> <a name=\"8\"><span class=\"versanumer_2007\">8<\/span><\/a> \u00c9g vil a\u00f0 karlmenn bi\u00f0jist hvarvetna fyrir me\u00f0 upplyftum heil\u00f6gum h\u00f6ndum<span class=\"nedan_mal\" title=\" Gy\u00f0ingar b\u00e1\u00f0u til Gu\u00f0s standandi og lyftu h\u00f6ndum til himins, sbr. 2M\u00f3s 9.29. \">[<\/span> \u00e1n rei\u00f0i og tv\u00eddr\u00e6gni. <a name=\"9\"><span class=\"versanumer_2007\">9<\/span><\/a> S\u00f6mulei\u00f0is vil \u00e9g a\u00f0 konur s\u00e9u l\u00e1tlausar \u00ed kl\u00e6\u00f0abur\u00f0i, ekki me\u00f0 fl\u00e9ttur og gull e\u00f0a perlur og skartkl\u00e6\u00f0i <a name=\"10\"><span class=\"versanumer_2007\">10<\/span><\/a> heldur skr\u00fd\u00f0ist g\u00f3\u00f0um verkum eins og s\u00f3mir konum er segjast vilja d\u00fdrka Gu\u00f0. <br \/> <a name=\"11\"><span class=\"versanumer_2007\">11<\/span><\/a> Kona \u00e1 a\u00f0 l\u00e6ra \u00ed kyrr\u00feey \u00ed allri au\u00f0m\u00fdkt. <a name=\"12\"><span class=\"versanumer_2007\">12<\/span><\/a> Ekki leyfi \u00e9g konu a\u00f0 kenna e\u00f0a taka s\u00e9r vald yfir manninum heldur \u00e1 h\u00fan a\u00f0 vera kyrrl\u00e1t. <a name=\"13\"><span class=\"versanumer_2007\">13<\/span><\/a> \u00dev\u00ed a\u00f0 Adam var fyrst mynda\u00f0ur, s\u00ed\u00f0an Eva. <a name=\"14\"><span class=\"versanumer_2007\">14<\/span><\/a> Adam l\u00e9t ekki t\u00e6last heldur l\u00e9t konan t\u00e6last og ger\u00f0ist brotleg. <a name=\"15\"><span class=\"versanumer_2007\">15<\/span><\/a> En h\u00fan f\u00e6\u00f0ir b\u00f6rnin og ver\u00f0ur \u00fev\u00ed h\u00f3lpin ef h\u00fan er sta\u00f0f\u00f6st<span class=\"nedan_mal\" title=\" Or\u00f0r\u00e9tt: ef \u00feau standa st\u00f6\u00f0ug. \">[<\/span> \u00ed tr\u00fa, k\u00e6rleika og helgun samfara h\u00f3gl\u00e6ti. <\/p>\n","protected":false},"excerpt":{"rendered":"<p>Um gu\u00f0s\u00fej\u00f3nustu og b\u00e6nagj\u00f6r\u00f0 1 Fyrst af \u00f6llu hvet \u00e9g til a\u00f0 bi\u00f0ja og \u00e1kalla Gu\u00f0 og bera fram fyrirb\u00e6nir og \u00feakkir fyrir alla menn. 2 Bi\u00f0ji\u00f0 fyrir konungum og \u00f6llum \u00feeim sem h\u00e1tt eru settir til \u00feess a\u00f0 vi\u00f0 f\u00e1um lifa\u00f0 fri\u00f0samlegu og r\u00f3legu l\u00edfi \u00ed gu\u00f0s\u00f3tta og si\u00f0pr\u00fd\u00f0i. 3 \u00deetta er gott og \u00fe\u00f3knanlegt Gu\u00f0i, frelsara vorum, 4 sem vill a\u00f0 allir menn ver\u00f0i h\u00f3lpnir og komist til \u00feekkingar \u00e1 sannleikanum. 5 Einn er Gu\u00f0. Einn er og me\u00f0algangarinn milli Gu\u00f0s og manna, ma\u00f0urinn Kristur Jes\u00fas 6 sem gaf sj\u00e1lfan sig til lausnargjalds fyrir alla. \u00dea\u00f0 var vitnisbur\u00f0ur <a href=\"https:\/\/biblian.is\/biblian\/fyrra-timoteusarbref-2-kafli\/\"> [&#8230;]<\/a><\/p>\n","protected":false},"author":1,"featured_media":0,"parent":0,"menu_order":0,"comment_status":"open","ping_status":"open","template":"bibliukaflar_NT.php","meta":{"footnotes":""},"class_list":["post-2738","page","type-page","status-publish","hentry"],"_links":{"self":[{"href":"https:\/\/biblian.is\/biblian\/wp-json\/wp\/v2\/pages\/2738","targetHints":{"allow":["GET"]}}],"collection":[{"href":"https:\/\/biblian.is\/biblian\/wp-json\/wp\/v2\/pages"}],"about":[{"href":"https:\/\/biblian.is\/biblian\/wp-json\/wp\/v2\/types\/page"}],"author":[{"embeddable":true,"href":"https:\/\/biblian.is\/biblian\/wp-json\/wp\/v2\/users\/1"}],"replies":[{"embeddable":true,"href":"https:\/\/biblian.is\/biblian\/wp-json\/wp\/v2\/comments?post=2738"}],"version-history":[{"count":0,"href":"https:\/\/biblian.is\/biblian\/wp-json\/wp\/v2\/pages\/2738\/revisions"}],"wp:attachment":[{"href":"https:\/\/biblian.is\/biblian\/wp-json\/wp\/v2\/media?parent=2738"}],"curies":[{"name":"wp","href":"https:\/\/api.w.org\/{rel}","templated":true}]}}

Fyrra Tímóteusarbréf 2. kafli

<h3 class="millifyrirsogn_2007"> Um guðsþjónustu og bænagjörð</h3>
<p><a name="1"><span class="versanumer_2007">1</span></a> Fyrst af öllu hvet ég til að biðja og ákalla Guð og bera fram fyrirbænir og þakkir fyrir alla menn. <a name="2"><span class="versanumer_2007">2</span></a> Biðjið fyrir konungum og öllum þeim sem hátt eru settir til þess að við fáum lifað friðsamlegu og rólegu lífi í guðsótta og siðprýði. <a name="3"><span class="versanumer_2007">3</span></a> Þetta er gott og þóknanlegt Guði, frelsara vorum, <a name="4"><span class="versanumer_2007">4</span></a> sem vill að allir menn verði hólpnir og komist til þekkingar á sannleikanum. <br /> <a name="5"><span class="versanumer_2007">5</span></a> Einn er Guð. Einn er og meðalgangarinn milli Guðs og manna, maðurinn Kristur Jesús <a name="6"><span class="versanumer_2007">6</span></a> sem gaf sjálfan sig til lausnargjalds fyrir alla. Það var vitnisburður hans á settum tíma. <a name="7"><span class="versanumer_2007">7</span></a> Guð skipaði mig prédikara og postula til að boða hann &#8211; ég tala sannleika, lýg ekki &#8211; kennara heiðingja í trú og sannleika. <br /> <a name="8"><span class="versanumer_2007">8</span></a> Ég vil að karlmenn biðjist hvarvetna fyrir með upplyftum heilögum höndum<span class="nedan_mal" title=" Gyðingar báðu til Guðs standandi og lyftu höndum til himins, sbr. 2Mós 9.29. ">[</span> án reiði og tvídrægni. <a name="9"><span class="versanumer_2007">9</span></a> Sömuleiðis vil ég að konur séu látlausar í klæðaburði, ekki með fléttur og gull eða perlur og skartklæði <a name="10"><span class="versanumer_2007">10</span></a> heldur skrýðist góðum verkum eins og sómir konum er segjast vilja dýrka Guð. <br /> <a name="11"><span class="versanumer_2007">11</span></a> Kona á að læra í kyrrþey í allri auðmýkt. <a name="12"><span class="versanumer_2007">12</span></a> Ekki leyfi ég konu að kenna eða taka sér vald yfir manninum heldur á hún að vera kyrrlát. <a name="13"><span class="versanumer_2007">13</span></a> Því að Adam var fyrst myndaður, síðan Eva. <a name="14"><span class="versanumer_2007">14</span></a> Adam lét ekki tælast heldur lét konan tælast og gerðist brotleg. <a name="15"><span class="versanumer_2007">15</span></a> En hún fæðir börnin og verður því hólpin ef hún er staðföst<span class="nedan_mal" title=" Orðrétt: ef þau standa stöðug. ">[</span> í trú, kærleika og helgun samfara hóglæti. </p>

<p>Um guðsþjónustu og bænagjörð 1 Fyrst af öllu hvet ég til að biðja og ákalla Guð og bera fram fyrirbænir og þakkir fyrir alla menn. 2 Biðjið fyrir konungum og öllum þeim sem hátt eru settir til þess að við fáum lifað friðsamlegu og rólegu lífi í guðsótta og siðprýði. 3 Þetta er gott og þóknanlegt Guði, frelsara vorum, 4 sem vill að allir menn verði hólpnir og komist til þekkingar á sannleikanum. 5 Einn er Guð. Einn er og meðalgangarinn milli Guðs og manna, maðurinn Kristur Jesús 6 sem gaf sjálfan sig til lausnargjalds fyrir alla. Það var vitnisburður <a href="https://biblian.is/biblian/fyrra-timoteusarbref-2-kafli/"> [&#8230;]</a></p>
