{"id":2732,"date":"2017-12-30T21:04:25","date_gmt":"2017-12-30T21:04:25","guid":{"rendered":"http:\/\/biblian.is\/biblian\/fyrra-_essalon%c2%92kubr%c2%8ef-4-kafli\/"},"modified":"2019-08-27T00:07:05","modified_gmt":"2019-08-27T00:07:05","slug":"fyrra-thessalonikubref-4-kafli","status":"publish","type":"page","link":"https:\/\/biblian.is\/biblian\/fyrra-thessalonikubref-4-kafli\/","title":{"rendered":"Fyrra \u00deessalon\u00edkubr\u00e9f 4. kafli"},"content":{"rendered":"<h3 class=\"millifyrirsogn_2007\"> Framf\u00f6r \u00ed helgun<\/h3>\n<p><a name=\"1\"><span class=\"versanumer_2007\">1<\/span><\/a> A\u00f0 endingu bi\u00f0 \u00e9g ykkur, br\u00e6\u00f0ur og systur,<span class=\"nedan_mal\" title=\" Or\u00f0r\u00e9tt: br\u00e6\u00f0ur.\">[<\/span> og hvet ykkur \u00ed Drottni Jes\u00fa til a\u00f0 breyta eins og \u00fei\u00f0 hafi\u00f0 numi\u00f0 af m\u00e9r og \u00fe\u00f3knast Gu\u00f0i eins og \u00fei\u00f0 reyndar geri\u00f0. En taki\u00f0 enn meiri framf\u00f6rum. <a name=\"2\"><span class=\"versanumer_2007\">2<\/span><\/a> \u00dei\u00f0 viti\u00f0 hva\u00f0a fyrirm\u00e6li \u00e9g gaf ykkur fr\u00e1 Drottni Jes\u00fa. <a name=\"3\"><span class=\"versanumer_2007\">3<\/span><\/a> \u00dea\u00f0 er vilji Gu\u00f0s a\u00f0 \u00fei\u00f0 ver\u00f0i\u00f0 heil\u00f6g. Hann vill a\u00f0 \u00fei\u00f0 haldi\u00f0 ykkur fr\u00e1 \u00f3sk\u00edrl\u00edfi, <a name=\"4\"><span class=\"versanumer_2007\">4<\/span><\/a> a\u00f0 s\u00e9rhvert ykkar temji s\u00e9r a\u00f0 halda l\u00edkama s\u00ednum \u00ed helgun og hei\u00f0ri<span class=\"nedan_mal\" title=\" E\u00f0a: a\u00f0 s\u00e9rhver ykkar l\u00e1ti s\u00e9r l\u00e6rast a\u00f0 lifa hj\u00faskaparl\u00edfi vi\u00f0 konu s\u00edna \u00ed heilagleika og hei\u00f0ri.\">[<\/span> <a name=\"5\"><span class=\"versanumer_2007\">5<\/span><\/a> en ekki \u00ed losta eins og hei\u00f0ingjarnir er ekki \u00feekkja Gu\u00f0. <a name=\"6\"><span class=\"versanumer_2007\">6<\/span><\/a> Og enginn skyldi ganga \u00e1 hlut e\u00f0a blekkja nokkurn br\u00f3\u00f0ur e\u00f0a systur<span class=\"nedan_mal\" title=\" Or\u00f0r\u00e9tt: br\u00f3\u00f0ur sinn.\">[<\/span> \u00ed sl\u00edkum s\u00f6kum. \u00dev\u00ed a\u00f0 Drottinn hegnir fyrir allt \u00fev\u00edl\u00edkt eins og \u00e9g hef \u00e1\u00f0ur sagt ykkur og vara\u00f0 ykkur vi\u00f0. <a name=\"7\"><span class=\"versanumer_2007\">7<\/span><\/a> Ekki kalla\u00f0i Gu\u00f0 okkur til saurlifna\u00f0ar heldur helgunar. <a name=\"8\"><span class=\"versanumer_2007\">8<\/span><\/a> S\u00e1 sem l\u00edtilsvir\u00f0ir \u00feetta l\u00edtilsvir\u00f0ir \u00feess vegna ekki mann heldur Gu\u00f0 sem gefur ykkur sinn heilaga anda. <br \/> <a name=\"9\"><span class=\"versanumer_2007\">9<\/span><\/a> Um br\u00f3\u00f0urk\u00e6rleikann \u00fearf \u00e9g ekki a\u00f0 skrifa ykkur \u00fev\u00ed Gu\u00f0 hefur sj\u00e1lfur kennt ykkur a\u00f0 elska hvert anna\u00f0. <a name=\"10\"><span class=\"versanumer_2007\">10<\/span><\/a> Og \u00fei\u00f0 au\u00f0s\u00fdni\u00f0 l\u00edka \u00f6llum tr\u00fasystkinum<span class=\"nedan_mal\" title=\" Or\u00f0r\u00e9tt: br\u00e6\u00f0rum.\">[<\/span> \u00ed allri Maked\u00f3n\u00edu sama k\u00e6rleika. En \u00e9g hvet ykkur, systkin,<span class=\"nedan_mal\" title=\" Or\u00f0r\u00e9tt: br\u00e6\u00f0ur.\">[<\/span> a\u00f0 taka enn meiri framf\u00f6rum. <a name=\"11\"><span class=\"versanumer_2007\">11<\/span><\/a> Leggi\u00f0 metna\u00f0 ykkar vi\u00f0 a\u00f0 lifa kyrrl\u00e1tu l\u00edfi og stunda hvert sitt starf og vinna me\u00f0 h\u00f6ndum ykkar eins og \u00e9g hef bo\u00f0i\u00f0 ykkur. <a name=\"12\"><span class=\"versanumer_2007\">12<\/span><\/a> \u00deannig heg\u00f0i\u00f0 \u00fei\u00f0 ykkur \u00e1 vi\u00f0eigandi h\u00e1tt gagnvart \u00feeim sem fyrir utan eru og eru\u00f0 upp \u00e1 engan komin. <\/p>\n<h3 class=\"millifyrirsogn_2007\">Endurkoma Drottins<\/h3>\n<p><a name=\"13\"><span class=\"versanumer_2007\">13<\/span><\/a> Ekki vil \u00e9g, systkin,<span class=\"nedan_mal\" title=\" Or\u00f0r\u00e9tt: br\u00e6\u00f0ur.\">[<\/span> l\u00e1ta ykkur vera \u00f3kunnugt um \u00feau sem sofnu\u00f0 eru, til \u00feess a\u00f0 \u00fei\u00f0 s\u00e9u\u00f0 ekki hrygg eins og hin sem ekki eiga von. <a name=\"14\"><span class=\"versanumer_2007\">14<\/span><\/a> \u00dev\u00ed a\u00f0 ef vi\u00f0 tr\u00faum \u00fev\u00ed a\u00f0 Jes\u00fas s\u00e9 d\u00e1inn og upprisinn, \u00fe\u00e1 mun Gu\u00f0 fyrir Jes\u00fa lei\u00f0a \u00e1samt honum fram \u00feau sem sofnu\u00f0 eru. <br \/> <a name=\"15\"><span class=\"versanumer_2007\">15<\/span><\/a> \u00dev\u00ed a\u00f0 \u00fea\u00f0 segi \u00e9g ykkur, og \u00fea\u00f0 er or\u00f0 Drottins, a\u00f0 vi\u00f0, sem ver\u00f0um eftir \u00e1 l\u00edfi vi\u00f0 komu Drottins, munum alls ekki fyrri ver\u00f0a en \u00feau sem sofnu\u00f0 eru. <a name=\"16\"><span class=\"versanumer_2007\">16<\/span><\/a> \u00deegar Gu\u00f0 skipar fyrir, \u00feegar raust erkiengilsins kve\u00f0ur vi\u00f0 og b\u00e1s\u00fana Gu\u00f0s hlj\u00f3mar, mun sj\u00e1lfur Drottinn st\u00edga ni\u00f0ur af himni og \u00feau sem d\u00f3u \u00ed tr\u00fa \u00e1 Krist munu fyrst upp r\u00edsa. <a name=\"17\"><span class=\"versanumer_2007\">17<\/span><\/a> \u00de\u00e1 munum vi\u00f0 sem eftir lifum ver\u00f0a hrifin burt \u00e1samt \u00feeim \u00ed sk\u00fdjum til fundar vi\u00f0 Drottin \u00ed loftinu. Og s\u00ed\u00f0an munum vi\u00f0 vera me\u00f0 Drottni alla t\u00edma. <a name=\"18\"><span class=\"versanumer_2007\">18<\/span><\/a> Upp\u00f6rvi\u00f0 \u00fev\u00ed hvert anna\u00f0 me\u00f0 \u00feessum or\u00f0um. <\/p>\n","protected":false},"excerpt":{"rendered":"<p>Framf\u00f6r \u00ed helgun 1 A\u00f0 endingu bi\u00f0 \u00e9g ykkur, br\u00e6\u00f0ur og systur,[ og hvet ykkur \u00ed Drottni Jes\u00fa til a\u00f0 breyta eins og \u00fei\u00f0 hafi\u00f0 numi\u00f0 af m\u00e9r og \u00fe\u00f3knast Gu\u00f0i eins og \u00fei\u00f0 reyndar geri\u00f0. En taki\u00f0 enn meiri framf\u00f6rum. 2 \u00dei\u00f0 viti\u00f0 hva\u00f0a fyrirm\u00e6li \u00e9g gaf ykkur fr\u00e1 Drottni Jes\u00fa. 3 \u00dea\u00f0 er vilji Gu\u00f0s a\u00f0 \u00fei\u00f0 ver\u00f0i\u00f0 heil\u00f6g. Hann vill a\u00f0 \u00fei\u00f0 haldi\u00f0 ykkur fr\u00e1 \u00f3sk\u00edrl\u00edfi, 4 a\u00f0 s\u00e9rhvert ykkar temji s\u00e9r a\u00f0 halda l\u00edkama s\u00ednum \u00ed helgun og hei\u00f0ri[ 5 en ekki \u00ed losta eins og hei\u00f0ingjarnir er ekki \u00feekkja Gu\u00f0. 6 Og enginn skyldi ganga <a href=\"https:\/\/biblian.is\/biblian\/fyrra-thessalonikubref-4-kafli\/\"> [&#8230;]<\/a><\/p>\n","protected":false},"author":1,"featured_media":0,"parent":0,"menu_order":0,"comment_status":"open","ping_status":"open","template":"bibliukaflar_NT.php","meta":{"footnotes":""},"class_list":["post-2732","page","type-page","status-publish","hentry"],"_links":{"self":[{"href":"https:\/\/biblian.is\/biblian\/wp-json\/wp\/v2\/pages\/2732","targetHints":{"allow":["GET"]}}],"collection":[{"href":"https:\/\/biblian.is\/biblian\/wp-json\/wp\/v2\/pages"}],"about":[{"href":"https:\/\/biblian.is\/biblian\/wp-json\/wp\/v2\/types\/page"}],"author":[{"embeddable":true,"href":"https:\/\/biblian.is\/biblian\/wp-json\/wp\/v2\/users\/1"}],"replies":[{"embeddable":true,"href":"https:\/\/biblian.is\/biblian\/wp-json\/wp\/v2\/comments?post=2732"}],"version-history":[{"count":0,"href":"https:\/\/biblian.is\/biblian\/wp-json\/wp\/v2\/pages\/2732\/revisions"}],"wp:attachment":[{"href":"https:\/\/biblian.is\/biblian\/wp-json\/wp\/v2\/media?parent=2732"}],"curies":[{"name":"wp","href":"https:\/\/api.w.org\/{rel}","templated":true}]}}