{"id":2730,"date":"2017-12-30T21:04:25","date_gmt":"2017-12-30T21:04:25","guid":{"rendered":"http:\/\/biblian.is\/biblian\/fyrra-_essalon%c2%92kubr%c2%8ef-2-kafli\/"},"modified":"2019-08-27T00:07:05","modified_gmt":"2019-08-27T00:07:05","slug":"fyrra-thessalonikubref-2-kafli","status":"publish","type":"page","link":"https:\/\/biblian.is\/biblian\/fyrra-thessalonikubref-2-kafli\/","title":{"rendered":"Fyrra \u00deessalon\u00edkubr\u00e9f 2. kafli"},"content":{"rendered":"<h3 class=\"millifyrirsogn_2007\"> Starf P\u00e1ls \u00ed \u00deessalon\u00edku<\/h3>\n<p><a name=\"1\"><span class=\"versanumer_2007\">1<\/span><\/a> Sj\u00e1lf viti\u00f0 \u00fei\u00f0, br\u00e6\u00f0ur og systur,<span class=\"nedan_mal\" title=\" Or\u00f0r\u00e9tt: br\u00e6\u00f0ur.\">[<\/span> a\u00f0 koma m\u00edn til ykkar var\u00f0 ekki \u00e1rangurslaus. <a name=\"2\"><span class=\"versanumer_2007\">2<\/span><\/a> Ykkur er kunnugt a\u00f0 \u00e9g haf\u00f0i \u00e1\u00f0ur \u00feola\u00f0 illt og veri\u00f0 mis\u00feyrmt \u00ed Filipp\u00ed en Gu\u00f0 minn gaf m\u00e9r dj\u00f6rfung til a\u00f0 tala til ykkar fagna\u00f0arerindi Gu\u00f0s \u00fe\u00f3tt bar\u00e1ttan v\u00e6ri mikil. <a name=\"3\"><span class=\"versanumer_2007\">3<\/span><\/a> Bo\u00f0un m\u00edn er ekki sprottin af villu e\u00f0a af \u00f3hreinum hv\u00f6tum og \u00e9g reyni ekki a\u00f0 blekkja neinn. <a name=\"4\"><span class=\"versanumer_2007\">4<\/span><\/a> En Gu\u00f0 hefur tali\u00f0 mig maklegan \u00feess a\u00f0 tr\u00faa m\u00e9r fyrir fagna\u00f0arerindinu. \u00deannig hef \u00e9g l\u00edka tala\u00f0, ekki til \u00feess a\u00f0 \u00fe\u00f3knast m\u00f6nnum heldur Gu\u00f0i sem rannsakar hj\u00f6rtu okkar. <a name=\"5\"><span class=\"versanumer_2007\">5<\/span><\/a> Aldrei haf\u00f0i \u00e9g nein smja\u00f0uryr\u00f0i \u00e1 v\u00f6rum, \u00fea\u00f0 viti\u00f0 \u00fei\u00f0. Og ekki bj\u00f3 \u00fear \u00e1s\u00e6lni a\u00f0 baki &#8211; Gu\u00f0 er vottur \u00feess. <a name=\"6\"><span class=\"versanumer_2007\">6<\/span><\/a> Ekki leita\u00f0i \u00e9g vegsemdar af m\u00f6nnum, hvorki ykkur n\u00e9 \u00f6\u00f0rum, <a name=\"7\"><span class=\"versanumer_2007\">7<\/span><\/a> \u00fe\u00f3tt \u00e9g hef\u00f0i geta\u00f0 beitt myndugleika sem postuli Krists. Nei, \u00e9g var mildur \u00e1 me\u00f0al ykkar, eins og m\u00f3\u00f0ir<span class=\"nedan_mal\" title=\" Annar lesh\u00e1ttur: vi\u00f0 vorum sem b\u00f6rn ykkar \u00e1 me\u00f0al, eins og m\u00f3\u00f0ir.\">[<\/span> sem hl\u00fair a\u00f0 b\u00f6rnum s\u00ednum. <a name=\"8\"><span class=\"versanumer_2007\">8<\/span><\/a> \u00c9g bar sl\u00edkt k\u00e6rleiks\u00feel til ykkar a\u00f0 gla\u00f0ur hef\u00f0i \u00e9g ekki einungis gefi\u00f0 ykkur fagna\u00f0arerindi Gu\u00f0s heldur og mitt eigi\u00f0 l\u00edf, svo \u00e1stf\u00f3lgin voru\u00f0 \u00fei\u00f0 or\u00f0in m\u00e9r. <a name=\"9\"><span class=\"versanumer_2007\">9<\/span><\/a> \u00dei\u00f0 muni\u00f0, br\u00e6\u00f0ur og systur,<span class=\"nedan_mal\" title=\" Or\u00f0r\u00e9tt: br\u00e6\u00f0ur.\">[<\/span> eftir erfi\u00f0i m\u00ednu og striti: \u00c9g vann n\u00f3tt og dag til \u00feess a\u00f0 vera ekki neinu ykkar til \u00feyngsla um lei\u00f0 og \u00e9g pr\u00e9dika\u00f0i fyrir ykkur fagna\u00f0arerindi Gu\u00f0s. <br \/> <a name=\"10\"><span class=\"versanumer_2007\">10<\/span><\/a> \u00dei\u00f0 eru\u00f0 vottar \u00feess me\u00f0 Gu\u00f0i a\u00f0 framkoma m\u00edn vi\u00f0 ykkur sem tr\u00fai\u00f0 var hrein, r\u00e9ttv\u00eds og \u00f3a\u00f0finnanleg. <a name=\"11\"><span class=\"versanumer_2007\">11<\/span><\/a> \u00dei\u00f0 viti\u00f0 hvernig \u00e9g lag\u00f0i a\u00f0 ykkur og hvatti og gr\u00e1tb\u00e6ndi hvert og eitt ykkar eins og fa\u00f0ir b\u00f6rn s\u00edn <a name=\"12\"><span class=\"versanumer_2007\">12<\/span><\/a> a\u00f0 \u00fei\u00f0 skyldu\u00f0 breyta eins og sambo\u00f0i\u00f0 er Gu\u00f0i sem kallar ykkur til r\u00edkis s\u00edns og d\u00fdr\u00f0ar. <br \/> <a name=\"13\"><span class=\"versanumer_2007\">13<\/span><\/a> Og \u00feess vegna \u00feakka \u00e9g l\u00edka Gu\u00f0i \u00e1n afl\u00e1ts \u00fev\u00ed a\u00f0 \u00feegar \u00fei\u00f0 veittu\u00f0 vi\u00f0t\u00f6ku or\u00f0i Gu\u00f0s, sem \u00e9g bo\u00f0a\u00f0i, \u00fe\u00e1 t\u00f3ku\u00f0 \u00fei\u00f0 ekki vi\u00f0 \u00fev\u00ed sem manna or\u00f0i heldur sem Gu\u00f0s or\u00f0i &#8211; eins og \u00fea\u00f0 \u00ed sannleika er og \u00fea\u00f0 s\u00fdnir kraft sinn \u00ed ykkur sem tr\u00fai\u00f0. <a name=\"14\"><span class=\"versanumer_2007\">14<\/span><\/a> \u00dei\u00f0 hafi\u00f0, systkin,<span class=\"nedan_mal\" title=\" Or\u00f0r\u00e9tt: br\u00e6\u00f0ur.\">[<\/span> teki\u00f0 ykkur til fyrirmyndar s\u00f6fnu\u00f0i Gu\u00f0s \u00ed J\u00fadeu sem eru \u00ed Kristi Jes\u00fa. \u00dev\u00ed a\u00f0 \u00fei\u00f0 hafi\u00f0 \u00feola\u00f0 hi\u00f0 sama af l\u00f6ndum ykkar sem \u00feeir ur\u00f0u a\u00f0 \u00feola af Gy\u00f0ingum <a name=\"15\"><span class=\"versanumer_2007\">15<\/span><\/a> er b\u00e6\u00f0i l\u00edfl\u00e9tu Drottin Jes\u00fa og sp\u00e1mennina og hafa ofs\u00f3tt okkur. \u00deeir eru Gu\u00f0i eigi \u00fe\u00f3knanlegir og \u00f6llum m\u00f6nnum m\u00f3tsn\u00fanir. <a name=\"16\"><span class=\"versanumer_2007\">16<\/span><\/a> \u00deeir vilja meina m\u00e9r a\u00f0 tala til hei\u00f0ingjanna til \u00feess a\u00f0 \u00feeir megi ver\u00f0a h\u00f3lpnir. \u00deannig fylla \u00feeir st\u00f6\u00f0ugt m\u00e6li synda sinna. En rei\u00f0in er \u00fe\u00e1 l\u00edka yfir \u00fe\u00e1 komin um s\u00ed\u00f0ir.<\/p>\n<h3 class=\"millifyrirsogn_2007\">\u00c9g hef \u00fer\u00e1\u00f0 a\u00f0 sj\u00e1 ykkur<\/h3>\n<p><a name=\"17\"><span class=\"versanumer_2007\">17<\/span><\/a> En \u00e9g, br\u00e6\u00f0ur og systur,<span class=\"nedan_mal\" title=\" Or\u00f0r\u00e9tt: br\u00e6\u00f0ur.\">[<\/span> sem um stundarsakir hef veri\u00f0 skilinn fr\u00e1 ykkur a\u00f0 l\u00edkamanum til en ekki huganum, hef \u00fer\u00e1\u00f0 ykkur mj\u00f6g og gert m\u00e9r allt far um a\u00f0 f\u00e1 a\u00f0 sj\u00e1 ykkur aftur. <a name=\"18\"><span class=\"versanumer_2007\">18<\/span><\/a> \u00deess vegna \u00e6tla\u00f0i \u00e9g a\u00f0 koma til ykkar, \u00e9g, P\u00e1ll, oftar en einu sinni en Satan hefur hamla\u00f0 \u00fev\u00ed. <a name=\"19\"><span class=\"versanumer_2007\">19<\/span><\/a> Hver er von m\u00edn e\u00f0a gle\u00f0i e\u00f0a sigursveigurinn sem \u00e9g miklast af? Eru\u00f0 \u00fea\u00f0 ekki einmitt \u00fei\u00f0, frammi fyrir Drottni vorum Jes\u00fa vi\u00f0 komu hans? <a name=\"20\"><span class=\"versanumer_2007\">20<\/span><\/a> J\u00e1, \u00fei\u00f0 eru\u00f0 vegsemd m\u00edn og gle\u00f0i. <\/p>\n","protected":false},"excerpt":{"rendered":"<p>Starf P\u00e1ls \u00ed \u00deessalon\u00edku 1 Sj\u00e1lf viti\u00f0 \u00fei\u00f0, br\u00e6\u00f0ur og systur,[ a\u00f0 koma m\u00edn til ykkar var\u00f0 ekki \u00e1rangurslaus. 2 Ykkur er kunnugt a\u00f0 \u00e9g haf\u00f0i \u00e1\u00f0ur \u00feola\u00f0 illt og veri\u00f0 mis\u00feyrmt \u00ed Filipp\u00ed en Gu\u00f0 minn gaf m\u00e9r dj\u00f6rfung til a\u00f0 tala til ykkar fagna\u00f0arerindi Gu\u00f0s \u00fe\u00f3tt bar\u00e1ttan v\u00e6ri mikil. 3 Bo\u00f0un m\u00edn er ekki sprottin af villu e\u00f0a af \u00f3hreinum hv\u00f6tum og \u00e9g reyni ekki a\u00f0 blekkja neinn. 4 En Gu\u00f0 hefur tali\u00f0 mig maklegan \u00feess a\u00f0 tr\u00faa m\u00e9r fyrir fagna\u00f0arerindinu. \u00deannig hef \u00e9g l\u00edka tala\u00f0, ekki til \u00feess a\u00f0 \u00fe\u00f3knast m\u00f6nnum heldur Gu\u00f0i sem rannsakar hj\u00f6rtu okkar. <a href=\"https:\/\/biblian.is\/biblian\/fyrra-thessalonikubref-2-kafli\/\"> [&#8230;]<\/a><\/p>\n","protected":false},"author":1,"featured_media":0,"parent":0,"menu_order":0,"comment_status":"open","ping_status":"open","template":"bibliukaflar_NT.php","meta":{"footnotes":""},"class_list":["post-2730","page","type-page","status-publish","hentry"],"_links":{"self":[{"href":"https:\/\/biblian.is\/biblian\/wp-json\/wp\/v2\/pages\/2730","targetHints":{"allow":["GET"]}}],"collection":[{"href":"https:\/\/biblian.is\/biblian\/wp-json\/wp\/v2\/pages"}],"about":[{"href":"https:\/\/biblian.is\/biblian\/wp-json\/wp\/v2\/types\/page"}],"author":[{"embeddable":true,"href":"https:\/\/biblian.is\/biblian\/wp-json\/wp\/v2\/users\/1"}],"replies":[{"embeddable":true,"href":"https:\/\/biblian.is\/biblian\/wp-json\/wp\/v2\/comments?post=2730"}],"version-history":[{"count":0,"href":"https:\/\/biblian.is\/biblian\/wp-json\/wp\/v2\/pages\/2730\/revisions"}],"wp:attachment":[{"href":"https:\/\/biblian.is\/biblian\/wp-json\/wp\/v2\/media?parent=2730"}],"curies":[{"name":"wp","href":"https:\/\/api.w.org\/{rel}","templated":true}]}}