{"id":2727,"date":"2017-12-30T21:04:25","date_gmt":"2017-12-30T21:04:25","guid":{"rendered":"http:\/\/biblian.is\/biblian\/k%c2%97lussubr%c2%8efi_-3-kafli\/"},"modified":"2019-08-27T00:10:06","modified_gmt":"2019-08-27T00:10:06","slug":"kolossubrefid-3-kafli","status":"publish","type":"page","link":"https:\/\/biblian.is\/biblian\/kolossubrefid-3-kafli\/","title":{"rendered":"K\u00f3lossubr\u00e9fi\u00f0 3. kafli"},"content":{"rendered":"<h3 class=\"millifyrirsogn_2007\"> Hinn gamli og n\u00fdi ma\u00f0ur<\/h3>\n<p><a name=\"1\"><span class=\"versanumer_2007\">1<\/span><\/a> Fyrst \u00fei\u00f0 \u00fev\u00ed eru\u00f0 uppvakin me\u00f0 Kristi, \u00fe\u00e1 keppist eftir \u00fev\u00ed sem er hi\u00f0 efra \u00fear sem Kristur situr vi\u00f0 h\u00e6gri h\u00f6nd Gu\u00f0s. <a name=\"2\"><span class=\"versanumer_2007\">2<\/span><\/a> Hugsi\u00f0 um \u00fea\u00f0 sem er hi\u00f0 efra en ekki um \u00fea\u00f0 sem \u00e1 j\u00f6r\u00f0inni er. <a name=\"3\"><span class=\"versanumer_2007\">3<\/span><\/a> \u00dev\u00ed a\u00f0 \u00fei\u00f0 eru\u00f0 d\u00e1in og l\u00edf ykkar er f\u00f3lgi\u00f0 me\u00f0 Kristi \u00ed Gu\u00f0i. <a name=\"4\"><span class=\"versanumer_2007\">4<\/span><\/a> \u00deegar Kristur, sem er l\u00edf ykkar, opinberast, \u00fe\u00e1 munu\u00f0 \u00fei\u00f0 og \u00e1samt honum opinberast \u00ed d\u00fdr\u00f0. <br \/> <a name=\"5\"><span class=\"versanumer_2007\">5<\/span><\/a> Dey\u00f0i\u00f0 \u00fev\u00ed hi\u00f0 jar\u00f0bundna \u00ed fari ykkar: h\u00f3rd\u00f3m, saurlifna\u00f0, losta, vonda f\u00fdsn og \u00e1girnd sem ekki er anna\u00f0 en skur\u00f0go\u00f0ad\u00fdrkun. <a name=\"6\"><span class=\"versanumer_2007\">6<\/span><\/a> Af \u00feessu kemur rei\u00f0i Gu\u00f0s yfir \u00fe\u00e1 sem hl\u00fd\u00f0a honum ekki.<span class=\"nedan_mal\" title=\" Or\u00f0in \u201eyfir \u00fe\u00e1 sem hl\u00fd\u00f0a honum ekki\u201c vantar \u00ed sum handrit.\">[<\/span> <a name=\"7\"><span class=\"versanumer_2007\">7<\/span><\/a> Me\u00f0al \u00feeirra voru\u00f0 einnig \u00fei\u00f0 \u00e1\u00f0ur \u00feegar \u00fei\u00f0 lif\u00f0u\u00f0 \u00ed \u00feessum syndum. <a name=\"8\"><span class=\"versanumer_2007\">8<\/span><\/a> En n\u00fa skulu\u00f0 \u00fei\u00f0 segja skili\u00f0 vi\u00f0 allt \u00feetta: rei\u00f0i, br\u00e6\u00f0i, vonsku, lastm\u00e6li, sv\u00edvir\u00f0ilegt or\u00f0brag\u00f0. <a name=\"9\"><span class=\"versanumer_2007\">9<\/span><\/a> Lj\u00fagi\u00f0 ekki hvert a\u00f0 \u00f6\u00f0ru \u00fev\u00ed \u00fei\u00f0 hafi\u00f0 afkl\u00e6\u00f0st hinum gamla manni me\u00f0 gj\u00f6r\u00f0um hans <a name=\"10\"><span class=\"versanumer_2007\">10<\/span><\/a> og \u00edkl\u00e6\u00f0st hinum n\u00fdja sem Gu\u00f0 er a\u00f0 skapa a\u00f0 n\u00fdju \u00ed sinni mynd til \u00feess a\u00f0 \u00fei\u00f0 f\u00e1i\u00f0 gj\u00f6r\u00feekkt hann. <a name=\"11\"><span class=\"versanumer_2007\">11<\/span><\/a> \u00dear er hvorki gr\u00edskur ma\u00f0ur n\u00e9 Gy\u00f0ingur, umskorinn n\u00e9 \u00f3umskorinn, \u00fatlendingur, Sk\u00fdti, \u00fer\u00e6ll n\u00e9 frj\u00e1ls ma\u00f0ur, \u00fear er Kristur allt og \u00ed \u00f6llum.<br \/> <a name=\"12\"><span class=\"versanumer_2007\">12<\/span><\/a> \u00cdkl\u00e6\u00f0ist \u00fev\u00ed eins og Gu\u00f0s \u00fatvalin, heil\u00f6g og elsku\u00f0 b\u00f6rn hjartagr\u00f3inni me\u00f0aumkun, g\u00f3\u00f0vild, au\u00f0m\u00fdkt, h\u00f3gv\u00e6r\u00f0 og langlyndi. <a name=\"13\"><span class=\"versanumer_2007\">13<\/span><\/a> Umberi\u00f0 hvert anna\u00f0 og fyrirgefi\u00f0 hvert \u00f6\u00f0ru ef einhver hefur s\u00f6k \u00e1 hendur \u00f6\u00f0rum. Eins og Drottinn hefur fyrirgefi\u00f0 ykkur, svo skulu\u00f0 \u00fei\u00f0 og gera. <a name=\"14\"><span class=\"versanumer_2007\">14<\/span><\/a> En \u00edkl\u00e6\u00f0ist yfir allt \u00feetta elskunni sem bindur allt saman og fullkomnar allt.<br \/> <a name=\"15\"><span class=\"versanumer_2007\">15<\/span><\/a> L\u00e1ti\u00f0 fri\u00f0 Krists r\u00edkja \u00ed hj\u00f6rtum ykkar \u00fev\u00ed a\u00f0 Gu\u00f0 kalla\u00f0i ykkur til a\u00f0 lifa saman \u00ed fri\u00f0i sem limi \u00ed einum l\u00edkama. Veri\u00f0 \u00feakkl\u00e1t. <br \/> <a name=\"16\"><span class=\"versanumer_2007\">16<\/span><\/a> L\u00e1ti\u00f0 or\u00f0 Krists b\u00faa me\u00f0 ykkur \u00ed allri sinni au\u00f0leg\u00f0 og speki. Fr\u00e6\u00f0i\u00f0 og \u00e1minni\u00f0 hvert anna\u00f0 og syngi\u00f0 Gu\u00f0i s\u00e6tlega lof \u00ed hj\u00f6rtum ykkar me\u00f0 s\u00e1lmum, lofs\u00f6ngvum og andlegum lj\u00f3\u00f0um. <a name=\"17\"><span class=\"versanumer_2007\">17<\/span><\/a> Hva\u00f0 sem \u00fei\u00f0 segi\u00f0 e\u00f0a geri\u00f0, geri\u00f0 \u00fea\u00f0 allt \u00ed nafni Drottins Jes\u00fa og \u00feakki\u00f0 Gu\u00f0i f\u00f6\u00f0ur me\u00f0 hj\u00e1lp hans.<\/p>\n<h3 class=\"millifyrirsogn_2007\">N\u00fdtt samf\u00e9lag<\/h3>\n<p><a name=\"18\"><span class=\"versanumer_2007\">18<\/span><\/a> Konur, veri\u00f0 undirgefnar eiginm\u00f6nnum ykkar eins og s\u00f3mir \u00feeim er Drottni heyra til. <br \/> <a name=\"19\"><span class=\"versanumer_2007\">19<\/span><\/a> Karlar, elski\u00f0 eiginkonur ykkar og veri\u00f0 ekki beiskir vi\u00f0 \u00fe\u00e6r. <br \/> <a name=\"20\"><span class=\"versanumer_2007\">20<\/span><\/a> B\u00f6rn, veri\u00f0 hl\u00fd\u00f0in foreldrum ykkar \u00ed \u00f6llu \u00fev\u00ed a\u00f0 \u00fea\u00f0 er Drottni \u00fe\u00f3knanlegt.<br \/> <a name=\"21\"><span class=\"versanumer_2007\">21<\/span><\/a> Fe\u00f0ur, veri\u00f0 ekki h\u00f6stugir vi\u00f0 b\u00f6rn ykkar, \u00fea\u00f0 gerir \u00feau \u00edst\u00f6\u00f0ulaus. <br \/> <a name=\"22\"><span class=\"versanumer_2007\">22<\/span><\/a> \u00der\u00e6lar, veri\u00f0 \u00ed \u00f6llu hl\u00fd\u00f0nir jar\u00f0neskum h\u00fasb\u00e6ndum ykkar, ekki me\u00f0 augna\u00fej\u00f3nustu, eins og \u00feeir er m\u00f6nnum vilja \u00fe\u00f3knast, heldur af einl\u00e6gni hjartans, af lotningu fyrir Drottni. <a name=\"23\"><span class=\"versanumer_2007\">23<\/span><\/a> Hva\u00f0 sem \u00fei\u00f0 geri\u00f0, \u00fe\u00e1 geri\u00f0 \u00fea\u00f0 af heilum huga eins og Drottinn \u00e6tti \u00ed hlut en ekki menn. <a name=\"24\"><span class=\"versanumer_2007\">24<\/span><\/a> \u00dei\u00f0 viti\u00f0 og sj\u00e1lfir a\u00f0 Drottinn mun veita ykkur arfleif\u00f0ina a\u00f0 launum enda \u00fej\u00f3ni\u00f0 \u00fei\u00f0 Drottni Kristi. <a name=\"25\"><span class=\"versanumer_2007\">25<\/span><\/a> S\u00e1 sem rangt gerir skal f\u00e1 \u00fea\u00f0 endurgoldi\u00f0 sem hann ger\u00f0i rangt og \u00fear er ekki fari\u00f0 \u00ed manngreinar\u00e1lit.<\/p>\n","protected":false},"excerpt":{"rendered":"<p>Hinn gamli og n\u00fdi ma\u00f0ur 1 Fyrst \u00fei\u00f0 \u00fev\u00ed eru\u00f0 uppvakin me\u00f0 Kristi, \u00fe\u00e1 keppist eftir \u00fev\u00ed sem er hi\u00f0 efra \u00fear sem Kristur situr vi\u00f0 h\u00e6gri h\u00f6nd Gu\u00f0s. 2 Hugsi\u00f0 um \u00fea\u00f0 sem er hi\u00f0 efra en ekki um \u00fea\u00f0 sem \u00e1 j\u00f6r\u00f0inni er. 3 \u00dev\u00ed a\u00f0 \u00fei\u00f0 eru\u00f0 d\u00e1in og l\u00edf ykkar er f\u00f3lgi\u00f0 me\u00f0 Kristi \u00ed Gu\u00f0i. 4 \u00deegar Kristur, sem er l\u00edf ykkar, opinberast, \u00fe\u00e1 munu\u00f0 \u00fei\u00f0 og \u00e1samt honum opinberast \u00ed d\u00fdr\u00f0. 5 Dey\u00f0i\u00f0 \u00fev\u00ed hi\u00f0 jar\u00f0bundna \u00ed fari ykkar: h\u00f3rd\u00f3m, saurlifna\u00f0, losta, vonda f\u00fdsn og \u00e1girnd sem ekki er anna\u00f0 en skur\u00f0go\u00f0ad\u00fdrkun. 6 Af <a href=\"https:\/\/biblian.is\/biblian\/kolossubrefid-3-kafli\/\"> [&#8230;]<\/a><\/p>\n","protected":false},"author":1,"featured_media":0,"parent":0,"menu_order":0,"comment_status":"open","ping_status":"open","template":"bibliukaflar_NT.php","meta":{"footnotes":""},"class_list":["post-2727","page","type-page","status-publish","hentry"],"_links":{"self":[{"href":"https:\/\/biblian.is\/biblian\/wp-json\/wp\/v2\/pages\/2727","targetHints":{"allow":["GET"]}}],"collection":[{"href":"https:\/\/biblian.is\/biblian\/wp-json\/wp\/v2\/pages"}],"about":[{"href":"https:\/\/biblian.is\/biblian\/wp-json\/wp\/v2\/types\/page"}],"author":[{"embeddable":true,"href":"https:\/\/biblian.is\/biblian\/wp-json\/wp\/v2\/users\/1"}],"replies":[{"embeddable":true,"href":"https:\/\/biblian.is\/biblian\/wp-json\/wp\/v2\/comments?post=2727"}],"version-history":[{"count":0,"href":"https:\/\/biblian.is\/biblian\/wp-json\/wp\/v2\/pages\/2727\/revisions"}],"wp:attachment":[{"href":"https:\/\/biblian.is\/biblian\/wp-json\/wp\/v2\/media?parent=2727"}],"curies":[{"name":"wp","href":"https:\/\/api.w.org\/{rel}","templated":true}]}}