{"id":2715,"date":"2017-12-30T21:04:20","date_gmt":"2017-12-30T21:04:20","guid":{"rendered":"http:\/\/biblian.is\/biblian\/efesusbr%c2%8efi_-1-kafli\/"},"modified":"2019-08-27T00:01:49","modified_gmt":"2019-08-27T00:01:49","slug":"efesusbrefid-1-kafli","status":"publish","type":"page","link":"https:\/\/biblian.is\/biblian\/efesusbrefid-1-kafli\/","title":{"rendered":"Efesusbr\u00e9fi\u00f0 1. kafli"},"content":{"rendered":"<h3 class=\"millifyrirsogn_2007\"> Kve\u00f0ja<\/h3>\n<p><a name=\"1\"><span class=\"versanumer_2007\">1<\/span><\/a> P\u00e1ll, a\u00f0 vilja Gu\u00f0s postuli Krists Jes\u00fa, heilsar hinum heil\u00f6gu \u00ed Efesus sem tr\u00faa \u00e1 Krist Jes\u00fa. <br \/> <a name=\"2\"><span class=\"versanumer_2007\">2<\/span><\/a> N\u00e1\u00f0 s\u00e9 me\u00f0 y\u00f0ur og fri\u00f0ur fr\u00e1 Gu\u00f0i f\u00f6\u00f0ur vorum og Drottni Jes\u00fa Kristi. <\/p>\n<h3 class=\"millifyrirsogn_2007\">Lofgj\u00f6r\u00f0<\/h3>\n<p><a name=\"3\"><span class=\"versanumer_2007\">3<\/span><\/a> Lofa\u00f0ur s\u00e9 Gu\u00f0 og fa\u00f0ir Drottins vors Jes\u00fa Krists sem \u00ed Kristi hefur blessa\u00f0 oss me\u00f0 allri andlegri blessun himinsins. <a name=\"4\"><span class=\"versanumer_2007\">4<\/span><\/a> \u00c1\u00f0ur en grunnur heimsins var lag\u00f0ur \u00fatvaldi hann oss \u00ed Kristi a\u00f0 hann hef\u00f0i oss fyrir augum s\u00e9r heil\u00f6g og l\u00fdtalaus \u00ed k\u00e6rleika. <br \/> <span class=\"ljodatexti\"> <a name=\"5\"><span class=\"versanumer_ljod\">5<\/span><\/a>Fyrir fram \u00e1kva\u00f0 hann a\u00f0 gera oss a\u00f0 b\u00f6rnum s\u00ednum \u00ed Jes\u00fa Kristi. <br \/>S\u00e1 var n\u00e1\u00f0arvilji hans. <br \/> <\/span> <span class=\"ljodatexti\"> <a name=\"6\"><span class=\"versanumer_ljod\">6<\/span><\/a>Hann vildi a\u00f0 v\u00e9r yr\u00f0um til vegsemdar d\u00fdr\u00f0 hans og n\u00e1\u00f0 <br \/>sem hann hefur gefi\u00f0 oss \u00ed s\u00ednum elska\u00f0a syni. <br \/> <\/span> <span class=\"ljodatexti\"> <a name=\"7\"><span class=\"versanumer_ljod\">7<\/span><\/a>\u00cd honum, fyrir hans bl\u00f3\u00f0, eigum v\u00e9r endurlausnina <br \/>og fyrirgefningu afbrota vorra. <br \/> <\/span> <span class=\"ljodatexti\"> <a name=\"8\"><span class=\"versanumer_ljod\">8<\/span><\/a>Svo au\u00f0ug er n\u00e1\u00f0 hans sem hann gaf oss r\u00edkulega <br \/>me\u00f0 hvers konar v\u00edsd\u00f3mi og skilningi. <br \/> <\/span> <span class=\"ljodatexti\"> <a name=\"9\"><span class=\"versanumer_ljod\">9<\/span><\/a>Og hann hefur birt oss leyndard\u00f3m vilja s\u00edns, <br \/>\u00feann \u00e1setning um Krist <\/span> <span class=\"ljodatexti\"> <a name=\"10\"><span class=\"versanumer_ljod\">10<\/span><\/a>sem hann \u00ed n\u00e1\u00f0 sinni \u00e6tla\u00f0i s\u00e9r a\u00f0 framkv\u00e6ma \u00ed fyllingu t\u00edmanna:<br \/>A\u00f0 safna \u00f6llu sem til er \u00e1 himni og j\u00f6r\u00f0u undir eitt h\u00f6fu\u00f0 \u00ed Kristi. <br \/> <\/span> <span class=\"ljodatexti\"> <a name=\"11\"><span class=\"versanumer_ljod\">11<\/span><\/a>\u00cd honum h\u00f6fum v\u00e9r \u00fe\u00e1 l\u00edka \u00f6\u00f0last arfleif\u00f0ina <br \/>eins og oss var fyrirhuga\u00f0 samkv\u00e6mt fyrir\u00e6tlun hans <br \/>er framkv\u00e6mir allt eftir \u00e1lyktun vilja s\u00edns <br \/> <\/span> <span class=\"ljodatexti\"> <a name=\"12\"><span class=\"versanumer_ljod\">12<\/span><\/a>til \u00feess a\u00f0 v\u00e9r, sem \u00e1\u00f0ur h\u00f6fum sett von vora til Krists, <br \/>skyldum vera d\u00fdr\u00f0 hans til vegsemdar. <br \/> <\/span> <span class=\"ljodatexti\"> <a name=\"13\"><span class=\"versanumer_ljod\">13<\/span><\/a>\u00cd honum eru\u00f0 og \u00fe\u00e9r eftir a\u00f0 hafa heyrt or\u00f0 sannleikans, <br \/>fagna\u00f0arerindi\u00f0 um s\u00e1luhj\u00e1lp y\u00f0ar <br \/>og teki\u00f0 tr\u00fa \u00e1 hann <br \/>og veri\u00f0 merkt innsigli heilags anda sem y\u00f0ur var fyrirheiti\u00f0. <br \/> <\/span> <span class=\"ljodatexti\"> <a name=\"14\"><span class=\"versanumer_ljod\">14<\/span><\/a>Hann er pantur arfleif\u00f0ar vorrar <br \/>a\u00f0 v\u00e9r ver\u00f0um endurleyst Gu\u00f0i til eignar, <br \/>d\u00fdr\u00f0 hans til vegsemdar. <\/span> <\/p>\n<h3 class=\"millifyrirsogn_2007\">\u00deakkir og fyrirb\u00e6n<\/h3>\n<p><a name=\"15\"><span class=\"versanumer_2007\">15<\/span><\/a> Eftir a\u00f0 hafa heyrt um tr\u00fa ykkar \u00e1 Drottin Jes\u00fa og um k\u00e6rleika ykkar til allra heilagra <a name=\"16\"><span class=\"versanumer_2007\">16<\/span><\/a> hef \u00e9g \u00feess vegna ekki heldur l\u00e1ti\u00f0 af a\u00f0 \u00feakka fyrir ykkur er \u00e9g minnist ykkar \u00ed b\u00e6num m\u00ednum. <a name=\"17\"><span class=\"versanumer_2007\">17<\/span><\/a> \u00c9g bi\u00f0 Gu\u00f0 Drottins vors Jes\u00fa Krists, f\u00f6\u00f0ur d\u00fdr\u00f0arinnar, a\u00f0 gefa ykkur anda speki og opinberunar svo a\u00f0 \u00fei\u00f0 f\u00e1i\u00f0 \u00feekkt hann. <a name=\"18\"><span class=\"versanumer_2007\">18<\/span><\/a> \u00c9g bi\u00f0 hann a\u00f0 uppl\u00fdsa sj\u00f3n hjartans svo a\u00f0 \u00fei\u00f0 sj\u00e1i\u00f0 hver s\u00fa von er sem hann hefur kalla\u00f0 okkur til, hve r\u00edkulega og d\u00fdrlega arfleif\u00f0 hann \u00e6tlar okkur me\u00f0al hinna heil\u00f6gu <a name=\"19\"><span class=\"versanumer_2007\">19<\/span><\/a> og hve kr\u00f6ftuglega hann verkar \u00ed okkur sem tr\u00faum. En \u00feetta er sami \u00e1hrifamikli, kr\u00f6ftugi m\u00e1tturinn <a name=\"20\"><span class=\"versanumer_2007\">20<\/span><\/a> sem hann l\u00e9t koma fram \u00ed Kristi er hann vakti hann fr\u00e1 dau\u00f0um og l\u00e9t hann setjast s\u00e9r til h\u00e6gri handar \u00e1 himnum, <a name=\"21\"><span class=\"versanumer_2007\">21<\/span><\/a> ofar hverri tign og valdi og m\u00e6tti, ofar \u00f6llum herrad\u00f3mi og s\u00e9rhverju nafni sem nefnt er, ekki a\u00f0eins \u00ed \u00feessari ver\u00f6ld heldur og \u00ed hinni komandi. <a name=\"22\"><span class=\"versanumer_2007\">22<\/span><\/a> Allt hefur hann lagt undir f\u00e6tur honum og gefi\u00f0 hann kirkjunni sem h\u00f6fu\u00f0i\u00f0 yfir \u00f6llu. <a name=\"23\"><span class=\"versanumer_2007\">23<\/span><\/a> En kirkjan er l\u00edkami hans og fyllist af honum sem sj\u00e1lfur fyllir allt \u00ed \u00f6llu. <\/p>\n","protected":false},"excerpt":{"rendered":"<p>Kve\u00f0ja 1 P\u00e1ll, a\u00f0 vilja Gu\u00f0s postuli Krists Jes\u00fa, heilsar hinum heil\u00f6gu \u00ed Efesus sem tr\u00faa \u00e1 Krist Jes\u00fa. 2 N\u00e1\u00f0 s\u00e9 me\u00f0 y\u00f0ur og fri\u00f0ur fr\u00e1 Gu\u00f0i f\u00f6\u00f0ur vorum og Drottni Jes\u00fa Kristi. Lofgj\u00f6r\u00f0 3 Lofa\u00f0ur s\u00e9 Gu\u00f0 og fa\u00f0ir Drottins vors Jes\u00fa Krists sem \u00ed Kristi hefur blessa\u00f0 oss me\u00f0 allri andlegri blessun himinsins. 4 \u00c1\u00f0ur en grunnur heimsins var lag\u00f0ur \u00fatvaldi hann oss \u00ed Kristi a\u00f0 hann hef\u00f0i oss fyrir augum s\u00e9r heil\u00f6g og l\u00fdtalaus \u00ed k\u00e6rleika. 5Fyrir fram \u00e1kva\u00f0 hann a\u00f0 gera oss a\u00f0 b\u00f6rnum s\u00ednum \u00ed Jes\u00fa Kristi. S\u00e1 var n\u00e1\u00f0arvilji hans. 6Hann vildi a\u00f0 <a href=\"https:\/\/biblian.is\/biblian\/efesusbrefid-1-kafli\/\"> [&#8230;]<\/a><\/p>\n","protected":false},"author":1,"featured_media":0,"parent":0,"menu_order":0,"comment_status":"open","ping_status":"open","template":"bibliukaflar_NT.php","meta":{"footnotes":""},"class_list":["post-2715","page","type-page","status-publish","hentry"],"_links":{"self":[{"href":"https:\/\/biblian.is\/biblian\/wp-json\/wp\/v2\/pages\/2715","targetHints":{"allow":["GET"]}}],"collection":[{"href":"https:\/\/biblian.is\/biblian\/wp-json\/wp\/v2\/pages"}],"about":[{"href":"https:\/\/biblian.is\/biblian\/wp-json\/wp\/v2\/types\/page"}],"author":[{"embeddable":true,"href":"https:\/\/biblian.is\/biblian\/wp-json\/wp\/v2\/users\/1"}],"replies":[{"embeddable":true,"href":"https:\/\/biblian.is\/biblian\/wp-json\/wp\/v2\/comments?post=2715"}],"version-history":[{"count":0,"href":"https:\/\/biblian.is\/biblian\/wp-json\/wp\/v2\/pages\/2715\/revisions"}],"wp:attachment":[{"href":"https:\/\/biblian.is\/biblian\/wp-json\/wp\/v2\/media?parent=2715"}],"curies":[{"name":"wp","href":"https:\/\/api.w.org\/{rel}","templated":true}]}}