{"id":2714,"date":"2017-12-30T21:04:20","date_gmt":"2017-12-30T21:04:20","guid":{"rendered":"http:\/\/biblian.is\/biblian\/galatabr%c2%8efi_-6-kafli\/"},"modified":"2019-08-26T23:58:20","modified_gmt":"2019-08-26T23:58:20","slug":"galatabrefid-6-kafli","status":"publish","type":"page","link":"https:\/\/biblian.is\/biblian\/galatabrefid-6-kafli\/","title":{"rendered":"Galatabr\u00e9fi\u00f0 6. kafli"},"content":{"rendered":"<h3 class=\"millifyrirsogn_2007\"> N\u00fdtt l\u00edf<\/h3>\n<p><a name=\"1\"><span class=\"versanumer_2007\">1<\/span><\/a> Br\u00e6\u00f0ur m\u00ednir og systur.<span class=\"nedan_mal\" title=\" Or\u00f0r\u00e9tt: Br\u00e6\u00f0ur.\">[<\/span> Ef einhver er sta\u00f0inn a\u00f0 misgj\u00f6r\u00f0 \u00fe\u00e1 lei\u00f0r\u00e9tti\u00f0 \u00fei\u00f0, sem andleg eru\u00f0, \u00feann mann me\u00f0 h\u00f3gv\u00e6r\u00f0. Og hafi\u00f0 g\u00e1t \u00e1 sj\u00e1lfum ykkur a\u00f0 \u00fei\u00f0 freistist ekki l\u00edka. <a name=\"2\"><span class=\"versanumer_2007\">2<\/span><\/a> Beri\u00f0 hvert annars byr\u00f0ar og uppfylli\u00f0 \u00feannig l\u00f6gm\u00e1l Krists. <a name=\"3\"><span class=\"versanumer_2007\">3<\/span><\/a> S\u00e1 sem \u00feykist vera nokku\u00f0 en er \u00fe\u00f3 ekkert blekkir sj\u00e1lfan sig. <a name=\"4\"><span class=\"versanumer_2007\">4<\/span><\/a> En s\u00e9rhver rannsaki breytni sj\u00e1lfs s\u00edn og \u00fe\u00e1 mun hann hafa hr\u00f3sunarefni \u00ed samanbur\u00f0i vi\u00f0 sj\u00e1lfan sig en ekki \u00ed samanbur\u00f0i vi\u00f0 a\u00f0ra <a name=\"5\"><span class=\"versanumer_2007\">5<\/span><\/a> \u00fev\u00ed a\u00f0 s\u00e9rhver mun ver\u00f0a a\u00f0 bera s\u00edna byr\u00f0i. <br \/> <a name=\"6\"><span class=\"versanumer_2007\">6<\/span><\/a> S\u00e1 sem f\u00e6r fr\u00e6\u00f0slu um fagna\u00f0arerindi\u00f0 veiti \u00feeim sem uppfr\u00e6\u00f0ir hlutdeild me\u00f0 s\u00e9r \u00ed \u00f6llum g\u00e6\u00f0um. <br \/> <a name=\"7\"><span class=\"versanumer_2007\">7<\/span><\/a> Villist ekki. Gu\u00f0 l\u00e6tur ekki a\u00f0 s\u00e9r h\u00e6\u00f0a. \u00dea\u00f0 sem ma\u00f0ur s\u00e1ir, \u00fea\u00f0 mun hann og uppskera. <a name=\"8\"><span class=\"versanumer_2007\">8<\/span><\/a> S\u00e1 sem s\u00e1ir \u00ed hold sj\u00e1lfs s\u00edn mun af holdinu uppskera gl\u00f6tun en s\u00e1 sem s\u00e1ir \u00ed andann mun af andanum uppskera eil\u00edft l\u00edf. <a name=\"9\"><span class=\"versanumer_2007\">9<\/span><\/a> \u00dereytumst ekki a\u00f0 gera \u00fea\u00f0 sem gott er \u00fev\u00ed a\u00f0 \u00e1 s\u00ednum t\u00edma munum vi\u00f0 uppskera ef vi\u00f0 gefumst ekki upp. <a name=\"10\"><span class=\"versanumer_2007\">10<\/span><\/a> \u00deess vegna skulum vi\u00f0, me\u00f0an t\u00edmi er til, gera \u00f6llum gott og einkum tr\u00fasystkinum okkar. <\/p>\n<h3 class=\"millifyrirsogn_2007\">Lokaor\u00f0<\/h3>\n<p><a name=\"11\"><span class=\"versanumer_2007\">11<\/span><\/a> Sj\u00e1i\u00f0 me\u00f0 hversu st\u00f3rum st\u00f6fum \u00e9g skrifa ykkur me\u00f0 eigin hendi. <a name=\"12\"><span class=\"versanumer_2007\">12<\/span><\/a> \u00deeir sem eru a\u00f0 \u00fer\u00f6ngva ykkur til a\u00f0 l\u00e1ta umskerast gera \u00fea\u00f0 til a\u00f0 s\u00fdnast, einungis til \u00feess a\u00f0 \u00feeir ver\u00f0i eigi ofs\u00f3ttir vegna kross Krists. <a name=\"13\"><span class=\"versanumer_2007\">13<\/span><\/a> \u00dev\u00ed a\u00f0 ekki halda einu sinni sj\u00e1lfir umskurnarmennirnir l\u00f6gm\u00e1li\u00f0 heldur vilja \u00feeir a\u00f0 \u00fei\u00f0 l\u00e1ti\u00f0 umskerast til \u00feess a\u00f0 \u00feeir hafi eitthva\u00f0 s\u00fdnilegt a\u00f0 st\u00e6ra sig af. <a name=\"14\"><span class=\"versanumer_2007\">14<\/span><\/a> En \u00fea\u00f0 s\u00e9 fjarri m\u00e9r a\u00f0 hr\u00f3sa m\u00e9r af \u00f6\u00f0ru en krossi Drottins vors Jes\u00fa Krists. Sakir hans er \u00e9g krossfestur heiminum og heimurinn m\u00e9r. <a name=\"15\"><span class=\"versanumer_2007\">15<\/span><\/a> Umskurn e\u00f0a yfirh\u00fa\u00f0 skipta engu, heldur a\u00f0 vera n\u00fd sk\u00f6pun. <a name=\"16\"><span class=\"versanumer_2007\">16<\/span><\/a> Og yfir \u00f6llum \u00feeim sem fylgja \u00feessari reglu s\u00e9 fri\u00f0ur og miskunn og yfir \u00cdsrael Gu\u00f0s. <br \/> <a name=\"17\"><span class=\"versanumer_2007\">17<\/span><\/a> Enginn m\u00e6\u00f0i mig h\u00e9\u00f0an \u00ed fr\u00e1 \u00fev\u00ed a\u00f0 \u00e9g ber merki Jes\u00fa \u00e1 l\u00edkama m\u00ednum. <br \/> <a name=\"18\"><span class=\"versanumer_2007\">18<\/span><\/a> N\u00e1\u00f0in Drottins vors Jes\u00fa Krists s\u00e9 me\u00f0 anda y\u00f0ar, br\u00e6\u00f0ur m\u00ednir og systur.<span class=\"nedan_mal\" title=\" Or\u00f0r\u00e9tt: br\u00e6\u00f0ur.\">[<\/span> Amen. <\/p>\n","protected":false},"excerpt":{"rendered":"<p>N\u00fdtt l\u00edf 1 Br\u00e6\u00f0ur m\u00ednir og systur.[ Ef einhver er sta\u00f0inn a\u00f0 misgj\u00f6r\u00f0 \u00fe\u00e1 lei\u00f0r\u00e9tti\u00f0 \u00fei\u00f0, sem andleg eru\u00f0, \u00feann mann me\u00f0 h\u00f3gv\u00e6r\u00f0. Og hafi\u00f0 g\u00e1t \u00e1 sj\u00e1lfum ykkur a\u00f0 \u00fei\u00f0 freistist ekki l\u00edka. 2 Beri\u00f0 hvert annars byr\u00f0ar og uppfylli\u00f0 \u00feannig l\u00f6gm\u00e1l Krists. 3 S\u00e1 sem \u00feykist vera nokku\u00f0 en er \u00fe\u00f3 ekkert blekkir sj\u00e1lfan sig. 4 En s\u00e9rhver rannsaki breytni sj\u00e1lfs s\u00edn og \u00fe\u00e1 mun hann hafa hr\u00f3sunarefni \u00ed samanbur\u00f0i vi\u00f0 sj\u00e1lfan sig en ekki \u00ed samanbur\u00f0i vi\u00f0 a\u00f0ra 5 \u00fev\u00ed a\u00f0 s\u00e9rhver mun ver\u00f0a a\u00f0 bera s\u00edna byr\u00f0i. 6 S\u00e1 sem f\u00e6r fr\u00e6\u00f0slu um fagna\u00f0arerindi\u00f0 veiti \u00feeim <a href=\"https:\/\/biblian.is\/biblian\/galatabrefid-6-kafli\/\"> [&#8230;]<\/a><\/p>\n","protected":false},"author":1,"featured_media":0,"parent":0,"menu_order":0,"comment_status":"open","ping_status":"open","template":"bibliukaflar_NT.php","meta":{"footnotes":""},"class_list":["post-2714","page","type-page","status-publish","hentry"],"_links":{"self":[{"href":"https:\/\/biblian.is\/biblian\/wp-json\/wp\/v2\/pages\/2714","targetHints":{"allow":["GET"]}}],"collection":[{"href":"https:\/\/biblian.is\/biblian\/wp-json\/wp\/v2\/pages"}],"about":[{"href":"https:\/\/biblian.is\/biblian\/wp-json\/wp\/v2\/types\/page"}],"author":[{"embeddable":true,"href":"https:\/\/biblian.is\/biblian\/wp-json\/wp\/v2\/users\/1"}],"replies":[{"embeddable":true,"href":"https:\/\/biblian.is\/biblian\/wp-json\/wp\/v2\/comments?post=2714"}],"version-history":[{"count":0,"href":"https:\/\/biblian.is\/biblian\/wp-json\/wp\/v2\/pages\/2714\/revisions"}],"wp:attachment":[{"href":"https:\/\/biblian.is\/biblian\/wp-json\/wp\/v2\/media?parent=2714"}],"curies":[{"name":"wp","href":"https:\/\/api.w.org\/{rel}","templated":true}]}}