{"id":2704,"date":"2017-12-30T21:04:20","date_gmt":"2017-12-30T21:04:20","guid":{"rendered":"http:\/\/biblian.is\/biblian\/s%c2%92_ara-korintubr%c2%8ef-9-kafli\/"},"modified":"2019-08-26T23:45:18","modified_gmt":"2019-08-26T23:45:18","slug":"sidara-korintubref-9-kafli","status":"publish","type":"page","link":"https:\/\/biblian.is\/biblian\/sidara-korintubref-9-kafli\/","title":{"rendered":"S\u00ed\u00f0ara Korintubr\u00e9f 9. kafli"},"content":{"rendered":"<h3 class=\"millifyrirsogn_2007\"> Gu\u00f0 elskar gla\u00f0an gjafara<\/h3>\n<p><a name=\"1\"><span class=\"versanumer_2007\">1<\/span><\/a> Um hj\u00e1lpina til hinna heil\u00f6gu er sem s\u00e9 \u00f3\u00fearft fyrir mig a\u00f0 skrifa ykkur <a name=\"2\"><span class=\"versanumer_2007\">2<\/span><\/a> \u00fev\u00ed a\u00f0 \u00e9g \u00feekki g\u00f3\u00f0an vilja ykkar og hr\u00f3sa m\u00e9r af ykkur me\u00f0al Maked\u00f3na og segi a\u00f0 Akkea hefur veri\u00f0 rei\u00f0ub\u00fain s\u00ed\u00f0an \u00ed fyrra. \u00c1hugi ykkar hefur veri\u00f0 hvatning fyrir fj\u00f6ldamarga. <a name=\"3\"><span class=\"versanumer_2007\">3<\/span><\/a> En br\u00e6\u00f0urna hef \u00e9g sent til \u00feess a\u00f0 hr\u00f3s okkar um ykkur skyldi ekki reynast f\u00e1n\u00fdtt \u00ed \u00feessu efni. \u00c9g sag\u00f0i a\u00f0 \u00fei\u00f0 v\u00e6ru\u00f0 tilb\u00fain. <a name=\"4\"><span class=\"versanumer_2007\">4<\/span><\/a> Annars g\u00e6ti svo fari\u00f0 a\u00f0 \u00e9g &#8211; a\u00f0 \u00e9g ekki segi \u00fei\u00f0 &#8211; \u00feyrfti a\u00f0 bera kinnro\u00f0a fyrir \u00feetta traust ef Maked\u00f3nar skyldu koma me\u00f0 m\u00e9r og finna ykkur \u00f3vi\u00f0b\u00fain. <a name=\"5\"><span class=\"versanumer_2007\">5<\/span><\/a> \u00c9g taldi \u00fev\u00ed nau\u00f0synlegt a\u00f0 bi\u00f0ja br\u00e6\u00f0urna a\u00f0 fara \u00e1 undan til ykkar og undirb\u00faa \u00fe\u00e1 gj\u00f6f ykkar sem heitin var \u00e1\u00f0ur svo a\u00f0 h\u00fan m\u00e6tti vera \u00e1 rei\u00f0um h\u00f6ndum eins og blessun en ekki eins og dregin undan n\u00f6glum ykkar. <br \/> <a name=\"6\"><span class=\"versanumer_2007\">6<\/span><\/a> En \u00feetta segi \u00e9g: S\u00e1 sem s\u00e1ir sparlega mun og sparlega uppskera og s\u00e1 sem s\u00e1ir r\u00edflega mun og r\u00edflega uppskera. <a name=\"7\"><span class=\"versanumer_2007\">7<\/span><\/a> S\u00e9rhver gefi eins og hann hefur \u00e1sett s\u00e9r \u00ed hjarta s\u00ednu, ekki me\u00f0 \u00f3lund e\u00f0a me\u00f0 nau\u00f0ung, \u00fev\u00ed a\u00f0 Gu\u00f0 elskar gla\u00f0an gjafara. <a name=\"8\"><span class=\"versanumer_2007\">8<\/span><\/a> Gu\u00f0 er \u00feess megnugur a\u00f0 veita ykkur r\u00edkulega allar g\u00f3\u00f0ar gjafir til \u00feess a\u00f0 \u00fei\u00f0 \u00ed \u00f6llu og \u00e1vallt hafi\u00f0 allt sem \u00fei\u00f0 \u00fearfnist og geti\u00f0 sj\u00e1lf veitt r\u00edkulega til allra g\u00f3\u00f0ra verka. <a name=\"9\"><span class=\"versanumer_2007\">9<\/span><\/a> Eins og rita\u00f0 er: <br \/> <span class=\"ljodatexti\"> Hann mi\u00f0la\u00f0i mildilega, <br \/>gaf hinum snau\u00f0u, <br \/>r\u00e9ttl\u00e6ti hans varir a\u00f0 eil\u00edfu. <\/span> <br \/> <a name=\"10\"><span class=\"versanumer_2007\">10<\/span><\/a> Gu\u00f0 sem gefur s\u00e1\u00f0manninum s\u00e6\u00f0i og brau\u00f0 til f\u00e6\u00f0u mun og gefa ykkur s\u00e1\u00f0 og margfalda \u00fea\u00f0 og auka \u00e1v\u00f6xt r\u00e9ttl\u00e6tis ykkar. <a name=\"11\"><span class=\"versanumer_2007\">11<\/span><\/a> Gu\u00f0 mun au\u00f0ga ykkur \u00ed \u00f6llu svo a\u00f0 \u00fei\u00f0 geti\u00f0 jafnan s\u00fdnt \u00f6rl\u00e6ti. \u00de\u00e1 munu margir \u00feakka Gu\u00f0i fyrir gjafirnar sem vi\u00f0 komum me\u00f0 fr\u00e1 ykkur. <a name=\"12\"><span class=\"versanumer_2007\">12<\/span><\/a> \u00dev\u00ed a\u00f0 \u00feessi \u00fej\u00f3nusta, sem \u00fei\u00f0 inni\u00f0 af hendi, b\u00e6tir ekki a\u00f0eins \u00far skorti hinna heil\u00f6gu heldur lei\u00f0ir h\u00fan einnig til \u00feess a\u00f0 margir menn \u00feakka Gu\u00f0i. <a name=\"13\"><span class=\"versanumer_2007\">13<\/span><\/a> \u00deegar menn sj\u00e1 hvers e\u00f0lis \u00feessi \u00fej\u00f3nusta er munu \u00feeir lofa Gu\u00f0 fyrir a\u00f0 \u00fei\u00f0 fari\u00f0 eftir fagna\u00f0arerindi Krists sem \u00fei\u00f0 j\u00e1ti\u00f0 og gefi\u00f0 me\u00f0 ykkur af \u00f6rl\u00e6ti b\u00e6\u00f0i \u00feeim og \u00f6llum. <a name=\"14\"><span class=\"versanumer_2007\">14<\/span><\/a> Og \u00feeir munu bi\u00f0ja fyrir ykkur og \u00fer\u00e1 ykkur vegna \u00feess a\u00f0 \u00feeir sj\u00e1 hve r\u00edkulega Gu\u00f0 hefur veitt ykkur n\u00e1\u00f0 s\u00edna. <a name=\"15\"><span class=\"versanumer_2007\">15<\/span><\/a> \u00de\u00f6kk s\u00e9 Gu\u00f0i fyrir s\u00edna \u00f3umr\u00e6\u00f0ilegu gj\u00f6f! <\/p>\n","protected":false},"excerpt":{"rendered":"<p>Gu\u00f0 elskar gla\u00f0an gjafara 1 Um hj\u00e1lpina til hinna heil\u00f6gu er sem s\u00e9 \u00f3\u00fearft fyrir mig a\u00f0 skrifa ykkur 2 \u00fev\u00ed a\u00f0 \u00e9g \u00feekki g\u00f3\u00f0an vilja ykkar og hr\u00f3sa m\u00e9r af ykkur me\u00f0al Maked\u00f3na og segi a\u00f0 Akkea hefur veri\u00f0 rei\u00f0ub\u00fain s\u00ed\u00f0an \u00ed fyrra. \u00c1hugi ykkar hefur veri\u00f0 hvatning fyrir fj\u00f6ldamarga. 3 En br\u00e6\u00f0urna hef \u00e9g sent til \u00feess a\u00f0 hr\u00f3s okkar um ykkur skyldi ekki reynast f\u00e1n\u00fdtt \u00ed \u00feessu efni. \u00c9g sag\u00f0i a\u00f0 \u00fei\u00f0 v\u00e6ru\u00f0 tilb\u00fain. 4 Annars g\u00e6ti svo fari\u00f0 a\u00f0 \u00e9g &#8211; a\u00f0 \u00e9g ekki segi \u00fei\u00f0 &#8211; \u00feyrfti a\u00f0 bera kinnro\u00f0a fyrir \u00feetta traust ef Maked\u00f3nar <a href=\"https:\/\/biblian.is\/biblian\/sidara-korintubref-9-kafli\/\"> [&#8230;]<\/a><\/p>\n","protected":false},"author":1,"featured_media":0,"parent":0,"menu_order":0,"comment_status":"open","ping_status":"open","template":"bibliukaflar_NT.php","meta":{"footnotes":""},"class_list":["post-2704","page","type-page","status-publish","hentry"],"_links":{"self":[{"href":"https:\/\/biblian.is\/biblian\/wp-json\/wp\/v2\/pages\/2704","targetHints":{"allow":["GET"]}}],"collection":[{"href":"https:\/\/biblian.is\/biblian\/wp-json\/wp\/v2\/pages"}],"about":[{"href":"https:\/\/biblian.is\/biblian\/wp-json\/wp\/v2\/types\/page"}],"author":[{"embeddable":true,"href":"https:\/\/biblian.is\/biblian\/wp-json\/wp\/v2\/users\/1"}],"replies":[{"embeddable":true,"href":"https:\/\/biblian.is\/biblian\/wp-json\/wp\/v2\/comments?post=2704"}],"version-history":[{"count":0,"href":"https:\/\/biblian.is\/biblian\/wp-json\/wp\/v2\/pages\/2704\/revisions"}],"wp:attachment":[{"href":"https:\/\/biblian.is\/biblian\/wp-json\/wp\/v2\/media?parent=2704"}],"curies":[{"name":"wp","href":"https:\/\/api.w.org\/{rel}","templated":true}]}}