{"id":2701,"date":"2017-12-30T21:04:20","date_gmt":"2017-12-30T21:04:20","guid":{"rendered":"http:\/\/biblian.is\/biblian\/s%c2%92_ara-korintubr%c2%8ef-6-kafli\/"},"modified":"2019-08-26T23:45:18","modified_gmt":"2019-08-26T23:45:18","slug":"sidara-korintubref-6-kafli","status":"publish","type":"page","link":"https:\/\/biblian.is\/biblian\/sidara-korintubref-6-kafli\/","title":{"rendered":"S\u00ed\u00f0ara Korintubr\u00e9f 6. kafli"},"content":{"rendered":"<p><a name=\"1\"><span class=\"versanumer_2007\">1<\/span><\/a> Sem samverkama\u00f0ur Krists hvet \u00e9g ykkur einnig a\u00f0 \u00fei\u00f0 l\u00e1ti\u00f0 ekki n\u00e1\u00f0 Gu\u00f0s, sem \u00fei\u00f0 hafi\u00f0 \u00feegi\u00f0, ver\u00f0a til einskis. <a name=\"2\"><span class=\"versanumer_2007\">2<\/span><\/a> Hann segir: <br \/> <span class=\"ljodatexti\"> \u00c1 hagkv\u00e6mri t\u00ed\u00f0 b\u00e6nheyr\u00f0i \u00e9g \u00feig,<br \/>og \u00e1 hj\u00e1lpr\u00e6\u00f0isdegi hj\u00e1lpa\u00f0i \u00e9g \u00fe\u00e9r. <\/span> <br \/>N\u00fa er hagkv\u00e6m t\u00ed\u00f0, n\u00fa er hj\u00e1lpr\u00e6\u00f0isdagur. <a name=\"3\"><span class=\"versanumer_2007\">3<\/span><\/a> \u00cd engu vil \u00e9g gefa neinum tilefni til \u00e1steytingar, \u00e9g vil ekki a\u00f0 \u00fej\u00f3nusta m\u00edn s\u00e6ti lasti. <a name=\"4\"><span class=\"versanumer_2007\">4<\/span><\/a> \u00cd \u00f6llu l\u00e6t \u00e9g sj\u00e1st a\u00f0 \u00e9g er \u00fej\u00f3nn Gu\u00f0s: Me\u00f0 miklu \u00feolg\u00e6\u00f0i \u00ed \u00ferengingum, nau\u00f0um og andstreymi, <a name=\"5\"><span class=\"versanumer_2007\">5<\/span><\/a> \u00feegar \u00e9g hef m\u00e1tt \u00feola barsm\u00ed\u00f0ar, veri\u00f0 \u00ed fangelsi, or\u00f0i\u00f0 fyrir a\u00f0s\u00fag, \u00ed erfi\u00f0i m\u00ednu, andv\u00f6kum og sulti, <a name=\"6\"><span class=\"versanumer_2007\">6<\/span><\/a> me\u00f0 grandvarleik, \u00feekkingu, \u00feolinm\u00e6\u00f0i og mildi, me\u00f0 heil\u00f6gum anda, me\u00f0 falslausum k\u00e6rleika, <a name=\"7\"><span class=\"versanumer_2007\">7<\/span><\/a> me\u00f0 or\u00f0i sannleikans, me\u00f0 krafti Gu\u00f0s, me\u00f0 vopnum r\u00e9ttl\u00e6tisins til s\u00f3knar og varnar, <a name=\"8\"><span class=\"versanumer_2007\">8<\/span><\/a> \u00ed hei\u00f0ri og vanhei\u00f0ri, lasti og lofi. \u00de\u00f3tt talinn s\u00e9 villuma\u00f0ur segi \u00e9g sannleikann, <a name=\"9\"><span class=\"versanumer_2007\">9<\/span><\/a> sag\u00f0ur \u00f3\u00feekktur en er al\u00feekktur, kominn \u00ed dau\u00f0ann og samt lifi \u00e9g, tyfta\u00f0ur og \u00fe\u00f3 ekki deyddur, <a name=\"10\"><span class=\"versanumer_2007\">10<\/span><\/a> hryggur en \u00fe\u00f3 \u00e1vallt gla\u00f0ur, f\u00e1t\u00e6kur en au\u00f0ga \u00fe\u00f3 marga, \u00f6reigi en \u00e1 \u00fe\u00f3 allt. <br \/> <a name=\"11\"><span class=\"versanumer_2007\">11<\/span><\/a> \u00c9g tala frj\u00e1lslega vi\u00f0 ykkur, Korintumenn. R\u00famt er um ykkur \u00ed hjarta m\u00ednu. <a name=\"12\"><span class=\"versanumer_2007\">12<\/span><\/a> Ekki er \u00fer\u00f6ngt um ykkur hj\u00e1 m\u00e9r en \u00ed hj\u00f6rtum ykkar er \u00fer\u00f6ngt. <a name=\"13\"><span class=\"versanumer_2007\">13<\/span><\/a> En svo a\u00f0 sama komi \u00e1 m\u00f3ti &#8211; \u00e9g tala eins og vi\u00f0 b\u00f6rn m\u00edn &#8211; \u00fe\u00e1 l\u00e1ti\u00f0 \u00fei\u00f0 l\u00edka ver\u00f0a r\u00famgott hj\u00e1 ykkur. <\/p>\n<h3 class=\"millifyrirsogn_2007\">Musteri lifanda Gu\u00f0s<\/h3>\n<p><a name=\"14\"><span class=\"versanumer_2007\">14<\/span><\/a> Dragi\u00f0 ekki ok me\u00f0 vantr\u00fau\u00f0um. Hva\u00f0 er sameiginlegt me\u00f0 r\u00e9ttl\u00e6ti og rangl\u00e6ti e\u00f0a me\u00f0 lj\u00f3si og myrkri? <a name=\"15\"><span class=\"versanumer_2007\">15<\/span><\/a> Hva\u00f0 eiga Kristur og Bel\u00edar sameiginlegt? Hva\u00f0 eiga tr\u00faa\u00f0ir sameiginlegt me\u00f0 vantr\u00fau\u00f0um? <a name=\"16\"><span class=\"versanumer_2007\">16<\/span><\/a> Hvernig getur musteri Gu\u00f0s \u00feola\u00f0 skur\u00f0go\u00f0? Vi\u00f0 erum musteri lifanda Gu\u00f0s eins og Gu\u00f0 hefur sagt:<br \/> <span class=\"ljodatexti\"> \u00c9g mun b\u00faa me\u00f0al \u00feeirra og dveljast hj\u00e1 \u00feeim <br \/>og \u00e9g mun vera Gu\u00f0 \u00feeirra <br \/>og \u00feeir munu vera l\u00fd\u00f0ur minn. <\/span> <br \/> <a name=\"17\"><span class=\"versanumer_2007\">17<\/span><\/a> \u00deess vegna segir Drottinn: <br \/> <span class=\"ljodatexti\"> Fari\u00f0 burt fr\u00e1 \u00feeim og skilji\u00f0 ykkur fr\u00e1 \u00feeim. <br \/>Snerti\u00f0 ekki neitt \u00f3hreint og \u00e9g mun taka ykkur a\u00f0 m\u00e9r <br \/> <\/span> <span class=\"ljodatexti\"> <a name=\"18\"><span class=\"versanumer_ljod\">18<\/span><\/a>og \u00e9g mun vera ykkur fa\u00f0ir <br \/>og \u00fei\u00f0 munu\u00f0 vera m\u00e9r synir og d\u00e6tur,<\/span> <br \/>segir Drottinn alvaldur. <\/p>\n","protected":false},"excerpt":{"rendered":"<p>1 Sem samverkama\u00f0ur Krists hvet \u00e9g ykkur einnig a\u00f0 \u00fei\u00f0 l\u00e1ti\u00f0 ekki n\u00e1\u00f0 Gu\u00f0s, sem \u00fei\u00f0 hafi\u00f0 \u00feegi\u00f0, ver\u00f0a til einskis. 2 Hann segir: \u00c1 hagkv\u00e6mri t\u00ed\u00f0 b\u00e6nheyr\u00f0i \u00e9g \u00feig,og \u00e1 hj\u00e1lpr\u00e6\u00f0isdegi hj\u00e1lpa\u00f0i \u00e9g \u00fe\u00e9r. N\u00fa er hagkv\u00e6m t\u00ed\u00f0, n\u00fa er hj\u00e1lpr\u00e6\u00f0isdagur. 3 \u00cd engu vil \u00e9g gefa neinum tilefni til \u00e1steytingar, \u00e9g vil ekki a\u00f0 \u00fej\u00f3nusta m\u00edn s\u00e6ti lasti. 4 \u00cd \u00f6llu l\u00e6t \u00e9g sj\u00e1st a\u00f0 \u00e9g er \u00fej\u00f3nn Gu\u00f0s: Me\u00f0 miklu \u00feolg\u00e6\u00f0i \u00ed \u00ferengingum, nau\u00f0um og andstreymi, 5 \u00feegar \u00e9g hef m\u00e1tt \u00feola barsm\u00ed\u00f0ar, veri\u00f0 \u00ed fangelsi, or\u00f0i\u00f0 fyrir a\u00f0s\u00fag, \u00ed erfi\u00f0i m\u00ednu, andv\u00f6kum og sulti, 6 me\u00f0 <a href=\"https:\/\/biblian.is\/biblian\/sidara-korintubref-6-kafli\/\"> [&#8230;]<\/a><\/p>\n","protected":false},"author":1,"featured_media":0,"parent":0,"menu_order":0,"comment_status":"open","ping_status":"open","template":"bibliukaflar_NT.php","meta":{"footnotes":""},"class_list":["post-2701","page","type-page","status-publish","hentry"],"_links":{"self":[{"href":"https:\/\/biblian.is\/biblian\/wp-json\/wp\/v2\/pages\/2701","targetHints":{"allow":["GET"]}}],"collection":[{"href":"https:\/\/biblian.is\/biblian\/wp-json\/wp\/v2\/pages"}],"about":[{"href":"https:\/\/biblian.is\/biblian\/wp-json\/wp\/v2\/types\/page"}],"author":[{"embeddable":true,"href":"https:\/\/biblian.is\/biblian\/wp-json\/wp\/v2\/users\/1"}],"replies":[{"embeddable":true,"href":"https:\/\/biblian.is\/biblian\/wp-json\/wp\/v2\/comments?post=2701"}],"version-history":[{"count":0,"href":"https:\/\/biblian.is\/biblian\/wp-json\/wp\/v2\/pages\/2701\/revisions"}],"wp:attachment":[{"href":"https:\/\/biblian.is\/biblian\/wp-json\/wp\/v2\/media?parent=2701"}],"curies":[{"name":"wp","href":"https:\/\/api.w.org\/{rel}","templated":true}]}}