{"id":2695,"date":"2017-12-30T21:04:15","date_gmt":"2017-12-30T21:04:15","guid":{"rendered":"http:\/\/biblian.is\/biblian\/fyrra-korintubr%c2%8ef-16-kafli\/"},"modified":"2019-08-26T23:45:15","modified_gmt":"2019-08-26T23:45:15","slug":"fyrra-korintubref-16-kafli","status":"publish","type":"page","link":"https:\/\/biblian.is\/biblian\/fyrra-korintubref-16-kafli\/","title":{"rendered":"Fyrra Korintubr\u00e9f 16. kafli"},"content":{"rendered":"<h3 class=\"millifyrirsogn_2007\"> Samskotin til safna\u00f0arins \u00ed Jer\u00fasalem<\/h3>\n<p><a name=\"1\"><span class=\"versanumer_2007\">1<\/span><\/a> Hva\u00f0 samskotin til hinna heil\u00f6gu \u00ed Jer\u00fasalem snertir, \u00fe\u00e1 skulu\u00f0 einnig \u00fei\u00f0 fara me\u00f0 \u00feau eins og \u00e9g hef fyrirskipa\u00f0 s\u00f6fnu\u00f0unum \u00ed Galat\u00edu. <a name=\"2\"><span class=\"versanumer_2007\">2<\/span><\/a> Hvern fyrsta dag vikunnar skal hvert ykkar leggja \u00ed sj\u00f3\u00f0 heima hj\u00e1 s\u00e9r \u00fea\u00f0 sem efni leyfa til \u00feess a\u00f0 ekki ver\u00f0i \u00fe\u00e1 fyrst fari\u00f0 a\u00f0 efna til samskota \u00feegar \u00e9g kem. <a name=\"3\"><span class=\"versanumer_2007\">3<\/span><\/a> En \u00feegar \u00e9g svo kem mun \u00e9g senda \u00fe\u00e1 sem \u00fei\u00f0 telji\u00f0 til \u00feess fallna me\u00f0 gj\u00f6f ykkar til Jer\u00fasalem og skrifa me\u00f0 \u00feeim. <a name=\"4\"><span class=\"versanumer_2007\">4<\/span><\/a> Ef betra \u00feykir a\u00f0 \u00e9g fari l\u00edka geta \u00feeir or\u00f0i\u00f0 m\u00e9r samfer\u00f0a. <br \/> <a name=\"5\"><span class=\"versanumer_2007\">5<\/span><\/a> \u00c9g mun koma til ykkar er \u00e9g hef fari\u00f0 um Maked\u00f3n\u00edu \u00fev\u00ed a\u00f0 um Maked\u00f3n\u00edu legg \u00e9g lei\u00f0 m\u00edna. <a name=\"6\"><span class=\"versanumer_2007\">6<\/span><\/a> \u00c9g staldra ef til vill vi\u00f0 hj\u00e1 ykkur e\u00f0a dvelst jafnvel vetrarlangt til \u00feess a\u00f0 \u00fei\u00f0 geti\u00f0 b\u00fai\u00f0 fer\u00f0 m\u00edna, hvert sem \u00e9g \u00fe\u00e1 kann a\u00f0 fara. <a name=\"7\"><span class=\"versanumer_2007\">7<\/span><\/a> \u00c9g vona a\u00f0 Drottinn lofi m\u00e9r a\u00f0 standa vi\u00f0 hj\u00e1 ykkur nokkra stund og a\u00f0 \u00e9g sj\u00e1i ykkur ekki a\u00f0eins r\u00e9tt \u00ed svip. <a name=\"8\"><span class=\"versanumer_2007\">8<\/span><\/a> \u00c9g stend vi\u00f0 \u00ed Efesus allt til hv\u00edtasunnu <a name=\"9\"><span class=\"versanumer_2007\">9<\/span><\/a> \u00fev\u00ed a\u00f0 \u00fear hafa m\u00e9r opnast v\u00ed\u00f0ar dyr a\u00f0 miklu verki og \u00e9g \u00fearf m\u00f6rgum andst\u00e6\u00f0ingum a\u00f0 m\u00e6ta. <br \/> <a name=\"10\"><span class=\"versanumer_2007\">10<\/span><\/a> Ef T\u00edm\u00f3teus kemur, \u00fe\u00e1 sj\u00e1i\u00f0 til \u00feess a\u00f0 hann geti \u00f6ruggur veri\u00f0 hj\u00e1 ykkur \u00fev\u00ed a\u00f0 hann vinnur fyrir Drottin eins og \u00e9g. <a name=\"11\"><span class=\"versanumer_2007\">11<\/span><\/a> Enginn l\u00edtilsvir\u00f0i hann. Grei\u00f0i\u00f0 heldur fer\u00f0 hans svo a\u00f0 hann geti haldi\u00f0 \u00e1fram \u00f3hultur og komist til m\u00edn. \u00dev\u00ed a\u00f0 \u00e9g v\u00e6nti hans me\u00f0 br\u00e6\u00f0runum. <a name=\"12\"><span class=\"versanumer_2007\">12<\/span><\/a> En hva\u00f0 br\u00f3\u00f0ur okkar Apoll\u00f3s var\u00f0ar, \u00fe\u00e1 hef \u00e9g eindregi\u00f0 hvatt hann til a\u00f0 ver\u00f0a samfer\u00f0a br\u00e6\u00f0runum til ykkar. En hann var alls \u00f3f\u00e1anlegur til a\u00f0 fara n\u00fa en hann mun koma er hentugleikar hans leyfa. <br \/> <a name=\"13\"><span class=\"versanumer_2007\">13<\/span><\/a> Vaki\u00f0, standi\u00f0 st\u00f6\u00f0ug \u00ed tr\u00fanni, veri\u00f0 hugdj\u00f6rf og styrk. <a name=\"14\"><span class=\"versanumer_2007\">14<\/span><\/a> Au\u00f0s\u00fdni\u00f0 k\u00e6rleika \u00ed \u00f6llu sem \u00fei\u00f0 geri\u00f0. <br \/> <a name=\"15\"><span class=\"versanumer_2007\">15<\/span><\/a> Um eitt bi\u00f0 \u00e9g ykkur, systkin.<span class=\"nedan_mal\" title=\" Or\u00f0r\u00e9tt: br\u00e6\u00f0ur.\">[<\/span> \u00dei\u00f0 viti\u00f0 a\u00f0 Stefanas og heimili hans eru frumgr\u00f3\u00f0i tr\u00faa\u00f0ra \u00ed Akkeu og hafa helga\u00f0 sig \u00fej\u00f3nustu vi\u00f0 heilaga. <a name=\"16\"><span class=\"versanumer_2007\">16<\/span><\/a> \u00c9g heiti \u00e1 ykkur: Veri\u00f0 holl sl\u00edku f\u00f3lki og \u00f6llum sem vinna og erfi\u00f0a \u00e1 sama h\u00e1tt. <a name=\"17\"><span class=\"versanumer_2007\">17<\/span><\/a> \u00c9g gle\u00f0st yfir n\u00e1vist \u00feeirra Stefanasar, Fort\u00fanatusar og Akka\u00edkusar. \u00deeir hafa b\u00e6tt m\u00e9r upp fjarvist ykkar, <a name=\"18\"><span class=\"versanumer_2007\">18<\/span><\/a> veri\u00f0 m\u00e9r og ykkur til gle\u00f0i. Hafi\u00f0 m\u00e6tur \u00e1 sl\u00edkum m\u00f6nnum. <br \/> <a name=\"19\"><span class=\"versanumer_2007\">19<\/span><\/a> S\u00f6fnu\u00f0irnir \u00ed As\u00edu bi\u00f0ja a\u00f0 heilsa ykkur. Akv\u00edlas og Priska \u00e1samt s\u00f6fnu\u00f0inum \u00ed h\u00fasi \u00feeirra bi\u00f0ja k\u00e6rlega a\u00f0 heilsa ykkur \u00ed Drottins nafni. <a name=\"20\"><span class=\"versanumer_2007\">20<\/span><\/a> \u00d6ll systkinin<span class=\"nedan_mal\" title=\" Or\u00f0r\u00e9tt: Allir br\u00e6\u00f0urnir.\">[<\/span> bi\u00f0ja a\u00f0 heilsa ykkur. Heilsi\u00f0 hvert \u00f6\u00f0ru me\u00f0 heil\u00f6gum kossi. <br \/> <a name=\"21\"><span class=\"versanumer_2007\">21<\/span><\/a> Kve\u00f0jan er me\u00f0 eigin hendi minni, P\u00e1ls. <a name=\"22\"><span class=\"versanumer_2007\">22<\/span><\/a> Ef einhver elskar ekki Drottin, s\u00e9 hann b\u00f6lva\u00f0ur. Marana \u00fea!<span class=\"nedan_mal\" title=\" \u201eMarana \u00fea\u201c er arame\u00edska og \u00fe\u00fd\u00f0ir: Drottinn vor, kom \u00fe\u00fa! E\u00f0a: \u201emaran a\u00fea\u201c sem \u00fe\u00fd\u00f0ir: Drottinn vor kemur e\u00f0a er kominn.\">[<\/span> <a name=\"23\"><span class=\"versanumer_2007\">23<\/span><\/a> N\u00e1\u00f0in Drottins Jes\u00fa s\u00e9 me\u00f0 y\u00f0ur. <a name=\"24\"><span class=\"versanumer_2007\">24<\/span><\/a> K\u00e6rleikur minn er me\u00f0 y\u00f0ur \u00f6llum \u00ed Kristi Jes\u00fa. <\/p>\n","protected":false},"excerpt":{"rendered":"<p>Samskotin til safna\u00f0arins \u00ed Jer\u00fasalem 1 Hva\u00f0 samskotin til hinna heil\u00f6gu \u00ed Jer\u00fasalem snertir, \u00fe\u00e1 skulu\u00f0 einnig \u00fei\u00f0 fara me\u00f0 \u00feau eins og \u00e9g hef fyrirskipa\u00f0 s\u00f6fnu\u00f0unum \u00ed Galat\u00edu. 2 Hvern fyrsta dag vikunnar skal hvert ykkar leggja \u00ed sj\u00f3\u00f0 heima hj\u00e1 s\u00e9r \u00fea\u00f0 sem efni leyfa til \u00feess a\u00f0 ekki ver\u00f0i \u00fe\u00e1 fyrst fari\u00f0 a\u00f0 efna til samskota \u00feegar \u00e9g kem. 3 En \u00feegar \u00e9g svo kem mun \u00e9g senda \u00fe\u00e1 sem \u00fei\u00f0 telji\u00f0 til \u00feess fallna me\u00f0 gj\u00f6f ykkar til Jer\u00fasalem og skrifa me\u00f0 \u00feeim. 4 Ef betra \u00feykir a\u00f0 \u00e9g fari l\u00edka geta \u00feeir or\u00f0i\u00f0 m\u00e9r samfer\u00f0a. <a href=\"https:\/\/biblian.is\/biblian\/fyrra-korintubref-16-kafli\/\"> [&#8230;]<\/a><\/p>\n","protected":false},"author":1,"featured_media":0,"parent":0,"menu_order":0,"comment_status":"open","ping_status":"open","template":"bibliukaflar_NT.php","meta":{"footnotes":""},"class_list":["post-2695","page","type-page","status-publish","hentry"],"_links":{"self":[{"href":"https:\/\/biblian.is\/biblian\/wp-json\/wp\/v2\/pages\/2695","targetHints":{"allow":["GET"]}}],"collection":[{"href":"https:\/\/biblian.is\/biblian\/wp-json\/wp\/v2\/pages"}],"about":[{"href":"https:\/\/biblian.is\/biblian\/wp-json\/wp\/v2\/types\/page"}],"author":[{"embeddable":true,"href":"https:\/\/biblian.is\/biblian\/wp-json\/wp\/v2\/users\/1"}],"replies":[{"embeddable":true,"href":"https:\/\/biblian.is\/biblian\/wp-json\/wp\/v2\/comments?post=2695"}],"version-history":[{"count":0,"href":"https:\/\/biblian.is\/biblian\/wp-json\/wp\/v2\/pages\/2695\/revisions"}],"wp:attachment":[{"href":"https:\/\/biblian.is\/biblian\/wp-json\/wp\/v2\/media?parent=2695"}],"curies":[{"name":"wp","href":"https:\/\/api.w.org\/{rel}","templated":true}]}}