{"id":2678,"date":"2017-12-30T21:04:15","date_gmt":"2017-12-30T21:04:15","guid":{"rendered":"http:\/\/biblian.is\/biblian\/r%c2%97mverjabr%c2%8efi_-15-kafli\/"},"modified":"2019-08-26T23:36:51","modified_gmt":"2019-08-26T23:36:51","slug":"romverjabrefid-15-kafli","status":"publish","type":"page","link":"https:\/\/biblian.is\/biblian\/romverjabrefid-15-kafli\/","title":{"rendered":"R\u00f3mverjabr\u00e9fi\u00f0 15. kafli"},"content":{"rendered":"<h3 class=\"millifyrirsogn_2007\"> Samhuga a\u00f0 vilja Krists<\/h3>\n<p><a name=\"1\"><span class=\"versanumer_2007\">1<\/span><\/a> Skylt er okkur, hinum styrku, a\u00f0 bera veikleikann me\u00f0 hinum \u00f3styrku og hugsa ekki a\u00f0eins um sj\u00e1lf okkur. <a name=\"2\"><span class=\"versanumer_2007\">2<\/span><\/a> S\u00e9rhvert okkar hugsi um n\u00e1unga sinn, \u00fea\u00f0 sem honum er til g\u00f3\u00f0s og til uppbyggingar. <a name=\"3\"><span class=\"versanumer_2007\">3<\/span><\/a> Kristur hugsa\u00f0i ekki um sj\u00e1lfan sig heldur eins og rita\u00f0 er: \u201eLastyr\u00f0i \u00feeirra sem l\u00f6stu\u00f0u \u00feig lentu \u00e1 m\u00e9r.\u201c <a name=\"4\"><span class=\"versanumer_2007\">4<\/span><\/a> Allt \u00fea\u00f0 sem \u00e1\u00f0ur er rita\u00f0 er rita\u00f0 okkur til fr\u00e6\u00f0slu til \u00feess a\u00f0 vi\u00f0 h\u00e9ldum von okkar vegna \u00feess \u00feolg\u00e6\u00f0is og upp\u00f6rvunar sem ritningarnar gefa. <a name=\"5\"><span class=\"versanumer_2007\">5<\/span><\/a> En Gu\u00f0, sem veitir \u00feolg\u00e6\u00f0i\u00f0 og hugrekki\u00f0, gefi ykkur a\u00f0 vera samhuga a\u00f0 vilja Krists Jes\u00fa <a name=\"6\"><span class=\"versanumer_2007\">6<\/span><\/a> til \u00feess a\u00f0 \u00fei\u00f0 einum huga og einum munni vegsami\u00f0 Gu\u00f0, f\u00f6\u00f0ur Drottins vors Jes\u00fa Krists.<br \/> <a name=\"7\"><span class=\"versanumer_2007\">7<\/span><\/a> Taki\u00f0 \u00fev\u00ed hvert anna\u00f0 a\u00f0 ykkur eins og Kristur t\u00f3k ykkur a\u00f0 s\u00e9r Gu\u00f0i til d\u00fdr\u00f0ar. <a name=\"8\"><span class=\"versanumer_2007\">8<\/span><\/a> \u00c9g segi a\u00f0 Kristur s\u00e9 or\u00f0inn \u00fej\u00f3nn hinna umskornu til a\u00f0 s\u00fdna or\u00f0heldni Gu\u00f0s og sta\u00f0festa fyrirheitin sem gefin voru fe\u00f0runum <a name=\"9\"><span class=\"versanumer_2007\">9<\/span><\/a> en hei\u00f0ingjarnir vegsami Gu\u00f0 sakir miskunnar hans eins og rita\u00f0 er: \u201e\u00deess vegna skal \u00e9g j\u00e1ta \u00feig me\u00f0al hei\u00f0ingja og lofsyngja \u00fe\u00ednu nafni.\u201c <br \/> <a name=\"10\"><span class=\"versanumer_2007\">10<\/span><\/a> Og enn segir: \u201eFagni\u00f0, \u00fei\u00f0 hei\u00f0ingjar, me\u00f0 l\u00fd\u00f0 Gu\u00f0s.\u201c<br \/> <a name=\"11\"><span class=\"versanumer_2007\">11<\/span><\/a> Og enn: \u201eLofi\u00f0 Drottin, allar \u00fej\u00f3\u00f0ir, vegsami\u00f0 hann, allir l\u00fd\u00f0ir.\u201c<br \/> <a name=\"12\"><span class=\"versanumer_2007\">12<\/span><\/a> Og enn segir Jesaja: \u201eKoma mun r\u00f3tarkvistur \u00cdsa\u00ed og s\u00e1 er r\u00eds upp til a\u00f0 stj\u00f3rna \u00fej\u00f3\u00f0um, \u00e1 hann munu \u00fej\u00f3\u00f0ir vona.\u201c<br \/> <a name=\"13\"><span class=\"versanumer_2007\">13<\/span><\/a> Gu\u00f0 vonarinnar fylli y\u00f0ur \u00f6llum f\u00f6gnu\u00f0i og fri\u00f0i \u00ed tr\u00fanni svo a\u00f0 \u00fe\u00e9r s\u00e9u\u00f0 au\u00f0ug a\u00f0 voninni \u00ed krafti heilags anda.<\/p>\n<h3 class=\"millifyrirsogn_2007\">Starf og \u00e1form P\u00e1ls<\/h3>\n<p><a name=\"14\"><span class=\"versanumer_2007\">14<\/span><\/a> Fyrir mitt leyti er \u00e9g sannf\u00e6r\u00f0ur um a\u00f0 sj\u00e1lf eru\u00f0 \u00fei\u00f0, g\u00f3\u00f0 systkin,<span class=\"nedan_mal\" title=\" Or\u00f0r\u00e9tt: br\u00e6\u00f0ur m\u00ednir.\">[<\/span> svo r\u00edk a\u00f0 g\u00f3\u00f0girni og au\u00f0gu\u00f0 alls konar \u00feekkingu a\u00f0 \u00fei\u00f0 eru\u00f0 f\u00e6r um a\u00f0 lei\u00f0beina hvert \u00f6\u00f0ru. <a name=\"15\"><span class=\"versanumer_2007\">15<\/span><\/a> \u00c9g hef \u00fe\u00f3 rita\u00f0 ykkur, sums sta\u00f0ar \u00ed djarfara lagi, til \u00feess a\u00f0 minna ykkur \u00e1 sitthva\u00f0. \u00dea\u00f0 hef \u00e9g gert af \u00fev\u00ed a\u00f0 Gu\u00f0 hefur gefi\u00f0 m\u00e9r \u00fe\u00e1 n\u00e1\u00f0 <a name=\"16\"><span class=\"versanumer_2007\">16<\/span><\/a> a\u00f0 gegna heilagri \u00fej\u00f3nustu vi\u00f0 Krist Jes\u00fa hj\u00e1 hei\u00f0ingjum, vera prestur fyrir fagna\u00f0arerindi Gu\u00f0s til \u00feess a\u00f0 hei\u00f0ingjar m\u00e6ttu ver\u00f0a Gu\u00f0i vel\u00fe\u00f3knanleg f\u00f3rn, helgu\u00f0 af heil\u00f6gum anda.<br \/> <a name=\"17\"><span class=\"versanumer_2007\">17<\/span><\/a> \u00dea\u00f0 sem \u00e9g vinn til lofs \u00ed augum Gu\u00f0s er verk Jes\u00fa Krists \u00ed m\u00e9r. <a name=\"18\"><span class=\"versanumer_2007\">18<\/span><\/a> Ekki skal \u00e9g dirfast a\u00f0 nefna anna\u00f0 en \u00fea\u00f0 sem Jes\u00fas Kristur hefur unni\u00f0 me\u00f0 m\u00e9r til \u00feess a\u00f0 lei\u00f0a hei\u00f0ingja til hl\u00fd\u00f0ni. Til \u00feess hefur hann styrkt mig til or\u00f0a og verka <a name=\"19\"><span class=\"versanumer_2007\">19<\/span><\/a> me\u00f0 m\u00e1ttugum t\u00e1knum og st\u00f3rmerkjum \u00ed krafti heilags anda. \u00deannig hef \u00e9g loki\u00f0 \u00fev\u00ed af a\u00f0 bo\u00f0a fagna\u00f0arerindi\u00f0 um Krist alla lei\u00f0 fr\u00e1 Jer\u00fasalem og hringinn til Ill\u00fdr\u00edu. <a name=\"20\"><span class=\"versanumer_2007\">20<\/span><\/a> En \u00fea\u00f0 hefur veri\u00f0 m\u00e9r metna\u00f0arm\u00e1l a\u00f0 bo\u00f0a ekki fagna\u00f0arerindi\u00f0 \u00fear sem Kristur hefur \u00feegar veri\u00f0 kynntur. \u00c9g vil ekki byggja \u00e1 grunni sem annar hefur lagt. <a name=\"21\"><span class=\"versanumer_2007\">21<\/span><\/a> Enda segir Ritningin: \u201e\u00deeir skulu sj\u00e1 hann sem enginn haf\u00f0i fr\u00e6tt \u00fe\u00e1 um og \u00feeir skilja hann sem ekkert h\u00f6f\u00f0u heyrt.\u201c<br \/> <a name=\"22\"><span class=\"versanumer_2007\">22<\/span><\/a> \u00dev\u00ed er \u00fea\u00f0 a\u00f0 m\u00e9r hefur hva\u00f0 eftir anna\u00f0 veri\u00f0 meina\u00f0 a\u00f0 koma til ykkar. <a name=\"23\"><span class=\"versanumer_2007\">23<\/span><\/a> En n\u00fa \u00e1 \u00e9g ekki lengur neitt \u00f3gert \u00e1 \u00feessum sl\u00f3\u00f0um og mig hefur \u00e1rum saman langa\u00f0 a\u00f0 koma til ykkar <a name=\"24\"><span class=\"versanumer_2007\">24<\/span><\/a> um lei\u00f0 og \u00e9g f\u00e6ri til Sp\u00e1nar. \u00c9g vona a\u00f0 f\u00e1 a\u00f0 sj\u00e1 ykkur, er \u00e9g fer um hj\u00e1 ykkur, og a\u00f0 \u00fei\u00f0 b\u00fai\u00f0 mig til fer\u00f0ar \u00feanga\u00f0 \u00feegar \u00e9g hef fengi\u00f0 a\u00f0 nj\u00f3ta samvista vi\u00f0 ykkur um hr\u00ed\u00f0. <a name=\"25\"><span class=\"versanumer_2007\">25<\/span><\/a> En n\u00fa \u00e6tla \u00e9g til Jer\u00fasalem til a\u00f0 f\u00e6ra hj\u00e1lp hinum heil\u00f6gu \u00fear. <a name=\"26\"><span class=\"versanumer_2007\">26<\/span><\/a> \u00dev\u00ed a\u00f0 Maked\u00f3n\u00eda og Akkea hafa \u00e1kve\u00f0i\u00f0 a\u00f0 gangast fyrir samskotum handa f\u00e1t\u00e6klingum me\u00f0al hinna heil\u00f6gu \u00fear \u00ed borg. <a name=\"27\"><span class=\"versanumer_2007\">27<\/span><\/a> Sj\u00e1lfir \u00e1kv\u00e1\u00f0u \u00feeir \u00fea\u00f0 enda eru \u00feeir \u00ed skuld vi\u00f0 \u00fe\u00e1. Fyrst hei\u00f0ingjar hafa fengi\u00f0 hlutdeild \u00ed andlegri blessun fr\u00e1 \u00feeim ber og \u00feeim skylda til a\u00f0 hj\u00e1lpa \u00feeim \u00ed l\u00edkamlegum efnum. <a name=\"28\"><span class=\"versanumer_2007\">28<\/span><\/a> En \u00feegar \u00e9g hef loki\u00f0 \u00feessu og komi\u00f0 \u00feessu framlagi tryggilega \u00ed \u00feeirra hendur \u00e6tla \u00e9g a\u00f0 fara um hj\u00e1 ykkur \u00e1 lei\u00f0 minni til Sp\u00e1nar. <a name=\"29\"><span class=\"versanumer_2007\">29<\/span><\/a> Og \u00fea\u00f0 veit \u00e9g a\u00f0 \u00feegar \u00e9g kem til ykkar mun \u00e9g koma me\u00f0 blessun Krists \u00ed fullum m\u00e6li. <br \/> <a name=\"30\"><span class=\"versanumer_2007\">30<\/span><\/a> \u00c9g heiti \u00e1 ykkur, systkin,<span class=\"nedan_mal\" title=\" Or\u00f0r\u00e9tt: br\u00e6\u00f0ur.\">[<\/span> vegna Drottins vors Jes\u00fa Krists og k\u00e6rleiksanda hans, a\u00f0 hj\u00e1lpa m\u00e9r \u00ed str\u00ed\u00f0i m\u00ednu me\u00f0 \u00fev\u00ed a\u00f0 bi\u00f0ja fyrir m\u00e9r til Gu\u00f0s <a name=\"31\"><span class=\"versanumer_2007\">31<\/span><\/a> a\u00f0 hann bjargi m\u00e9r fr\u00e1 \u00feeim m\u00f6nnum \u00ed J\u00fadeu sem neita a\u00f0 tr\u00faa og hj\u00e1lpin, sem \u00e9g fer me\u00f0 til Jer\u00fasalem handa hinum heil\u00f6gu \u00fear, ver\u00f0i vel \u00feegin. <a name=\"32\"><span class=\"versanumer_2007\">32<\/span><\/a> \u00de\u00e1 get \u00e9g komi\u00f0 til ykkar me\u00f0 f\u00f6gnu\u00f0i og ef Gu\u00f0 lofar noti\u00f0 g\u00f3\u00f0rar hv\u00edldar me\u00f0 ykkur. <a name=\"33\"><span class=\"versanumer_2007\">33<\/span><\/a> Gu\u00f0 fri\u00f0arins s\u00e9 me\u00f0 y\u00f0ur \u00f6llum. Amen.<\/p>\n","protected":false},"excerpt":{"rendered":"<p>Samhuga a\u00f0 vilja Krists 1 Skylt er okkur, hinum styrku, a\u00f0 bera veikleikann me\u00f0 hinum \u00f3styrku og hugsa ekki a\u00f0eins um sj\u00e1lf okkur. 2 S\u00e9rhvert okkar hugsi um n\u00e1unga sinn, \u00fea\u00f0 sem honum er til g\u00f3\u00f0s og til uppbyggingar. 3 Kristur hugsa\u00f0i ekki um sj\u00e1lfan sig heldur eins og rita\u00f0 er: \u201eLastyr\u00f0i \u00feeirra sem l\u00f6stu\u00f0u \u00feig lentu \u00e1 m\u00e9r.\u201c 4 Allt \u00fea\u00f0 sem \u00e1\u00f0ur er rita\u00f0 er rita\u00f0 okkur til fr\u00e6\u00f0slu til \u00feess a\u00f0 vi\u00f0 h\u00e9ldum von okkar vegna \u00feess \u00feolg\u00e6\u00f0is og upp\u00f6rvunar sem ritningarnar gefa. 5 En Gu\u00f0, sem veitir \u00feolg\u00e6\u00f0i\u00f0 og hugrekki\u00f0, gefi ykkur a\u00f0 vera samhuga a\u00f0 <a href=\"https:\/\/biblian.is\/biblian\/romverjabrefid-15-kafli\/\"> [&#8230;]<\/a><\/p>\n","protected":false},"author":1,"featured_media":0,"parent":0,"menu_order":0,"comment_status":"open","ping_status":"open","template":"bibliukaflar_NT.php","meta":{"footnotes":""},"class_list":["post-2678","page","type-page","status-publish","hentry"],"_links":{"self":[{"href":"https:\/\/biblian.is\/biblian\/wp-json\/wp\/v2\/pages\/2678","targetHints":{"allow":["GET"]}}],"collection":[{"href":"https:\/\/biblian.is\/biblian\/wp-json\/wp\/v2\/pages"}],"about":[{"href":"https:\/\/biblian.is\/biblian\/wp-json\/wp\/v2\/types\/page"}],"author":[{"embeddable":true,"href":"https:\/\/biblian.is\/biblian\/wp-json\/wp\/v2\/users\/1"}],"replies":[{"embeddable":true,"href":"https:\/\/biblian.is\/biblian\/wp-json\/wp\/v2\/comments?post=2678"}],"version-history":[{"count":0,"href":"https:\/\/biblian.is\/biblian\/wp-json\/wp\/v2\/pages\/2678\/revisions"}],"wp:attachment":[{"href":"https:\/\/biblian.is\/biblian\/wp-json\/wp\/v2\/media?parent=2678"}],"curies":[{"name":"wp","href":"https:\/\/api.w.org\/{rel}","templated":true}]}}