{"id":2676,"date":"2017-12-30T21:04:10","date_gmt":"2017-12-30T21:04:10","guid":{"rendered":"http:\/\/biblian.is\/biblian\/r%c2%97mverjabr%c2%8efi_-13-kafli\/"},"modified":"2019-08-26T23:36:50","modified_gmt":"2019-08-26T23:36:50","slug":"romverjabrefid-13-kafli","status":"publish","type":"page","link":"https:\/\/biblian.is\/biblian\/romverjabrefid-13-kafli\/","title":{"rendered":"R\u00f3mverjabr\u00e9fi\u00f0 13. kafli"},"content":{"rendered":"<h3 class=\"millifyrirsogn_2007\"> Skyldur vi\u00f0 yfirv\u00f6ld<\/h3>\n<p><a name=\"1\"><span class=\"versanumer_2007\">1<\/span><\/a> Hver ma\u00f0ur hl\u00fd\u00f0i \u00feeim yfirv\u00f6ldum sem eru yfir hann sett. \u00dev\u00ed engin v\u00e6ru yfirv\u00f6ld ef Gu\u00f0 g\u00e6fi \u00feau ekki. \u00deau sem eru til hefur Gu\u00f0 skipa\u00f0. <a name=\"2\"><span class=\"versanumer_2007\">2<\/span><\/a> S\u00e1 sem veitir yfirv\u00f6ldum m\u00f3tst\u00f6\u00f0u veitir skipan Gu\u00f0s m\u00f3tst\u00f6\u00f0u og hl\u00fdtur a\u00f0 f\u00e1 sinn d\u00f3m. <a name=\"3\"><span class=\"versanumer_2007\">3<\/span><\/a> S\u00e1 sem vinnur g\u00f3\u00f0 verk \u00fearf ekki a\u00f0 \u00f3ttast valdhafa heldur s\u00e1 sem vinnur vond verk. Viljir \u00fe\u00fa eigi \u00feurfa a\u00f0 \u00f3ttast yfirv\u00f6ld skaltu gera \u00fea\u00f0 sem gott er og \u00fe\u00e1 f\u00e6r\u00f0u \u00feeirra lof, <a name=\"4\"><span class=\"versanumer_2007\">4<\/span><\/a> \u00fev\u00ed a\u00f0 \u00feau \u00fej\u00f3na Gu\u00f0i \u00fe\u00e9r til g\u00f3\u00f0s. En ef \u00fe\u00fa gerir \u00fea\u00f0 sem illt er \u00fe\u00e1 m\u00e1ttu \u00f3ttast. Yfirv\u00f6ldin bera ekki sver\u00f0 sitt \u00f3fyrirsynju. \u00deau \u00fej\u00f3na Gu\u00f0i og er skylt a\u00f0 refsa \u00feeim sem illt fremja. <a name=\"5\"><span class=\"versanumer_2007\">5<\/span><\/a> \u00dev\u00ed er nau\u00f0syn a\u00f0 hl\u00fd\u00f0nast, ekki a\u00f0eins af \u00f3tta vi\u00f0 hegningu heldur og vegna samvisku sinnar. <br \/> <a name=\"6\"><span class=\"versanumer_2007\">6<\/span><\/a> Enda er \u00fea\u00f0 \u00feess vegna sem \u00fei\u00f0 gjaldi\u00f0 skatta, a\u00f0 valdhafar eru \u00fej\u00f3nar Gu\u00f0s \u00ed \u00fev\u00ed sem \u00feeir eiga a\u00f0 annast. <a name=\"7\"><span class=\"versanumer_2007\">7<\/span><\/a> Gjaldi\u00f0 \u00f6llum \u00fea\u00f0 sem skylt er: \u00deeim skatt sem skattur ber, \u00feeim vir\u00f0ingu sem vir\u00f0ing ber, \u00feeim hei\u00f0ur sem hei\u00f0ur ber.<\/p>\n<h3 class=\"millifyrirsogn_2007\">K\u00e6rleikurinn uppfylling l\u00f6gm\u00e1lsins<\/h3>\n<p><a name=\"8\"><span class=\"versanumer_2007\">8<\/span><\/a> Skuldi\u00f0 ekki neinum neitt nema \u00fea\u00f0 eitt a\u00f0 elska hvert anna\u00f0 \u00fev\u00ed a\u00f0 s\u00e1 sem elskar n\u00e1unga sinn hefur uppfyllt l\u00f6gm\u00e1li\u00f0. <a name=\"9\"><span class=\"versanumer_2007\">9<\/span><\/a> Bo\u00f0or\u00f0in: \u201e\u00de\u00fa skalt ekki dr\u00fdgja h\u00f3r, \u00fe\u00fa skalt ekki mor\u00f0 fremja, \u00fe\u00fa skalt ekki stela, \u00fe\u00fa skalt ekki girnast,\u201c og hvert anna\u00f0 bo\u00f0or\u00f0 er innifali\u00f0 \u00ed \u00feessari grein: \u201e\u00de\u00fa skalt elska n\u00e1unga \u00feinn eins og sj\u00e1lfan \u00feig.\u201c <a name=\"10\"><span class=\"versanumer_2007\">10<\/span><\/a> K\u00e6rleikurinn gerir ekki n\u00e1unganum mein. \u00deess vegna er k\u00e6rleikurinn uppfylling l\u00f6gm\u00e1lsins.<br \/> <a name=\"11\"><span class=\"versanumer_2007\">11<\/span><\/a> Geri\u00f0 \u00feetta \u00fev\u00ed heldur sem \u00fei\u00f0 viti\u00f0 hva\u00f0 t\u00edmanum l\u00ed\u00f0ur, a\u00f0 ykkur er m\u00e1l a\u00f0 r\u00edsa af svefni. N\u00fa er okkur hj\u00e1lpr\u00e6\u00f0i\u00f0 n\u00e6r en \u00fe\u00e1 er vi\u00f0 t\u00f3kum tr\u00fa. <a name=\"12\"><span class=\"versanumer_2007\">12<\/span><\/a> Li\u00f0i\u00f0 er \u00e1 n\u00f3ttina og dagurinn \u00ed n\u00e1nd. Leggjum \u00fev\u00ed af verk myrkursins og kl\u00e6\u00f0umst hertygjum lj\u00f3ssins. <a name=\"13\"><span class=\"versanumer_2007\">13<\/span><\/a> Lifum svo a\u00f0 s\u00e6md s\u00e9 a\u00f0, \u00fev\u00ed n\u00fa er dagur kominn, en hvorki \u00ed of\u00e1ti n\u00e9 ofdrykkju, hvorki saurl\u00edfi n\u00e9 svalli, ekki me\u00f0 \u00fer\u00e6tum e\u00f0a \u00f6fund. \u00cdkl\u00e6\u00f0ist heldur Drottni Jes\u00fa Kristi og leggi\u00f0 ekki \u00feann hug \u00e1 jar\u00f0nesk efni a\u00f0 \u00fea\u00f0 veki girndir.<\/p>\n","protected":false},"excerpt":{"rendered":"<p>Skyldur vi\u00f0 yfirv\u00f6ld 1 Hver ma\u00f0ur hl\u00fd\u00f0i \u00feeim yfirv\u00f6ldum sem eru yfir hann sett. \u00dev\u00ed engin v\u00e6ru yfirv\u00f6ld ef Gu\u00f0 g\u00e6fi \u00feau ekki. \u00deau sem eru til hefur Gu\u00f0 skipa\u00f0. 2 S\u00e1 sem veitir yfirv\u00f6ldum m\u00f3tst\u00f6\u00f0u veitir skipan Gu\u00f0s m\u00f3tst\u00f6\u00f0u og hl\u00fdtur a\u00f0 f\u00e1 sinn d\u00f3m. 3 S\u00e1 sem vinnur g\u00f3\u00f0 verk \u00fearf ekki a\u00f0 \u00f3ttast valdhafa heldur s\u00e1 sem vinnur vond verk. Viljir \u00fe\u00fa eigi \u00feurfa a\u00f0 \u00f3ttast yfirv\u00f6ld skaltu gera \u00fea\u00f0 sem gott er og \u00fe\u00e1 f\u00e6r\u00f0u \u00feeirra lof, 4 \u00fev\u00ed a\u00f0 \u00feau \u00fej\u00f3na Gu\u00f0i \u00fe\u00e9r til g\u00f3\u00f0s. En ef \u00fe\u00fa gerir \u00fea\u00f0 sem illt er \u00fe\u00e1 m\u00e1ttu <a href=\"https:\/\/biblian.is\/biblian\/romverjabrefid-13-kafli\/\"> [&#8230;]<\/a><\/p>\n","protected":false},"author":1,"featured_media":0,"parent":0,"menu_order":0,"comment_status":"open","ping_status":"open","template":"bibliukaflar_NT.php","meta":{"footnotes":""},"class_list":["post-2676","page","type-page","status-publish","hentry"],"_links":{"self":[{"href":"https:\/\/biblian.is\/biblian\/wp-json\/wp\/v2\/pages\/2676","targetHints":{"allow":["GET"]}}],"collection":[{"href":"https:\/\/biblian.is\/biblian\/wp-json\/wp\/v2\/pages"}],"about":[{"href":"https:\/\/biblian.is\/biblian\/wp-json\/wp\/v2\/types\/page"}],"author":[{"embeddable":true,"href":"https:\/\/biblian.is\/biblian\/wp-json\/wp\/v2\/users\/1"}],"replies":[{"embeddable":true,"href":"https:\/\/biblian.is\/biblian\/wp-json\/wp\/v2\/comments?post=2676"}],"version-history":[{"count":0,"href":"https:\/\/biblian.is\/biblian\/wp-json\/wp\/v2\/pages\/2676\/revisions"}],"wp:attachment":[{"href":"https:\/\/biblian.is\/biblian\/wp-json\/wp\/v2\/media?parent=2676"}],"curies":[{"name":"wp","href":"https:\/\/api.w.org\/{rel}","templated":true}]}}