{"id":2672,"date":"2017-12-30T21:04:10","date_gmt":"2017-12-30T21:04:10","guid":{"rendered":"http:\/\/biblian.is\/biblian\/r%c2%97mverjabr%c2%8efi_-9-kafli\/"},"modified":"2019-08-26T23:36:52","modified_gmt":"2019-08-26T23:36:52","slug":"romverjabrefid-9-kafli","status":"publish","type":"page","link":"https:\/\/biblian.is\/biblian\/romverjabrefid-9-kafli\/","title":{"rendered":"R\u00f3mverjabr\u00e9fi\u00f0 9. kafli"},"content":{"rendered":"<h3 class=\"millifyrirsogn_2007\"> Gu\u00f0 og hans \u00fatvaldi l\u00fd\u00f0ur<\/h3>\n<p><a name=\"1\"><span class=\"versanumer_2007\">1<\/span><\/a> \u00c9g tala sannleika \u00ed Kristi, \u00e9g l\u00fdg ekki, samviska m\u00edn, uppl\u00fdst af heil\u00f6gum anda, vitnar \u00fea\u00f0 me\u00f0 m\u00e9r <a name=\"2\"><span class=\"versanumer_2007\">2<\/span><\/a> a\u00f0 \u00e9g hef mikla hrygg\u00f0 og s\u00edfellda kv\u00f6l \u00ed hjarta m\u00ednu <a name=\"3\"><span class=\"versanumer_2007\">3<\/span><\/a> og g\u00e6ti \u00f3ska\u00f0 a\u00f0 m\u00e9r v\u00e6ri sj\u00e1lfum \u00fatsk\u00fafa\u00f0 fr\u00e1 Kristi ef \u00fea\u00f0 yr\u00f0i til heilla fyrir br\u00e6\u00f0ur m\u00edna og \u00e6ttmenn, <a name=\"4\"><span class=\"versanumer_2007\">4<\/span><\/a> \u00cdsraelsmenn. \u00deeir eiga frumbur\u00f0arr\u00e9ttinn, d\u00fdr\u00f0ina, s\u00e1ttm\u00e1lana,<span class=\"nedan_mal\" title=\" Annar lesh\u00e1ttur: s\u00e1ttm\u00e1lann.\">[<\/span> l\u00f6ggj\u00f6fina, helgihaldi\u00f0 og fyrirheitin. <a name=\"5\"><span class=\"versanumer_2007\">5<\/span><\/a> \u00deeirra eru \u00e6ttfe\u00f0urnir og af \u00feeim er Kristur kominn sem ma\u00f0ur, hann sem er yfir \u00f6llu, Gu\u00f0, blessa\u00f0ur a\u00f0 eil\u00edfu. Amen.<span class=\"nedan_mal\" title=\" E\u00f0a: \u2026 sem ma\u00f0ur. Gu\u00f0, sem er yfir \u00f6llu, s\u00e9 blessa\u00f0ur a\u00f0 eil\u00edfu. Amen.\">[<\/span> <br \/> <a name=\"6\"><span class=\"versanumer_2007\">6<\/span><\/a> \u00dea\u00f0 er ekki svo sem Gu\u00f0s or\u00f0 hafi brug\u00f0ist. \u00dev\u00ed a\u00f0 ekki eru allir \u00feeir \u00cdsraelsmenn sem af \u00cdsrael eru komnir. <a name=\"7\"><span class=\"versanumer_2007\">7<\/span><\/a> Ekki eru heldur allir b\u00f6rn Abrahams \u00fe\u00f3tt \u00feeir s\u00e9u ni\u00f0jar hans. Nei: \u201eAfkomendur \u00cdsaks munu taldir ni\u00f0jar \u00fe\u00ednir.\u201c <a name=\"8\"><span class=\"versanumer_2007\">8<\/span><\/a> \u00dea\u00f0 merkir: Ekki eru l\u00edkamlegir afkomendur Abrahams b\u00f6rn Gu\u00f0s heldur \u00feeir sem fyrirheiti\u00f0 hlj\u00f3\u00f0ar um. <a name=\"9\"><span class=\"versanumer_2007\">9<\/span><\/a> Gu\u00f0 gaf honum fyrirheit um f\u00e6\u00f0ingu \u00cdsaks \u00feegar hann sag\u00f0i: \u201e\u00cd \u00feetta mund a\u00f0 \u00e1ri kem \u00e9g aftur og \u00fe\u00e1 mun Sara hafa eignast son.\u201c<br \/> <a name=\"10\"><span class=\"versanumer_2007\">10<\/span><\/a> Og ekki n\u00f3g me\u00f0 \u00fea\u00f0. Eins var um Rebekku \u00feegar h\u00fan var\u00f0 \u00feungu\u00f0 a\u00f0 tveim sveinum af eins manns v\u00f6ldum, forf\u00f6\u00f0ur okkar, \u00cdsaks. <a name=\"11\"><span class=\"versanumer_2007\">11<\/span><\/a> N\u00fa, til \u00feess a\u00f0 \u00fea\u00f0 st\u00e6\u00f0i st\u00f6\u00f0ugt a\u00f0 \u00e1kv\u00f6r\u00f0un Gu\u00f0s um \u00fatvalningu v\u00e6ri \u00f3h\u00e1\u00f0 verkum og a\u00f0 \u00f6llu komin undir vilja \u00feess er kallar, <a name=\"12\"><span class=\"versanumer_2007\">12<\/span><\/a> var henni sagt \u00e1\u00f0ur en sveinarnir voru f\u00e6ddir og \u00e1\u00f0ur en \u00feeir h\u00f6f\u00f0u a\u00f0hafst gott e\u00f0a illt: \u201eHinn eldri skal \u00fej\u00f3na hinum yngri.\u201c <a name=\"13\"><span class=\"versanumer_2007\">13<\/span><\/a> Eins og rita\u00f0 er: \u201eJakob elska\u00f0i \u00e9g, Esa\u00fa hata\u00f0i \u00e9g.\u201c<br \/> <a name=\"14\"><span class=\"versanumer_2007\">14<\/span><\/a> Hva\u00f0 skal um \u00feetta segja? Er Gu\u00f0 \u00f3r\u00e9ttv\u00eds? Fjarri fer \u00fev\u00ed. <a name=\"15\"><span class=\"versanumer_2007\">15<\/span><\/a> Hann segir vi\u00f0 M\u00f3se: \u201e\u00c9g miskunna \u00feeim sem \u00e9g vil miskunna og l\u00edkna \u00feeim sem \u00e9g vil l\u00edkna.\u201c <a name=\"16\"><span class=\"versanumer_2007\">16<\/span><\/a> \u00dea\u00f0 er \u00fev\u00ed ekki komi\u00f0 undir vilja manns e\u00f0a \u00e1reynslu heldur Gu\u00f0i sem miskunnar. <a name=\"17\"><span class=\"versanumer_2007\">17<\/span><\/a> \u00dev\u00ed er \u00ed ritningunni sagt vi\u00f0 fara\u00f3: \u201eEinmitt til \u00feess h\u00f3f \u00e9g \u00feig a\u00f0 \u00e9g fengi s\u00fdnt m\u00e1tt minn \u00e1 \u00fe\u00e9r og nafn mitt yr\u00f0i bo\u00f0a\u00f0 um alla j\u00f6r\u00f0ina.\u201c <a name=\"18\"><span class=\"versanumer_2007\">18<\/span><\/a> Svo miskunnar \u00fe\u00e1 Gu\u00f0 \u00feeim sem hann vill en forher\u00f0ir \u00feann sem hann vill.<\/p>\n<h3 class=\"millifyrirsogn_2007\">Gu\u00f0 s\u00fdnir hve \u00f3m\u00e6lanleg d\u00fdr\u00f0 hans er<\/h3>\n<p><a name=\"19\"><span class=\"versanumer_2007\">19<\/span><\/a> \u00de\u00fa munt n\u00fa vilja segja vi\u00f0 mig: \u201eHva\u00f0 er hann \u00fe\u00e1 a\u00f0 \u00e1saka okkur framar? Hver f\u00e6r sta\u00f0i\u00f0 gegn vilja hans?\u201c <a name=\"20\"><span class=\"versanumer_2007\">20<\/span><\/a> Hver ert \u00fe\u00fa, ma\u00f0ur, a\u00f0 \u00fe\u00fa skulir deila \u00e1 Gu\u00f0? Hvort f\u00e6r sm\u00ed\u00f0isgripurinn sagt vi\u00f0 smi\u00f0 sinn: \u201eHv\u00ed ger\u00f0ir \u00fe\u00fa mig svona?\u201c <a name=\"21\"><span class=\"versanumer_2007\">21<\/span><\/a> E\u00f0a hefur ekki leirkerasmi\u00f0urinn leirinn \u00e1 valdi s\u00ednu svo a\u00f0 hann megi \u00far sama deigi gera vi\u00f0hafnarker og anna\u00f0 til hversdagsnota? <br \/> <a name=\"22\"><span class=\"versanumer_2007\">22<\/span><\/a> Hafi Gu\u00f0 vilja\u00f0 s\u00fdna rei\u00f0i s\u00edna og birta m\u00e1tt sinn hefur hann samt af mikilli \u00feolinm\u00e6\u00f0i umbori\u00f0 \u00feau ker sem v\u00f6ktu rei\u00f0i hans og \u00e1ttu fyrir s\u00e9r a\u00f0 fara forg\u00f6r\u00f0um. <a name=\"23\"><span class=\"versanumer_2007\">23<\/span><\/a> Hann \u00e6tla\u00f0i me\u00f0 \u00fev\u00ed a\u00f0 s\u00fdna hve \u00f3m\u00e6lanleg d\u00fdr\u00f0 hans er vi\u00f0 \u00fe\u00e1 sem hann miskunnar<span class=\"nedan_mal\" title=\" Or\u00f0r\u00e9tt: ker miskunnarinnar.\">[<\/span> og \u00fatvelur til d\u00fdr\u00f0ar. <a name=\"24\"><span class=\"versanumer_2007\">24<\/span><\/a> \u00deetta \u00e1 vi\u00f0 okkur,<span class=\"nedan_mal\" title=\" Or\u00f0r\u00e9tt: Sl\u00edk ker erum vi\u00f0.\">[<\/span> sem hann hefur kalla\u00f0, ekki a\u00f0eins \u00far flokki Gy\u00f0inga heldur og \u00far flokki hei\u00f0ingja. <a name=\"25\"><span class=\"versanumer_2007\">25<\/span><\/a> Eins og hann l\u00edka segir hj\u00e1 H\u00f3sea:<br \/> <span class=\"ljodatexti\"> L\u00fd\u00f0 sem ekki var minn mun \u00e9g kalla minn <br \/>og \u00fe\u00e1 sem ekki var elsku\u00f0 mun \u00e9g m\u00edna elsku\u00f0u kalla.<br \/> <\/span> <span class=\"ljodatexti\"> <a name=\"26\"><span class=\"versanumer_ljod\">26<\/span><\/a> Og \u00e1 sama sta\u00f0 og sagt var vi\u00f0 \u00fe\u00e1:<br \/>\u00dei\u00f0 eru\u00f0 ekki minn l\u00fd\u00f0ur, <br \/>\u00fear munu \u00feeir kalla\u00f0ir ver\u00f0a b\u00f6rn Gu\u00f0s lifanda. <\/span> <br \/> <a name=\"27\"><span class=\"versanumer_2007\">27<\/span><\/a> En Jesaja hr\u00f3par yfir \u00cdsrael: \u201e\u00de\u00f3tt fj\u00f6ldi \u00cdsraels barna v\u00e6ri sem sandur sj\u00e1var munu leifar einar frelsa\u00f0ar ver\u00f0a. <a name=\"28\"><span class=\"versanumer_2007\">28<\/span><\/a> Drottinn mun \u00ed skyndi gera upp reikning sinn \u00e1 j\u00f6r\u00f0 og lj\u00faka a\u00f0 fullu.\u201c <a name=\"29\"><span class=\"versanumer_2007\">29<\/span><\/a> Og eins hefur Jesaja sagt: \u201eHef\u00f0i Drottinn allsherjar ekki l\u00e1ti\u00f0 oss eftir ni\u00f0ja v\u00e6rum v\u00e9r or\u00f0in eins og S\u00f3d\u00f3ma, v\u00e6rum l\u00edk G\u00f3morru.\u201c <br \/> <a name=\"30\"><span class=\"versanumer_2007\">30<\/span><\/a> Hva\u00f0 skal um \u00feetta segja? Hei\u00f0ingjarnir, sem s\u00f3ttust ekki eftir r\u00e9ttl\u00e6ti, hafa \u00f6\u00f0last r\u00e9ttl\u00e6ti &#8211; r\u00e9ttl\u00e6ti af tr\u00fa. <a name=\"31\"><span class=\"versanumer_2007\">31<\/span><\/a> En \u00cdsraelsmenn, sem l\u00f6g\u00f0u sig eftir l\u00f6gm\u00e1li er veitt g\u00e6ti r\u00e9ttl\u00e6ti, n\u00e1\u00f0u \u00fev\u00ed ekki. <a name=\"32\"><span class=\"versanumer_2007\">32<\/span><\/a> Hvers vegna? Af \u00fev\u00ed a\u00f0 \u00feeir \u00e6tlu\u00f0u s\u00e9r a\u00f0 r\u00e9ttl\u00e6tast me\u00f0 verkum, ekki af tr\u00fa. \u00deeir hnutu um \u00e1steytingarsteininn <a name=\"33\"><span class=\"versanumer_2007\">33<\/span><\/a> eins og rita\u00f0 er: <br \/> <span class=\"ljodatexti\"> Sj\u00e1, \u00e9g set \u00ed S\u00edon \u00e1steytingarstein <br \/>og hr\u00f6sunarhellu. <br \/>Enginn sem \u00e1 hann tr\u00fair <br \/>skal \u00feurfa a\u00f0 blyg\u00f0ast s\u00edn. <\/span> <\/p>\n","protected":false},"excerpt":{"rendered":"<p>Gu\u00f0 og hans \u00fatvaldi l\u00fd\u00f0ur 1 \u00c9g tala sannleika \u00ed Kristi, \u00e9g l\u00fdg ekki, samviska m\u00edn, uppl\u00fdst af heil\u00f6gum anda, vitnar \u00fea\u00f0 me\u00f0 m\u00e9r 2 a\u00f0 \u00e9g hef mikla hrygg\u00f0 og s\u00edfellda kv\u00f6l \u00ed hjarta m\u00ednu 3 og g\u00e6ti \u00f3ska\u00f0 a\u00f0 m\u00e9r v\u00e6ri sj\u00e1lfum \u00fatsk\u00fafa\u00f0 fr\u00e1 Kristi ef \u00fea\u00f0 yr\u00f0i til heilla fyrir br\u00e6\u00f0ur m\u00edna og \u00e6ttmenn, 4 \u00cdsraelsmenn. \u00deeir eiga frumbur\u00f0arr\u00e9ttinn, d\u00fdr\u00f0ina, s\u00e1ttm\u00e1lana,[ l\u00f6ggj\u00f6fina, helgihaldi\u00f0 og fyrirheitin. 5 \u00deeirra eru \u00e6ttfe\u00f0urnir og af \u00feeim er Kristur kominn sem ma\u00f0ur, hann sem er yfir \u00f6llu, Gu\u00f0, blessa\u00f0ur a\u00f0 eil\u00edfu. Amen.[ 6 \u00dea\u00f0 er ekki svo sem Gu\u00f0s or\u00f0 hafi brug\u00f0ist. <a href=\"https:\/\/biblian.is\/biblian\/romverjabrefid-9-kafli\/\"> [&#8230;]<\/a><\/p>\n","protected":false},"author":1,"featured_media":0,"parent":0,"menu_order":0,"comment_status":"open","ping_status":"open","template":"bibliukaflar_NT.php","meta":{"footnotes":""},"class_list":["post-2672","page","type-page","status-publish","hentry"],"_links":{"self":[{"href":"https:\/\/biblian.is\/biblian\/wp-json\/wp\/v2\/pages\/2672","targetHints":{"allow":["GET"]}}],"collection":[{"href":"https:\/\/biblian.is\/biblian\/wp-json\/wp\/v2\/pages"}],"about":[{"href":"https:\/\/biblian.is\/biblian\/wp-json\/wp\/v2\/types\/page"}],"author":[{"embeddable":true,"href":"https:\/\/biblian.is\/biblian\/wp-json\/wp\/v2\/users\/1"}],"replies":[{"embeddable":true,"href":"https:\/\/biblian.is\/biblian\/wp-json\/wp\/v2\/comments?post=2672"}],"version-history":[{"count":0,"href":"https:\/\/biblian.is\/biblian\/wp-json\/wp\/v2\/pages\/2672\/revisions"}],"wp:attachment":[{"href":"https:\/\/biblian.is\/biblian\/wp-json\/wp\/v2\/media?parent=2672"}],"curies":[{"name":"wp","href":"https:\/\/api.w.org\/{rel}","templated":true}]}}