{"id":2669,"date":"2017-12-30T21:04:10","date_gmt":"2017-12-30T21:04:10","guid":{"rendered":"http:\/\/biblian.is\/biblian\/r%c2%97mverjabr%c2%8efi_-6-kafli\/"},"modified":"2019-08-26T23:36:52","modified_gmt":"2019-08-26T23:36:52","slug":"romverjabrefid-6-kafli","status":"publish","type":"page","link":"https:\/\/biblian.is\/biblian\/romverjabrefid-6-kafli\/","title":{"rendered":"R\u00f3mverjabr\u00e9fi\u00f0 6. kafli"},"content":{"rendered":"<h3 class=\"millifyrirsogn_2007\"> Sk\u00edr\u00f0 til n\u00fds l\u00edfs<\/h3>\n<p><a name=\"1\"><span class=\"versanumer_2007\">1<\/span><\/a> Hva\u00f0 merkir n\u00fa \u00feetta? Eigum vi\u00f0 a\u00f0 vera \u00e1fram \u00ed syndinni til \u00feess a\u00f0 n\u00e1\u00f0in ver\u00f0i \u00fev\u00ed meiri? <a name=\"2\"><span class=\"versanumer_2007\">2<\/span><\/a> Fjarri fer \u00fev\u00ed! Vi\u00f0 sem d\u00f3um syndinni, hvernig \u00e6ttum vi\u00f0 a\u00f0 lifa \u00e1fram \u00ed henni? <a name=\"3\"><span class=\"versanumer_2007\">3<\/span><\/a> E\u00f0a viti\u00f0 \u00fei\u00f0 ekki a\u00f0 vi\u00f0 \u00f6ll, sem sk\u00edr\u00f0 erum til Krists Jes\u00fa, erum sk\u00edr\u00f0 til dau\u00f0a hans? <a name=\"4\"><span class=\"versanumer_2007\">4<\/span><\/a> Vi\u00f0 erum \u00fev\u00ed d\u00e1in og greftru\u00f0 me\u00f0 honum \u00ed sk\u00edrninni. Og eins og fa\u00f0irinn vakti Krist fr\u00e1 dau\u00f0um me\u00f0 d\u00fdr\u00f0arm\u00e6tti s\u00ednum, eins eigum vi\u00f0 a\u00f0 lifa n\u00fdju l\u00edfi.<br \/> <a name=\"5\"><span class=\"versanumer_2007\">5<\/span><\/a> Fyrst vi\u00f0 erum samgr\u00f3in honum me\u00f0 \u00fev\u00ed a\u00f0 deyja l\u00edkt og hann eigum vi\u00f0 einnig a\u00f0 vera samgr\u00f3in honum me\u00f0 \u00fev\u00ed a\u00f0 r\u00edsa upp l\u00edkt og hann. <a name=\"6\"><span class=\"versanumer_2007\">6<\/span><\/a> Vi\u00f0 vitum a\u00f0 okkar gamli ma\u00f0ur d\u00f3 me\u00f0 honum \u00e1 krossi til \u00feess a\u00f0 l\u00edkami syndarinnar yr\u00f0i a\u00f0 engu og vi\u00f0 v\u00e6rum aldrei framar \u00fer\u00e6lar syndarinnar. <a name=\"7\"><span class=\"versanumer_2007\">7<\/span><\/a> Dau\u00f0ur ma\u00f0ur er leystur fr\u00e1 syndinni.<br \/> <a name=\"8\"><span class=\"versanumer_2007\">8<\/span><\/a> Ef vi\u00f0 erum d\u00e1in me\u00f0 Kristi tr\u00faum vi\u00f0 \u00fev\u00ed a\u00f0 vi\u00f0 munum og me\u00f0 honum lifa. <a name=\"9\"><span class=\"versanumer_2007\">9<\/span><\/a> Vi\u00f0 vitum a\u00f0 Kristur, upp vakinn fr\u00e1 dau\u00f0um, deyr ekki framar. Dau\u00f0inn drottnar ekki lengur yfir honum. <a name=\"10\"><span class=\"versanumer_2007\">10<\/span><\/a> Me\u00f0 dau\u00f0a s\u00ednum d\u00f3 hann fr\u00e1 syndinni \u00ed eitt skipti fyrir \u00f6ll en l\u00edfi s\u00ednu lifir hann Gu\u00f0i. <a name=\"11\"><span class=\"versanumer_2007\">11<\/span><\/a> \u00deannig skulu\u00f0 og \u00fei\u00f0 \u00e1l\u00edta sj\u00e1lf ykkur vera d\u00e1in fr\u00e1 syndinni en lifandi Gu\u00f0i \u00ed Kristi Jes\u00fa. <br \/> <a name=\"12\"><span class=\"versanumer_2007\">12<\/span><\/a> L\u00e1ti\u00f0 \u00fev\u00ed ekki syndina r\u00edkja \u00ed dau\u00f0legum l\u00edkama ykkar svo a\u00f0 \u00fei\u00f0 hl\u00fd\u00f0nist girndum hans. <a name=\"13\"><span class=\"versanumer_2007\">13<\/span><\/a> Lj\u00e1i\u00f0 ekki heldur syndinni limi ykkar sem rangl\u00e6tisvopn. Nei, lj\u00e1i\u00f0 heldur Gu\u00f0i sj\u00e1lf ykkur lifnu\u00f0 fr\u00e1 dau\u00f0um og limi ykkar sem r\u00e9ttl\u00e6tisvopn. <a name=\"14\"><span class=\"versanumer_2007\">14<\/span><\/a> Synd skal ekki r\u00edkja yfir ykkur \u00fear e\u00f0 \u00fei\u00f0 eru\u00f0 ekki undir l\u00f6gm\u00e1linu heldur undir n\u00e1\u00f0inni.<\/p>\n<h3 class=\"millifyrirsogn_2007\">Leyst fr\u00e1 syndinni<\/h3>\n<p><a name=\"15\"><span class=\"versanumer_2007\">15<\/span><\/a> E\u00f0a hva\u00f0? Eigum vi\u00f0 a\u00f0 syndga fyrst vi\u00f0 erum ekki undir l\u00f6gm\u00e1linu heldur n\u00e1\u00f0inni? Fjarst\u00e6\u00f0a! <a name=\"16\"><span class=\"versanumer_2007\">16<\/span><\/a> Viti\u00f0 \u00fei\u00f0 ekki a\u00f0 ef \u00fei\u00f0 gerist \u00e1nau\u00f0ug \u00fe\u00fd einhvers eru\u00f0 \u00fei\u00f0 nau\u00f0beyg\u00f0 a\u00f0 hl\u00fd\u00f0a honum? Anna\u00f0hvort hl\u00fd\u00f0i\u00f0 \u00fei\u00f0 syndinni sem lei\u00f0ir til dau\u00f0a e\u00f0a Gu\u00f0i sem lei\u00f0ir til l\u00edfs \u00ed r\u00e9ttl\u00e6ti. <a name=\"17\"><span class=\"versanumer_2007\">17<\/span><\/a> En \u00fe\u00f6kk s\u00e9 Gu\u00f0i. \u00dei\u00f0, sem voru\u00f0 \u00fer\u00e6lar syndarinnar, ur\u00f0u\u00f0 af hjarta hl\u00fd\u00f0in \u00feeirri kenningu sem ykkur var gefin. <a name=\"18\"><span class=\"versanumer_2007\">18<\/span><\/a> N\u00fa eru\u00f0 \u00fei\u00f0 leyst fr\u00e1 syndinni og bundin r\u00e9ttl\u00e6tinu, <a name=\"19\"><span class=\"versanumer_2007\">19<\/span><\/a> svo a\u00f0 \u00e9g noti l\u00edkingu \u00far mannl\u00edfinu, s\u00f6kum veikleika ykkar. Eins og \u00fei\u00f0 fyrrum l\u00e9tu\u00f0 limina \u00fer\u00e6la fyrir \u00f3hrein \u00f6fl og si\u00f0leysi undir \u00f3l\u00f6gum skulu\u00f0 \u00fei\u00f0 n\u00fa l\u00e1ta \u00fe\u00e1 \u00fej\u00f3na r\u00e9ttl\u00e6ti Gu\u00f0s og helgast honum.<br \/> <a name=\"20\"><span class=\"versanumer_2007\">20<\/span><\/a> \u00deegar \u00fei\u00f0 voru\u00f0 \u00fer\u00e6lar syndarinnar lutu\u00f0 \u00fei\u00f0 ekki yfirr\u00e1\u00f0um r\u00e9ttl\u00e6tisins. <a name=\"21\"><span class=\"versanumer_2007\">21<\/span><\/a> Hva\u00f0a \u00e1v\u00f6xtu h\u00f6f\u00f0u\u00f0 \u00fei\u00f0 af \u00fev\u00ed? \u00de\u00e1 eina sem \u00fei\u00f0 finni\u00f0 n\u00fa a\u00f0 eru til skammar \u00fev\u00ed a\u00f0 \u00feeir lei\u00f0a a\u00f0 lokum til dau\u00f0a. <a name=\"22\"><span class=\"versanumer_2007\">22<\/span><\/a> En n\u00fa eru\u00f0 \u00fei\u00f0 leyst fr\u00e1 syndinni og bundin Gu\u00f0i. \u00dea\u00f0 ber \u00e1v\u00f6xt til helgunar og eil\u00edfs l\u00edfs a\u00f0 lokum. <a name=\"23\"><span class=\"versanumer_2007\">23<\/span><\/a> \u00dev\u00ed a\u00f0 laun syndarinnar er dau\u00f0i en n\u00e1\u00f0argj\u00f6f Gu\u00f0s er eil\u00edft l\u00edf \u00ed Kristi Jes\u00fa, Drottni vorum.<\/p>\n","protected":false},"excerpt":{"rendered":"<p>Sk\u00edr\u00f0 til n\u00fds l\u00edfs 1 Hva\u00f0 merkir n\u00fa \u00feetta? Eigum vi\u00f0 a\u00f0 vera \u00e1fram \u00ed syndinni til \u00feess a\u00f0 n\u00e1\u00f0in ver\u00f0i \u00fev\u00ed meiri? 2 Fjarri fer \u00fev\u00ed! Vi\u00f0 sem d\u00f3um syndinni, hvernig \u00e6ttum vi\u00f0 a\u00f0 lifa \u00e1fram \u00ed henni? 3 E\u00f0a viti\u00f0 \u00fei\u00f0 ekki a\u00f0 vi\u00f0 \u00f6ll, sem sk\u00edr\u00f0 erum til Krists Jes\u00fa, erum sk\u00edr\u00f0 til dau\u00f0a hans? 4 Vi\u00f0 erum \u00fev\u00ed d\u00e1in og greftru\u00f0 me\u00f0 honum \u00ed sk\u00edrninni. Og eins og fa\u00f0irinn vakti Krist fr\u00e1 dau\u00f0um me\u00f0 d\u00fdr\u00f0arm\u00e6tti s\u00ednum, eins eigum vi\u00f0 a\u00f0 lifa n\u00fdju l\u00edfi. 5 Fyrst vi\u00f0 erum samgr\u00f3in honum me\u00f0 \u00fev\u00ed a\u00f0 deyja l\u00edkt og hann <a href=\"https:\/\/biblian.is\/biblian\/romverjabrefid-6-kafli\/\"> [&#8230;]<\/a><\/p>\n","protected":false},"author":1,"featured_media":0,"parent":0,"menu_order":0,"comment_status":"open","ping_status":"open","template":"bibliukaflar_NT.php","meta":{"footnotes":""},"class_list":["post-2669","page","type-page","status-publish","hentry"],"_links":{"self":[{"href":"https:\/\/biblian.is\/biblian\/wp-json\/wp\/v2\/pages\/2669","targetHints":{"allow":["GET"]}}],"collection":[{"href":"https:\/\/biblian.is\/biblian\/wp-json\/wp\/v2\/pages"}],"about":[{"href":"https:\/\/biblian.is\/biblian\/wp-json\/wp\/v2\/types\/page"}],"author":[{"embeddable":true,"href":"https:\/\/biblian.is\/biblian\/wp-json\/wp\/v2\/users\/1"}],"replies":[{"embeddable":true,"href":"https:\/\/biblian.is\/biblian\/wp-json\/wp\/v2\/comments?post=2669"}],"version-history":[{"count":0,"href":"https:\/\/biblian.is\/biblian\/wp-json\/wp\/v2\/pages\/2669\/revisions"}],"wp:attachment":[{"href":"https:\/\/biblian.is\/biblian\/wp-json\/wp\/v2\/media?parent=2669"}],"curies":[{"name":"wp","href":"https:\/\/api.w.org\/{rel}","templated":true}]}}