{"id":2667,"date":"2017-12-30T21:04:10","date_gmt":"2017-12-30T21:04:10","guid":{"rendered":"http:\/\/biblian.is\/biblian\/r%c2%97mverjabr%c2%8efi_-4-kafli\/"},"modified":"2019-08-26T23:36:51","modified_gmt":"2019-08-26T23:36:51","slug":"romverjabrefid-4-kafli","status":"publish","type":"page","link":"https:\/\/biblian.is\/biblian\/romverjabrefid-4-kafli\/","title":{"rendered":"R\u00f3mverjabr\u00e9fi\u00f0 4. kafli"},"content":{"rendered":"<h3 class=\"millifyrirsogn_2007\"> Tr\u00fa Abrahams<\/h3>\n<p><a name=\"1\"><span class=\"versanumer_2007\">1<\/span><\/a> Hva\u00f0 skal \u00fe\u00e1 segja um forf\u00f6\u00f0ur vorn Abraham, hva\u00f0 \u00e1vann hann? <a name=\"2\"><span class=\"versanumer_2007\">2<\/span><\/a> Ef hann var\u00f0 r\u00e9ttl\u00e6ttur vegna verka sinna m\u00e6tti hann hr\u00f3sa s\u00e9r. \u00de\u00f3 ekki fyrir Gu\u00f0i. <a name=\"3\"><span class=\"versanumer_2007\">3<\/span><\/a> E\u00f0a hva\u00f0 segir ritningin? Abraham tr\u00fa\u00f0i Gu\u00f0i og \u00fea\u00f0 var honum til r\u00e9ttl\u00e6tis reikna\u00f0. <a name=\"4\"><span class=\"versanumer_2007\">4<\/span><\/a> S\u00e1 sem vinnur verk f\u00e6r ekki laun fyrir \u00fea\u00f0 af n\u00e1\u00f0. Hann f\u00e6r \u00fea\u00f0 sem hann \u00e1 r\u00e9tt \u00e1. <a name=\"5\"><span class=\"versanumer_2007\">5<\/span><\/a> En s\u00e1 hins vegar sem engu afkastar en treystir \u00feeim sem r\u00e9ttl\u00e6tir \u00f3gu\u00f0legan f\u00e6r tr\u00fa s\u00edna metna s\u00e9r til r\u00e9ttl\u00e6tis. <a name=\"6\"><span class=\"versanumer_2007\">6<\/span><\/a> Eins og l\u00edka Dav\u00ed\u00f0 l\u00fdsir \u00feann mann s\u00e6lan sem Gu\u00f0 tilreiknar r\u00e9ttl\u00e6ti \u00e1n tillits til verka: <br \/> <span class=\"ljodatexti\"> <a name=\"7\"><span class=\"versanumer_ljod\">7<\/span><\/a>S\u00e6lir eru \u00feeir sem afbrotin eru fyrirgefin, <br \/>syndir \u00feeirra huldar.<br \/> <\/span> <span class=\"ljodatexti\"> <a name=\"8\"><span class=\"versanumer_ljod\">8<\/span><\/a>S\u00e6ll er s\u00e1 ma\u00f0ur sem Drottinn <br \/>tilreiknar ekki synd. <\/span> <br \/> <a name=\"9\"><span class=\"versanumer_2007\">9<\/span><\/a> N\u00e6r \u00feessi s\u00e6lubo\u00f0un a\u00f0eins til umskorinna manna? E\u00f0a l\u00edka til \u00f3umskorinna? \u00c9g segi: Tr\u00fain var Abraham til r\u00e9ttl\u00e6tis reiknu\u00f0. <a name=\"10\"><span class=\"versanumer_2007\">10<\/span><\/a> Hven\u00e6r? Var hann umskorinn \u00fe\u00e1 e\u00f0a \u00f3umskorinn? Hann var ekki umskorinn \u00fe\u00e1, hann var \u00f3umskorinn. <a name=\"11\"><span class=\"versanumer_2007\">11<\/span><\/a> Hann f\u00e9kk umskurnina sem t\u00e1kn, innsigli til sta\u00f0festingar \u00e1 \u00fev\u00ed r\u00e9ttl\u00e6ti af tr\u00fa sem hann \u00e1tti \u00f3umskorinn. \u00deannig skyldi hann vera fa\u00f0ir allra \u00feeirra sem tr\u00faa \u00f3umskornir svo a\u00f0 r\u00e9ttl\u00e6ti\u00f0 tilreiknist \u00feeim, <a name=\"12\"><span class=\"versanumer_2007\">12<\/span><\/a> og eins fa\u00f0ir \u00feeirra umskornu manna sem eru ekki a\u00f0eins umskornir heldur feta veg \u00feeirrar tr\u00faar sem fa\u00f0ir vor Abraham \u00e1tti \u00f3umskorinn.<\/p>\n<h3 class=\"millifyrirsogn_2007\">Fyrirheiti\u00f0 og Abraham<\/h3>\n<p><a name=\"13\"><span class=\"versanumer_2007\">13<\/span><\/a> \u00dea\u00f0 var ekki vegna hl\u00fd\u00f0ni vi\u00f0 l\u00f6gm\u00e1li\u00f0 a\u00f0 Abraham og ni\u00f0jar hans fengu fyrirheiti\u00f0 um a\u00f0 erfa heiminn heldur vegna \u00feeirrar tr\u00faar sem r\u00e9ttl\u00e6tir. <a name=\"14\"><span class=\"versanumer_2007\">14<\/span><\/a> Ef erfingjar hans eru \u00feeir einir sem l\u00f6gm\u00e1li\u00f0 halda er s\u00fa tr\u00fa ger\u00f0 a\u00f0 engu og fyrirheiti\u00f0 ver\u00f0ur marklaust. <a name=\"15\"><span class=\"versanumer_2007\">15<\/span><\/a> \u00dev\u00ed l\u00f6gm\u00e1li\u00f0 vekur rei\u00f0i en \u00fear sem ekkert l\u00f6gm\u00e1l er \u00fear eru ekki heldur l\u00f6gm\u00e1lsbrot. <br \/> <a name=\"16\"><span class=\"versanumer_2007\">16<\/span><\/a> \u00dev\u00ed er fyrirheiti\u00f0 bundi\u00f0 vi\u00f0 tr\u00fana a\u00f0 \u00fea\u00f0 er gefi\u00f0 af n\u00e1\u00f0 og \u00e1 a\u00f0 gilda fyrir alla ni\u00f0ja Abrahams, ekki fyrir \u00fe\u00e1 eina sem hafa l\u00f6gm\u00e1li\u00f0 heldur og fyrir \u00fe\u00e1 sem tr\u00faa \u00e1 Gu\u00f0 \u00e1 sama h\u00e1tt og hann. <a name=\"17\"><span class=\"versanumer_2007\">17<\/span><\/a> Hann er fa\u00f0ir okkar allra eins og skrifa\u00f0 stendur: \u201eF\u00f6\u00f0ur margra \u00fej\u00f3\u00f0a hef \u00e9g sett \u00feig.\u201c Og \u00fea\u00f0 er hann frammi fyrir Gu\u00f0i sem hann tr\u00fa\u00f0i \u00e1, honum sem gerir dau\u00f0a lifandi og kallar fram \u00fea\u00f0 sem er ekki til, og \u00fea\u00f0 ver\u00f0ur til. <a name=\"18\"><span class=\"versanumer_2007\">18<\/span><\/a> Abraham tr\u00fa\u00f0i me\u00f0 von, gagnst\u00e6tt allri von, a\u00f0 hann yr\u00f0i fa\u00f0ir margra \u00fej\u00f3\u00f0a, samkv\u00e6mt \u00fev\u00ed sem Gu\u00f0 sag\u00f0i vi\u00f0 hann: \u201eSvo margir skulu ni\u00f0jar \u00fe\u00ednir ver\u00f0a.\u201c <a name=\"19\"><span class=\"versanumer_2007\">19<\/span><\/a> Og ekki veikla\u00f0ist hann \u00ed tr\u00fanni \u00fe\u00f3tt hann vissi sig kominn a\u00f0 f\u00f3tum fram &#8211; hann var n\u00e6r t\u00edr\u00e6\u00f0ur &#8211; og Sara \u00f3f\u00e6r um a\u00f0 ver\u00f0a m\u00f3\u00f0ir sakir elli. <a name=\"20\"><span class=\"versanumer_2007\">20<\/span><\/a> Um fyrirheit Gu\u00f0s efa\u00f0ist hann ekki \u00ed vantr\u00fa heldur styrktist \u00ed tr\u00fanni og gaf Gu\u00f0i d\u00fdr\u00f0ina, <a name=\"21\"><span class=\"versanumer_2007\">21<\/span><\/a> fullviss \u00feess a\u00f0 Gu\u00f0 megnar a\u00f0 koma \u00fev\u00ed fram sem hann hefur heiti\u00f0. <a name=\"22\"><span class=\"versanumer_2007\">22<\/span><\/a> Og \u00fea\u00f0 var meti\u00f0 honum til r\u00e9ttl\u00e6tis. <a name=\"23\"><span class=\"versanumer_2007\">23<\/span><\/a> En a\u00f0 \u00fea\u00f0 var \u00feannig meti\u00f0 var ekki rita\u00f0 vegna hans eins <a name=\"24\"><span class=\"versanumer_2007\">24<\/span><\/a> heldur og okkar vegna. Tr\u00fain ver\u00f0ur tilreiknu\u00f0 okkur sem tr\u00faum \u00e1 \u00feann Gu\u00f0 sem vakti Jes\u00fa, Drottin vorn, upp fr\u00e1 dau\u00f0um, <a name=\"25\"><span class=\"versanumer_2007\">25<\/span><\/a> hann sem var framseldur vegna misgj\u00f6r\u00f0a okkar og upp vakinn okkur til r\u00e9ttl\u00e6tingar. <\/p>\n","protected":false},"excerpt":{"rendered":"<p>Tr\u00fa Abrahams 1 Hva\u00f0 skal \u00fe\u00e1 segja um forf\u00f6\u00f0ur vorn Abraham, hva\u00f0 \u00e1vann hann? 2 Ef hann var\u00f0 r\u00e9ttl\u00e6ttur vegna verka sinna m\u00e6tti hann hr\u00f3sa s\u00e9r. \u00de\u00f3 ekki fyrir Gu\u00f0i. 3 E\u00f0a hva\u00f0 segir ritningin? Abraham tr\u00fa\u00f0i Gu\u00f0i og \u00fea\u00f0 var honum til r\u00e9ttl\u00e6tis reikna\u00f0. 4 S\u00e1 sem vinnur verk f\u00e6r ekki laun fyrir \u00fea\u00f0 af n\u00e1\u00f0. Hann f\u00e6r \u00fea\u00f0 sem hann \u00e1 r\u00e9tt \u00e1. 5 En s\u00e1 hins vegar sem engu afkastar en treystir \u00feeim sem r\u00e9ttl\u00e6tir \u00f3gu\u00f0legan f\u00e6r tr\u00fa s\u00edna metna s\u00e9r til r\u00e9ttl\u00e6tis. 6 Eins og l\u00edka Dav\u00ed\u00f0 l\u00fdsir \u00feann mann s\u00e6lan sem Gu\u00f0 tilreiknar r\u00e9ttl\u00e6ti \u00e1n <a href=\"https:\/\/biblian.is\/biblian\/romverjabrefid-4-kafli\/\"> [&#8230;]<\/a><\/p>\n","protected":false},"author":1,"featured_media":0,"parent":0,"menu_order":0,"comment_status":"open","ping_status":"open","template":"bibliukaflar_NT.php","meta":{"footnotes":""},"class_list":["post-2667","page","type-page","status-publish","hentry"],"_links":{"self":[{"href":"https:\/\/biblian.is\/biblian\/wp-json\/wp\/v2\/pages\/2667","targetHints":{"allow":["GET"]}}],"collection":[{"href":"https:\/\/biblian.is\/biblian\/wp-json\/wp\/v2\/pages"}],"about":[{"href":"https:\/\/biblian.is\/biblian\/wp-json\/wp\/v2\/types\/page"}],"author":[{"embeddable":true,"href":"https:\/\/biblian.is\/biblian\/wp-json\/wp\/v2\/users\/1"}],"replies":[{"embeddable":true,"href":"https:\/\/biblian.is\/biblian\/wp-json\/wp\/v2\/comments?post=2667"}],"version-history":[{"count":0,"href":"https:\/\/biblian.is\/biblian\/wp-json\/wp\/v2\/pages\/2667\/revisions"}],"wp:attachment":[{"href":"https:\/\/biblian.is\/biblian\/wp-json\/wp\/v2\/media?parent=2667"}],"curies":[{"name":"wp","href":"https:\/\/api.w.org\/{rel}","templated":true}]}}