{"id":2641,"date":"2017-12-30T21:04:05","date_gmt":"2017-12-30T21:04:05","guid":{"rendered":"http:\/\/biblian.is\/biblian\/postulasagan-6-kafli\/"},"modified":"2019-08-26T23:22:28","modified_gmt":"2019-08-26T23:22:28","slug":"postulasagan-6-kafli","status":"publish","type":"page","link":"https:\/\/biblian.is\/biblian\/postulasagan-6-kafli\/","title":{"rendered":"Postulasagan 6. kafli"},"content":{"rendered":"<h3 class=\"millifyrirsogn_2007\"> N\u00fdir \u00fej\u00f3nar<\/h3>\n<p><a name=\"1\"><span class=\"versanumer_2007\">1<\/span><\/a> \u00c1 \u00feessum d\u00f6gum, er l\u00e6risveinum fj\u00f6lga\u00f0i, f\u00f3ru gr\u00edskum\u00e6landi menn a\u00f0 kvarta yfir \u00fev\u00ed a\u00f0 hebreskir settu ekkjur \u00feeirra hj\u00e1 vi\u00f0 daglega \u00fathlutun. <a name=\"2\"><span class=\"versanumer_2007\">2<\/span><\/a> Hinir t\u00f3lf k\u00f6llu\u00f0u \u00fe\u00e1 l\u00e6risveinah\u00f3pinn saman og s\u00f6g\u00f0u: \u201eEkki h\u00e6fir a\u00f0 vi\u00f0 hverfum fr\u00e1 bo\u00f0un Gu\u00f0s or\u00f0s til a\u00f0 \u00fej\u00f3na fyrir bor\u00f0um. <a name=\"3\"><span class=\"versanumer_2007\">3<\/span><\/a> Finni\u00f0 \u00fev\u00ed, systkin,<span class=\"nedan_mal\" title=\" Or\u00f0r\u00e9tt: br\u00e6\u00f0ur.\">[<\/span> sj\u00f6 vel kynnta menn \u00far ykkar h\u00f3pi sem fullir eru anda og visku. Munum vi\u00f0 setja \u00fe\u00e1 yfir \u00feetta starf. <a name=\"4\"><span class=\"versanumer_2007\">4<\/span><\/a> En vi\u00f0 munum helga okkur b\u00e6ninni og \u00fej\u00f3nustu or\u00f0sins.\u201c <a name=\"5\"><span class=\"versanumer_2007\">5<\/span><\/a> \u00d6ll samkoman ger\u00f0i g\u00f3\u00f0an r\u00f3m a\u00f0 m\u00e1li \u00feeirra og kaus h\u00fan Stef\u00e1n, sem var gagntekinn af tr\u00fa og heil\u00f6gum anda, Filippus, Pr\u00f3korus, N\u00edkanor, T\u00edmon, Parmenas og Nikol\u00e1s fr\u00e1 Ant\u00edokk\u00edu sem teki\u00f0 haf\u00f0i gy\u00f0ingatr\u00fa. <a name=\"6\"><span class=\"versanumer_2007\">6<\/span><\/a> S\u00f6fnu\u00f0urinn l\u00e9t lei\u00f0a \u00fe\u00e1 fram fyrir postulana sem b\u00e1\u00f0ust fyrir og l\u00f6g\u00f0u hendur yfir \u00fe\u00e1. <br \/> <a name=\"7\"><span class=\"versanumer_2007\">7<\/span><\/a> Or\u00f0 Gu\u00f0s breiddist \u00fat og tala l\u00e6risveinanna \u00ed Jer\u00fasalem f\u00f3r st\u00f3rum vaxandi. Einnig snerist mikill fj\u00f6ldi presta til hl\u00fd\u00f0ni vi\u00f0 tr\u00fana. <\/p>\n<h3 class=\"millifyrirsogn_2007\">Stef\u00e1n tekinn h\u00f6ndum<\/h3>\n<p><a name=\"8\"><span class=\"versanumer_2007\">8<\/span><\/a> Stef\u00e1n var fullur af n\u00e1\u00f0 og krafti og ger\u00f0i undur og t\u00e1kn mikil me\u00f0al f\u00f3lksins. <a name=\"9\"><span class=\"versanumer_2007\">9<\/span><\/a> \u00de\u00e1 komu til nokkrir menn \u00far svonefndri Leysingjasamkundu. \u00deeir voru fr\u00e1 K\u00fdrene og Alexandr\u00edu en a\u00f0rir fr\u00e1 Kilik\u00edu og As\u00edu og t\u00f3ku a\u00f0 \u00fer\u00e1tta vi\u00f0 Stef\u00e1n. <a name=\"10\"><span class=\"versanumer_2007\">10<\/span><\/a> En \u00feeir g\u00e1tu ekki sta\u00f0i\u00f0 gegn \u00feeirri visku og anda sem hann tala\u00f0i af. <a name=\"11\"><span class=\"versanumer_2007\">11<\/span><\/a> \u00de\u00e1 fengu \u00feeir menn nokkra til a\u00f0 segja: \u201eVi\u00f0 h\u00f6fum heyrt hann tala lastm\u00e6li gegn M\u00f3se og Gu\u00f0i.\u201c <a name=\"12\"><span class=\"versanumer_2007\">12<\/span><\/a> \u00deeir \u00e6stu upp f\u00f3lki\u00f0, \u00f6ldungana og fr\u00e6\u00f0imennina og \u00feeir veittust a\u00f0 honum, gripu hann og f\u00e6r\u00f0u hann fyrir r\u00e1\u00f0i\u00f0. <a name=\"13\"><span class=\"versanumer_2007\">13<\/span><\/a> \u00de\u00e1 leiddu \u00feeir fram lj\u00fagvotta er s\u00f6g\u00f0u: \u201e\u00deessi ma\u00f0ur talar s\u00edfellt gegn \u00feessum heilaga sta\u00f0 og l\u00f6gm\u00e1linu. <a name=\"14\"><span class=\"versanumer_2007\">14<\/span><\/a> Vi\u00f0 h\u00f6fum heyrt hann segja a\u00f0 \u00feessi Jes\u00fas fr\u00e1 Nasaret muni brj\u00f3ta ni\u00f0ur musteri\u00f0 og breyta \u00feeim si\u00f0um sem M\u00f3se hefur sett okkur.\u201c <a name=\"15\"><span class=\"versanumer_2007\">15<\/span><\/a> Allir sem \u00ed r\u00e1\u00f0inu s\u00e1tu st\u00f6r\u00f0u \u00e1 hann og s\u00e1u a\u00f0 \u00e1sj\u00f3na hans var sem engils \u00e1sj\u00f3na. <\/p>\n","protected":false},"excerpt":{"rendered":"<p>N\u00fdir \u00fej\u00f3nar 1 \u00c1 \u00feessum d\u00f6gum, er l\u00e6risveinum fj\u00f6lga\u00f0i, f\u00f3ru gr\u00edskum\u00e6landi menn a\u00f0 kvarta yfir \u00fev\u00ed a\u00f0 hebreskir settu ekkjur \u00feeirra hj\u00e1 vi\u00f0 daglega \u00fathlutun. 2 Hinir t\u00f3lf k\u00f6llu\u00f0u \u00fe\u00e1 l\u00e6risveinah\u00f3pinn saman og s\u00f6g\u00f0u: \u201eEkki h\u00e6fir a\u00f0 vi\u00f0 hverfum fr\u00e1 bo\u00f0un Gu\u00f0s or\u00f0s til a\u00f0 \u00fej\u00f3na fyrir bor\u00f0um. 3 Finni\u00f0 \u00fev\u00ed, systkin,[ sj\u00f6 vel kynnta menn \u00far ykkar h\u00f3pi sem fullir eru anda og visku. Munum vi\u00f0 setja \u00fe\u00e1 yfir \u00feetta starf. 4 En vi\u00f0 munum helga okkur b\u00e6ninni og \u00fej\u00f3nustu or\u00f0sins.\u201c 5 \u00d6ll samkoman ger\u00f0i g\u00f3\u00f0an r\u00f3m a\u00f0 m\u00e1li \u00feeirra og kaus h\u00fan Stef\u00e1n, sem var gagntekinn af tr\u00fa <a href=\"https:\/\/biblian.is\/biblian\/postulasagan-6-kafli\/\"> [&#8230;]<\/a><\/p>\n","protected":false},"author":1,"featured_media":0,"parent":0,"menu_order":0,"comment_status":"open","ping_status":"open","template":"bibliukaflar_NT.php","meta":{"footnotes":""},"class_list":["post-2641","page","type-page","status-publish","hentry"],"_links":{"self":[{"href":"https:\/\/biblian.is\/biblian\/wp-json\/wp\/v2\/pages\/2641","targetHints":{"allow":["GET"]}}],"collection":[{"href":"https:\/\/biblian.is\/biblian\/wp-json\/wp\/v2\/pages"}],"about":[{"href":"https:\/\/biblian.is\/biblian\/wp-json\/wp\/v2\/types\/page"}],"author":[{"embeddable":true,"href":"https:\/\/biblian.is\/biblian\/wp-json\/wp\/v2\/users\/1"}],"replies":[{"embeddable":true,"href":"https:\/\/biblian.is\/biblian\/wp-json\/wp\/v2\/comments?post=2641"}],"version-history":[{"count":0,"href":"https:\/\/biblian.is\/biblian\/wp-json\/wp\/v2\/pages\/2641\/revisions"}],"wp:attachment":[{"href":"https:\/\/biblian.is\/biblian\/wp-json\/wp\/v2\/media?parent=2641"}],"curies":[{"name":"wp","href":"https:\/\/api.w.org\/{rel}","templated":true}]}}