{"id":2628,"date":"2017-12-30T21:04:01","date_gmt":"2017-12-30T21:04:01","guid":{"rendered":"http:\/\/biblian.is\/biblian\/j%c2%97hannesargu_spjall-14-kafli\/"},"modified":"2019-08-26T22:47:45","modified_gmt":"2019-08-26T22:47:45","slug":"johannesargudspjall-14-kafli","status":"publish","type":"page","link":"https:\/\/biblian.is\/biblian\/johannesargudspjall-14-kafli\/","title":{"rendered":"J\u00f3hannesargu\u00f0spjall 14. kafli"},"content":{"rendered":"<h3 class=\"millifyrirsogn_2007\"> Vegurinn, sannleikurinn, l\u00edfi\u00f0<\/h3>\n<p><a name=\"1\"><span class=\"versanumer_2007\">1<\/span><\/a> \u201eHjarta y\u00f0ar skelfist ekki. Tr\u00fai\u00f0 \u00e1 Gu\u00f0 og tr\u00fai\u00f0 \u00e1 mig. <a name=\"2\"><span class=\"versanumer_2007\">2<\/span><\/a> \u00cd h\u00fasi f\u00f6\u00f0ur m\u00edns eru margar vistarverur. V\u00e6ri ekki svo hef\u00f0i \u00e9g \u00fe\u00e1 sagt y\u00f0ur a\u00f0 \u00e9g f\u00e6ri burt a\u00f0 b\u00faa y\u00f0ur sta\u00f0? <a name=\"3\"><span class=\"versanumer_2007\">3<\/span><\/a> \u00deegar \u00e9g er farinn burt og hef b\u00fai\u00f0 y\u00f0ur sta\u00f0 kem \u00e9g aftur og tek y\u00f0ur til m\u00edn svo a\u00f0 \u00fe\u00e9r s\u00e9u\u00f0 einnig \u00fear sem \u00e9g er. <a name=\"4\"><span class=\"versanumer_2007\">4<\/span><\/a> Veginn \u00feanga\u00f0 sem \u00e9g fer \u00feekki\u00f0 \u00fe\u00e9r.\u201c <br \/> <a name=\"5\"><span class=\"versanumer_2007\">5<\/span><\/a> T\u00f3mas segir vi\u00f0 hann: \u201eDrottinn, vi\u00f0 vitum ekki hvert \u00fe\u00fa fer\u00f0, hvernig getum vi\u00f0 \u00fe\u00e1 \u00feekkt veginn?\u201c <br \/> <a name=\"6\"><span class=\"versanumer_2007\">6<\/span><\/a> Jes\u00fas segir vi\u00f0 hann: \u201e\u00c9g er vegurinn, sannleikurinn og l\u00edfi\u00f0. Enginn kemur til f\u00f6\u00f0urins nema fyrir mig. <a name=\"7\"><span class=\"versanumer_2007\">7<\/span><\/a> Ef \u00fe\u00e9r hafi\u00f0 \u00feekkt mig munu\u00f0 \u00fe\u00e9r og \u00feekkja f\u00f6\u00f0ur minn. H\u00e9\u00f0an af \u00feekki\u00f0 \u00fe\u00e9r hann og hafi\u00f0 s\u00e9\u00f0 hann.\u201c <br \/> <a name=\"8\"><span class=\"versanumer_2007\">8<\/span><\/a> Filippus segir vi\u00f0 hann: \u201eDrottinn, s\u00fdn \u00fe\u00fa okkur f\u00f6\u00f0urinn. \u00dea\u00f0 n\u00e6gir okkur.\u201c <br \/> <a name=\"9\"><span class=\"versanumer_2007\">9<\/span><\/a> Jes\u00fas svara\u00f0i: \u201e\u00c9g hef veri\u00f0 me\u00f0 y\u00f0ur allan \u00feennan t\u00edma og \u00fe\u00fa \u00feekkir mig ekki, Filippus? S\u00e1 sem hefur s\u00e9\u00f0 mig hefur s\u00e9\u00f0 f\u00f6\u00f0urinn. Hvernig segir \u00fe\u00fa \u00fe\u00e1: S\u00fdn \u00fe\u00fa oss f\u00f6\u00f0urinn? <a name=\"10\"><span class=\"versanumer_2007\">10<\/span><\/a> Tr\u00fair \u00fe\u00fa ekki a\u00f0 \u00e9g er \u00ed f\u00f6\u00f0urnum og fa\u00f0irinn \u00ed m\u00e9r? \u00dea\u00f0 sem \u00e9g segi vi\u00f0 y\u00f0ur eru ekki m\u00edn or\u00f0. Fa\u00f0irinn, sem \u00ed m\u00e9r er, vinnur s\u00edn verk. <a name=\"11\"><span class=\"versanumer_2007\">11<\/span><\/a> Tr\u00fai\u00f0 m\u00e9r a\u00f0 \u00e9g er \u00ed f\u00f6\u00f0urnum og fa\u00f0irinn \u00ed m\u00e9r. Ef \u00fe\u00e9r tr\u00fai\u00f0 ekki or\u00f0um m\u00ednum tr\u00fai\u00f0 \u00fe\u00e1 vegna sj\u00e1lfra verkanna. <a name=\"12\"><span class=\"versanumer_2007\">12<\/span><\/a> Sannlega, sannlega segi \u00e9g y\u00f0ur: S\u00e1 sem tr\u00fair \u00e1 mig mun einnig gera \u00feau verk sem \u00e9g geri. Og hann mun gera meiri verk en \u00feau \u00fev\u00ed \u00e9g fer til f\u00f6\u00f0urins. <a name=\"13\"><span class=\"versanumer_2007\">13<\/span><\/a> Og hvers sem \u00fe\u00e9r bi\u00f0ji\u00f0 \u00ed m\u00ednu nafni \u00fea\u00f0 mun \u00e9g gera svo a\u00f0 fa\u00f0irinn vegsamist \u00ed syninum. <a name=\"14\"><span class=\"versanumer_2007\">14<\/span><\/a> Ef \u00fe\u00e9r bi\u00f0ji\u00f0 mig einhvers \u00ed m\u00ednu nafni mun \u00e9g gera \u00fea\u00f0. <\/p>\n<h3 class=\"millifyrirsogn_2007\">Andi sannleikans<\/h3>\n<p><a name=\"15\"><span class=\"versanumer_2007\">15<\/span><\/a> Ef \u00fe\u00e9r elski\u00f0 mig munu\u00f0 \u00fe\u00e9r halda bo\u00f0or\u00f0 m\u00edn. <a name=\"16\"><span class=\"versanumer_2007\">16<\/span><\/a> \u00c9g mun bi\u00f0ja f\u00f6\u00f0urinn og hann mun gefa y\u00f0ur annan hj\u00e1lpara sem ver\u00f0ur hj\u00e1 y\u00f0ur a\u00f0 eil\u00edfu, <a name=\"17\"><span class=\"versanumer_2007\">17<\/span><\/a> anda sannleikans. Heimurinn getur ekki teki\u00f0 \u00e1 m\u00f3ti honum \u00fev\u00ed hann s\u00e9r hann ekki n\u00e9 \u00feekkir. \u00de\u00e9r \u00feekki\u00f0 hann \u00fev\u00ed hann er hj\u00e1 y\u00f0ur og ver\u00f0ur \u00ed y\u00f0ur. <a name=\"18\"><span class=\"versanumer_2007\">18<\/span><\/a> Ekki mun \u00e9g skilja y\u00f0ur eftir muna\u00f0arlaus. \u00c9g kem til y\u00f0ar. <a name=\"19\"><span class=\"versanumer_2007\">19<\/span><\/a> Innan skamms mun heimurinn ekki sj\u00e1 mig framar. \u00de\u00e9r munu\u00f0 sj\u00e1 mig \u00fev\u00ed \u00e9g lifi og \u00fe\u00e9r munu\u00f0 lifa. <a name=\"20\"><span class=\"versanumer_2007\">20<\/span><\/a> \u00c1 \u00feeim degi munu\u00f0 \u00fe\u00e9r skilja a\u00f0 \u00e9g er \u00ed f\u00f6\u00f0ur m\u00ednum og \u00fe\u00e9r \u00ed m\u00e9r og \u00e9g \u00ed y\u00f0ur. <a name=\"21\"><span class=\"versanumer_2007\">21<\/span><\/a> S\u00e1 sem hefur bo\u00f0or\u00f0 m\u00edn og heldur \u00feau er s\u00e1 sem elskar mig. En \u00feann sem elskar mig mun fa\u00f0ir minn elska og \u00e9g mun elska hann og birta honum hver \u00e9g er.\u201c <br \/> <a name=\"22\"><span class=\"versanumer_2007\">22<\/span><\/a> J\u00fadas &#8211; ekki \u00cdskar\u00edot &#8211; sag\u00f0i vi\u00f0 hann: \u201eDrottinn, hverju s\u00e6tir \u00fea\u00f0 a\u00f0 \u00fe\u00fa vilt birtast okkur en eigi heiminum?\u201c <br \/> <a name=\"23\"><span class=\"versanumer_2007\">23<\/span><\/a> Jes\u00fas svara\u00f0i: \u201eS\u00e1 sem elskar mig var\u00f0veitir mitt or\u00f0 og fa\u00f0ir minn mun elska hann. Til hans munum vi\u00f0 koma og gera okkur b\u00fasta\u00f0 hj\u00e1 honum. <a name=\"24\"><span class=\"versanumer_2007\">24<\/span><\/a> S\u00e1 sem elskar mig ekki var\u00f0veitir ekki m\u00edn or\u00f0. Or\u00f0i\u00f0, sem \u00fe\u00e9r heyri\u00f0, er ekki mitt heldur f\u00f6\u00f0urins sem sendi mig. <br \/> <a name=\"25\"><span class=\"versanumer_2007\">25<\/span><\/a> \u00deetta hef \u00e9g tala\u00f0 til y\u00f0ar me\u00f0an \u00e9g var hj\u00e1 y\u00f0ur. <a name=\"26\"><span class=\"versanumer_2007\">26<\/span><\/a> En hj\u00e1lparinn, andinn heilagi, sem fa\u00f0irinn mun senda \u00ed m\u00ednu nafni mun kenna y\u00f0ur allt og minna y\u00f0ur \u00e1 allt \u00fea\u00f0 sem \u00e9g hef sagt y\u00f0ur. <a name=\"27\"><span class=\"versanumer_2007\">27<\/span><\/a> Fri\u00f0 l\u00e6t \u00e9g y\u00f0ur eftir, minn fri\u00f0 gef \u00e9g y\u00f0ur. Ekki gef \u00e9g y\u00f0ur eins og heimurinn gefur. Hjarta y\u00f0ar skelfist ekki n\u00e9 hr\u00e6\u00f0ist. <a name=\"28\"><span class=\"versanumer_2007\">28<\/span><\/a> \u00de\u00e9r heyr\u00f0u\u00f0 a\u00f0 \u00e9g sag\u00f0i vi\u00f0 y\u00f0ur: \u00c9g fer burt og kem til y\u00f0ar. Ef \u00fe\u00e9r elsku\u00f0u\u00f0 mig yr\u00f0u\u00f0 \u00fe\u00e9r gl\u00f6\u00f0 af \u00fev\u00ed a\u00f0 \u00e9g fer til f\u00f6\u00f0urins \u00fev\u00ed fa\u00f0irinn er m\u00e9r meiri. <a name=\"29\"><span class=\"versanumer_2007\">29<\/span><\/a> N\u00fa hef \u00e9g sagt y\u00f0ur \u00fea\u00f0 \u00e1\u00f0ur en \u00fea\u00f0 ver\u00f0ur svo a\u00f0 \u00fe\u00e9r tr\u00fai\u00f0 \u00feegar \u00fea\u00f0 gerist. <a name=\"30\"><span class=\"versanumer_2007\">30<\/span><\/a> \u00c9g mun ekki framar tala margt vi\u00f0 y\u00f0ur \u00fev\u00ed h\u00f6f\u00f0ingi heimsins kemur. \u00cd m\u00e9r \u00e1 hann ekkert. <a name=\"31\"><span class=\"versanumer_2007\">31<\/span><\/a> En heimurinn \u00e1 a\u00f0 sj\u00e1 a\u00f0 \u00e9g elska f\u00f6\u00f0urinn og geri eins og fa\u00f0irinn hefur bo\u00f0i\u00f0 m\u00e9r. <br \/>Standi\u00f0 upp, v\u00e9r skulum fara h\u00e9\u00f0an.\u201c <\/p>\n","protected":false},"excerpt":{"rendered":"<p>Vegurinn, sannleikurinn, l\u00edfi\u00f0 1 \u201eHjarta y\u00f0ar skelfist ekki. Tr\u00fai\u00f0 \u00e1 Gu\u00f0 og tr\u00fai\u00f0 \u00e1 mig. 2 \u00cd h\u00fasi f\u00f6\u00f0ur m\u00edns eru margar vistarverur. V\u00e6ri ekki svo hef\u00f0i \u00e9g \u00fe\u00e1 sagt y\u00f0ur a\u00f0 \u00e9g f\u00e6ri burt a\u00f0 b\u00faa y\u00f0ur sta\u00f0? 3 \u00deegar \u00e9g er farinn burt og hef b\u00fai\u00f0 y\u00f0ur sta\u00f0 kem \u00e9g aftur og tek y\u00f0ur til m\u00edn svo a\u00f0 \u00fe\u00e9r s\u00e9u\u00f0 einnig \u00fear sem \u00e9g er. 4 Veginn \u00feanga\u00f0 sem \u00e9g fer \u00feekki\u00f0 \u00fe\u00e9r.\u201c 5 T\u00f3mas segir vi\u00f0 hann: \u201eDrottinn, vi\u00f0 vitum ekki hvert \u00fe\u00fa fer\u00f0, hvernig getum vi\u00f0 \u00fe\u00e1 \u00feekkt veginn?\u201c 6 Jes\u00fas segir vi\u00f0 hann: \u201e\u00c9g er <a href=\"https:\/\/biblian.is\/biblian\/johannesargudspjall-14-kafli\/\"> [&#8230;]<\/a><\/p>\n","protected":false},"author":1,"featured_media":0,"parent":0,"menu_order":0,"comment_status":"open","ping_status":"open","template":"bibliukaflar_NT.php","meta":{"footnotes":""},"class_list":["post-2628","page","type-page","status-publish","hentry"],"_links":{"self":[{"href":"https:\/\/biblian.is\/biblian\/wp-json\/wp\/v2\/pages\/2628","targetHints":{"allow":["GET"]}}],"collection":[{"href":"https:\/\/biblian.is\/biblian\/wp-json\/wp\/v2\/pages"}],"about":[{"href":"https:\/\/biblian.is\/biblian\/wp-json\/wp\/v2\/types\/page"}],"author":[{"embeddable":true,"href":"https:\/\/biblian.is\/biblian\/wp-json\/wp\/v2\/users\/1"}],"replies":[{"embeddable":true,"href":"https:\/\/biblian.is\/biblian\/wp-json\/wp\/v2\/comments?post=2628"}],"version-history":[{"count":0,"href":"https:\/\/biblian.is\/biblian\/wp-json\/wp\/v2\/pages\/2628\/revisions"}],"wp:attachment":[{"href":"https:\/\/biblian.is\/biblian\/wp-json\/wp\/v2\/media?parent=2628"}],"curies":[{"name":"wp","href":"https:\/\/api.w.org\/{rel}","templated":true}]}}

Jóhannesarguðspjall 14. kafli

<h3 class="millifyrirsogn_2007"> Vegurinn, sannleikurinn, lífið</h3>
<p><a name="1"><span class="versanumer_2007">1</span></a> „Hjarta yðar skelfist ekki. Trúið á Guð og trúið á mig. <a name="2"><span class="versanumer_2007">2</span></a> Í húsi föður míns eru margar vistarverur. Væri ekki svo hefði ég þá sagt yður að ég færi burt að búa yður stað? <a name="3"><span class="versanumer_2007">3</span></a> Þegar ég er farinn burt og hef búið yður stað kem ég aftur og tek yður til mín svo að þér séuð einnig þar sem ég er. <a name="4"><span class="versanumer_2007">4</span></a> Veginn þangað sem ég fer þekkið þér.“ <br /> <a name="5"><span class="versanumer_2007">5</span></a> Tómas segir við hann: „Drottinn, við vitum ekki hvert þú ferð, hvernig getum við þá þekkt veginn?“ <br /> <a name="6"><span class="versanumer_2007">6</span></a> Jesús segir við hann: „Ég er vegurinn, sannleikurinn og lífið. Enginn kemur til föðurins nema fyrir mig. <a name="7"><span class="versanumer_2007">7</span></a> Ef þér hafið þekkt mig munuð þér og þekkja föður minn. Héðan af þekkið þér hann og hafið séð hann.“ <br /> <a name="8"><span class="versanumer_2007">8</span></a> Filippus segir við hann: „Drottinn, sýn þú okkur föðurinn. Það nægir okkur.“ <br /> <a name="9"><span class="versanumer_2007">9</span></a> Jesús svaraði: „Ég hef verið með yður allan þennan tíma og þú þekkir mig ekki, Filippus? Sá sem hefur séð mig hefur séð föðurinn. Hvernig segir þú þá: Sýn þú oss föðurinn? <a name="10"><span class="versanumer_2007">10</span></a> Trúir þú ekki að ég er í föðurnum og faðirinn í mér? Það sem ég segi við yður eru ekki mín orð. Faðirinn, sem í mér er, vinnur sín verk. <a name="11"><span class="versanumer_2007">11</span></a> Trúið mér að ég er í föðurnum og faðirinn í mér. Ef þér trúið ekki orðum mínum trúið þá vegna sjálfra verkanna. <a name="12"><span class="versanumer_2007">12</span></a> Sannlega, sannlega segi ég yður: Sá sem trúir á mig mun einnig gera þau verk sem ég geri. Og hann mun gera meiri verk en þau því ég fer til föðurins. <a name="13"><span class="versanumer_2007">13</span></a> Og hvers sem þér biðjið í mínu nafni það mun ég gera svo að faðirinn vegsamist í syninum. <a name="14"><span class="versanumer_2007">14</span></a> Ef þér biðjið mig einhvers í mínu nafni mun ég gera það. </p>
<h3 class="millifyrirsogn_2007">Andi sannleikans</h3>
<p><a name="15"><span class="versanumer_2007">15</span></a> Ef þér elskið mig munuð þér halda boðorð mín. <a name="16"><span class="versanumer_2007">16</span></a> Ég mun biðja föðurinn og hann mun gefa yður annan hjálpara sem verður hjá yður að eilífu, <a name="17"><span class="versanumer_2007">17</span></a> anda sannleikans. Heimurinn getur ekki tekið á móti honum því hann sér hann ekki né þekkir. Þér þekkið hann því hann er hjá yður og verður í yður. <a name="18"><span class="versanumer_2007">18</span></a> Ekki mun ég skilja yður eftir munaðarlaus. Ég kem til yðar. <a name="19"><span class="versanumer_2007">19</span></a> Innan skamms mun heimurinn ekki sjá mig framar. Þér munuð sjá mig því ég lifi og þér munuð lifa. <a name="20"><span class="versanumer_2007">20</span></a> Á þeim degi munuð þér skilja að ég er í föður mínum og þér í mér og ég í yður. <a name="21"><span class="versanumer_2007">21</span></a> Sá sem hefur boðorð mín og heldur þau er sá sem elskar mig. En þann sem elskar mig mun faðir minn elska og ég mun elska hann og birta honum hver ég er.“ <br /> <a name="22"><span class="versanumer_2007">22</span></a> Júdas &#8211; ekki Ískaríot &#8211; sagði við hann: „Drottinn, hverju sætir það að þú vilt birtast okkur en eigi heiminum?“ <br /> <a name="23"><span class="versanumer_2007">23</span></a> Jesús svaraði: „Sá sem elskar mig varðveitir mitt orð og faðir minn mun elska hann. Til hans munum við koma og gera okkur bústað hjá honum. <a name="24"><span class="versanumer_2007">24</span></a> Sá sem elskar mig ekki varðveitir ekki mín orð. Orðið, sem þér heyrið, er ekki mitt heldur föðurins sem sendi mig. <br /> <a name="25"><span class="versanumer_2007">25</span></a> Þetta hef ég talað til yðar meðan ég var hjá yður. <a name="26"><span class="versanumer_2007">26</span></a> En hjálparinn, andinn heilagi, sem faðirinn mun senda í mínu nafni mun kenna yður allt og minna yður á allt það sem ég hef sagt yður. <a name="27"><span class="versanumer_2007">27</span></a> Frið læt ég yður eftir, minn frið gef ég yður. Ekki gef ég yður eins og heimurinn gefur. Hjarta yðar skelfist ekki né hræðist. <a name="28"><span class="versanumer_2007">28</span></a> Þér heyrðuð að ég sagði við yður: Ég fer burt og kem til yðar. Ef þér elskuðuð mig yrðuð þér glöð af því að ég fer til föðurins því faðirinn er mér meiri. <a name="29"><span class="versanumer_2007">29</span></a> Nú hef ég sagt yður það áður en það verður svo að þér trúið þegar það gerist. <a name="30"><span class="versanumer_2007">30</span></a> Ég mun ekki framar tala margt við yður því höfðingi heimsins kemur. Í mér á hann ekkert. <a name="31"><span class="versanumer_2007">31</span></a> En heimurinn á að sjá að ég elska föðurinn og geri eins og faðirinn hefur boðið mér. <br />Standið upp, vér skulum fara héðan.“ </p>

<p>Vegurinn, sannleikurinn, lífið 1 „Hjarta yðar skelfist ekki. Trúið á Guð og trúið á mig. 2 Í húsi föður míns eru margar vistarverur. Væri ekki svo hefði ég þá sagt yður að ég færi burt að búa yður stað? 3 Þegar ég er farinn burt og hef búið yður stað kem ég aftur og tek yður til mín svo að þér séuð einnig þar sem ég er. 4 Veginn þangað sem ég fer þekkið þér.“ 5 Tómas segir við hann: „Drottinn, við vitum ekki hvert þú ferð, hvernig getum við þá þekkt veginn?“ 6 Jesús segir við hann: „Ég er <a href="https://biblian.is/biblian/johannesargudspjall-14-kafli/"> [&#8230;]</a></p>
