{"id":2627,"date":"2017-12-30T21:04:01","date_gmt":"2017-12-30T21:04:01","guid":{"rendered":"http:\/\/biblian.is\/biblian\/j%c2%97hannesargu_spjall-13-kafli\/"},"modified":"2019-08-26T22:47:45","modified_gmt":"2019-08-26T22:47:45","slug":"johannesargudspjall-13-kafli","status":"publish","type":"page","link":"https:\/\/biblian.is\/biblian\/johannesargudspjall-13-kafli\/","title":{"rendered":"J\u00f3hannesargu\u00f0spjall 13. kafli"},"content":{"rendered":"<h3 class=\"millifyrirsogn_2007\"> Eftird\u00e6mi<\/h3>\n<p><a name=\"1\"><span class=\"versanumer_2007\">1<\/span><\/a> H\u00e1t\u00ed\u00f0 p\u00e1skanna var a\u00f0 ganga \u00ed gar\u00f0. Jes\u00fas vissi a\u00f0 stund hans var komin og a\u00f0 hann f\u00e6ri burt \u00far \u00feessum heimi til f\u00f6\u00f0urins. Hann haf\u00f0i elska\u00f0 s\u00edna, \u00fe\u00e1 sem \u00ed heiminum voru. Hann elska\u00f0i \u00fe\u00e1 uns yfir lauk. <br \/> <a name=\"2\"><span class=\"versanumer_2007\">2<\/span><\/a> Kv\u00f6ldm\u00e1lt\u00ed\u00f0 st\u00f3\u00f0 yfir. Dj\u00f6fullinn haf\u00f0i \u00feegar bl\u00e1si\u00f0 \u00fev\u00ed \u00ed brj\u00f3st J\u00fadasi, syni S\u00edmonar \u00cdskar\u00edots, a\u00f0 sv\u00edkja Jes\u00fa. <a name=\"3\"><span class=\"versanumer_2007\">3<\/span><\/a> Jes\u00fas vissi a\u00f0 fa\u00f0irinn haf\u00f0i lagt allt \u00ed hendur honum, a\u00f0 hann var fr\u00e1 Gu\u00f0i kominn og var a\u00f0 fara aftur til Gu\u00f0s. <a name=\"4\"><span class=\"versanumer_2007\">4<\/span><\/a> Hann st\u00f3\u00f0 upp fr\u00e1 m\u00e1lt\u00ed\u00f0inni, lag\u00f0i af s\u00e9r yfirh\u00f6fnina, t\u00f3k l\u00ednd\u00fak og batt um sig. <a name=\"5\"><span class=\"versanumer_2007\">5<\/span><\/a> S\u00ed\u00f0an hellti hann vatni \u00ed mundlaug og t\u00f3k a\u00f0 \u00fevo f\u00e6tur l\u00e6risveinanna og \u00feerra me\u00f0 l\u00ednd\u00faknum sem hann haf\u00f0i um sig. <a name=\"6\"><span class=\"versanumer_2007\">6<\/span><\/a> Hann kemur \u00fe\u00e1 a\u00f0 S\u00edmoni P\u00e9tri sem segir vi\u00f0 hann: \u201eDrottinn, \u00e6tlar \u00fe\u00fa a\u00f0 \u00fevo m\u00e9r um f\u00e6turna?\u201c <br \/> <a name=\"7\"><span class=\"versanumer_2007\">7<\/span><\/a> Jes\u00fas svara\u00f0i: \u201eN\u00fa skilur \u00fe\u00fa ekki hva\u00f0 \u00e9g er a\u00f0 gera en seinna muntu skilja \u00fea\u00f0.\u201c <br \/> <a name=\"8\"><span class=\"versanumer_2007\">8<\/span><\/a> P\u00e9tur segir vi\u00f0 hann: \u201eAldrei a\u00f0 eil\u00edfu skaltu \u00fevo f\u00e6tur m\u00edna.\u201c Jes\u00fas svara\u00f0i: \u201eEf \u00e9g \u00fev\u00e6 \u00fe\u00e9r ekki \u00e1ttu enga samlei\u00f0 me\u00f0 m\u00e9r.\u201c <a name=\"9\"><span class=\"versanumer_2007\">9<\/span><\/a> S\u00edmon P\u00e9tur segir vi\u00f0 hann: \u201eDrottinn, ekki a\u00f0eins f\u00e6tur m\u00edna, l\u00edka hendurnar og h\u00f6fu\u00f0i\u00f0.\u201c <br \/> <a name=\"10\"><span class=\"versanumer_2007\">10<\/span><\/a> Jes\u00fas segir vi\u00f0 hann: \u201eS\u00e1 sem laugast hefur \u00fearf ekki a\u00f0 \u00fevost nema um f\u00e6tur.<span class=\"nedan_mal\" title=\" Or\u00f0in \u201enema um f\u00e6tur\u201c vantar \u00ed sum handrit.\">[<\/span> Hann er allur hreinn. Og \u00fei\u00f0 eru\u00f0 hreinir, \u00fe\u00f3 ekki allir.\u201c <a name=\"11\"><span class=\"versanumer_2007\">11<\/span><\/a> Hann vissi hver mundi sv\u00edkja hann og \u00fev\u00ed sag\u00f0i hann: \u201e\u00dei\u00f0 eru\u00f0 ekki allir hreinir.\u201c <br \/> <a name=\"12\"><span class=\"versanumer_2007\">12<\/span><\/a> \u00deegar hann haf\u00f0i \u00fevegi\u00f0 f\u00e6tur \u00feeirra, teki\u00f0 yfirh\u00f6fn s\u00edna og sest aftur ni\u00f0ur sag\u00f0i hann vi\u00f0 \u00fe\u00e1: \u201eSkilji\u00f0 \u00fe\u00e9r hva\u00f0 \u00e9g hef gert vi\u00f0 y\u00f0ur? <a name=\"13\"><span class=\"versanumer_2007\">13<\/span><\/a> \u00de\u00e9r kalli\u00f0 mig meistara og Drottin og \u00fe\u00e9r m\u00e6li\u00f0 r\u00e9tt \u00fev\u00ed \u00fea\u00f0 er \u00e9g. <a name=\"14\"><span class=\"versanumer_2007\">14<\/span><\/a> Fyrst \u00e9g, sem er herra og meistari, hef n\u00fa \u00fevegi\u00f0 y\u00f0ur um f\u00e6turna, \u00fe\u00e1 ber y\u00f0ur einnig a\u00f0 \u00fevo hver annars f\u00e6tur. <a name=\"15\"><span class=\"versanumer_2007\">15<\/span><\/a> \u00c9g hef gefi\u00f0 y\u00f0ur eftird\u00e6mi a\u00f0 \u00fe\u00e9r breyti\u00f0 eins og \u00e9g breytti vi\u00f0 y\u00f0ur. <a name=\"16\"><span class=\"versanumer_2007\">16<\/span><\/a> Sannlega, sannlega segi \u00e9g y\u00f0ur: \u00dej\u00f3nn er ekki meiri en herra hans n\u00e9 sendibo\u00f0i meiri \u00feeim er sendi hann. <a name=\"17\"><span class=\"versanumer_2007\">17<\/span><\/a> \u00de\u00e9r viti\u00f0 \u00feetta og \u00fe\u00e9r eru\u00f0 s\u00e6lir ef \u00fe\u00e9r breyti\u00f0 eftir \u00fev\u00ed. <br \/> <a name=\"18\"><span class=\"versanumer_2007\">18<\/span><\/a> \u00c9g tala ekki um y\u00f0ur alla. \u00c9g veit hverja \u00e9g hef \u00fatvali\u00f0. En ritningin ver\u00f0ur a\u00f0 r\u00e6tast: S\u00e1 sem etur brau\u00f0 mitt lyftir h\u00e6li s\u00ednum m\u00f3ti m\u00e9r. <a name=\"19\"><span class=\"versanumer_2007\">19<\/span><\/a> \u00c9g segi y\u00f0ur \u00feetta n\u00fana \u00e1\u00f0ur en \u00fea\u00f0 ver\u00f0ur svo a\u00f0 \u00fe\u00e9r tr\u00fai\u00f0 \u00feegar \u00fea\u00f0 er or\u00f0i\u00f0 a\u00f0 \u00e9g er s\u00e1 sem \u00e9g er. <a name=\"20\"><span class=\"versanumer_2007\">20<\/span><\/a> Sannlega, sannlega segi \u00e9g y\u00f0ur: S\u00e1 sem tekur vi\u00f0 \u00feeim sem \u00e9g sendi, hann tekur vi\u00f0 m\u00e9r og s\u00e1 sem tekur vi\u00f0 m\u00e9r, tekur vi\u00f0 \u00feeim er sendi mig.\u201c <\/p>\n<h3 class=\"millifyrirsogn_2007\">Einn mun sv\u00edkja<\/h3>\n<p><a name=\"21\"><span class=\"versanumer_2007\">21<\/span><\/a> \u00deegar Jes\u00fas haf\u00f0i sagt \u00feetta var\u00f0 honum mj\u00f6g \u00feungt um hjarta og hann sag\u00f0i beinum or\u00f0um: \u201eSannlega, sannlega segi \u00e9g y\u00f0ur: Einn af y\u00f0ur mun sv\u00edkja mig.\u201c <br \/> <a name=\"22\"><span class=\"versanumer_2007\">22<\/span><\/a> L\u00e6risveinarnir litu hver \u00e1 annan og skildu ekki vi\u00f0 hvern hann \u00e6tti. <a name=\"23\"><span class=\"versanumer_2007\">23<\/span><\/a> S\u00e1 l\u00e6risveinn Jes\u00fa sem hann elska\u00f0i sat n\u00e6stur honum. <a name=\"24\"><span class=\"versanumer_2007\">24<\/span><\/a> S\u00edmon P\u00e9tur benti honum og ba\u00f0 hann spyrja hver s\u00e1 v\u00e6ri sem Jes\u00fas tala\u00f0i um. <br \/> <a name=\"25\"><span class=\"versanumer_2007\">25<\/span><\/a> Hann laut \u00fe\u00e1 a\u00f0 Jes\u00fa og spur\u00f0i: \u201eDrottinn, hver er \u00fea\u00f0?\u201c <br \/> <a name=\"26\"><span class=\"versanumer_2007\">26<\/span><\/a> Jes\u00fas svara\u00f0i: \u201e\u00dea\u00f0 er s\u00e1 sem \u00e9g f\u00e6 bita \u00feann er \u00e9g d\u00fdfi n\u00fa \u00ed.\u201c \u00de\u00e1 d\u00fdf\u00f0i hann \u00ed bitanum, t\u00f3k hann og f\u00e9kk J\u00fadasi, syni S\u00edmonar \u00cdskar\u00edots. <a name=\"27\"><span class=\"versanumer_2007\">27<\/span><\/a> Og eftir \u00feann bita f\u00f3r Satan inn \u00ed hann. Jes\u00fas segir vi\u00f0 hann: \u201e\u00dea\u00f0 sem \u00fe\u00fa gerir, \u00fea\u00f0 ger \u00fe\u00fa skj\u00f3tt!\u201c <a name=\"28\"><span class=\"versanumer_2007\">28<\/span><\/a> En enginn \u00feeirra sem s\u00e1tu til bor\u00f0s vissi til hvers hann sag\u00f0i \u00feetta vi\u00f0 hann. <a name=\"29\"><span class=\"versanumer_2007\">29<\/span><\/a> En J\u00fadas haf\u00f0i pyngjuna og \u00fev\u00ed h\u00e9ldu sumir \u00feeirra a\u00f0 Jes\u00fas hef\u00f0i sagt vi\u00f0 hann: \u201eKauptu \u00fea\u00f0 sem vi\u00f0 \u00feurfum til h\u00e1t\u00ed\u00f0arinnar,\u201c &#8211; e\u00f0a a\u00f0 hann skyldi gefa eitthva\u00f0 f\u00e1t\u00e6kum. <a name=\"30\"><span class=\"versanumer_2007\">30<\/span><\/a> \u00de\u00e1 er hann haf\u00f0i teki\u00f0 vi\u00f0 bitanum gekk hann jafnskj\u00f3tt \u00fat. \u00de\u00e1 var n\u00f3tt. <\/p>\n<h3 class=\"millifyrirsogn_2007\">N\u00fdtt bo\u00f0or\u00f0<\/h3>\n<p><a name=\"31\"><span class=\"versanumer_2007\">31<\/span><\/a> \u00deegar hann var farinn \u00fat sag\u00f0i Jes\u00fas: \u201eN\u00fa er Mannssonurinn d\u00fdrlegur or\u00f0inn og Gu\u00f0 er or\u00f0inn d\u00fdrlegur \u00ed honum. <a name=\"32\"><span class=\"versanumer_2007\">32<\/span><\/a> Fyrst Mannssonurinn hefur birt d\u00fdr\u00f0 Gu\u00f0s mun Gu\u00f0 veita honum d\u00fdr\u00f0 s\u00edna og skj\u00f3tt mun hann gera \u00fea\u00f0. <a name=\"33\"><span class=\"versanumer_2007\">33<\/span><\/a> B\u00f6rnin m\u00edn, stutta stund ver\u00f0 \u00e9g enn me\u00f0 y\u00f0ur. \u00de\u00e9r munu\u00f0 leita m\u00edn og eins og \u00e9g sag\u00f0i Gy\u00f0ingum segi \u00e9g y\u00f0ur n\u00fa: \u00deanga\u00f0 sem \u00e9g fer geti\u00f0 \u00fe\u00e9r ekki komist. <a name=\"34\"><span class=\"versanumer_2007\">34<\/span><\/a> N\u00fdtt bo\u00f0or\u00f0 gef \u00e9g y\u00f0ur, a\u00f0 \u00fe\u00e9r elski\u00f0 hvert anna\u00f0. Eins og \u00e9g hef elska\u00f0 y\u00f0ur skulu\u00f0 \u00fe\u00e9r einnig elska hvert anna\u00f0. <a name=\"35\"><span class=\"versanumer_2007\">35<\/span><\/a> \u00c1 \u00fev\u00ed munu allir \u00feekkja a\u00f0 \u00fe\u00e9r eru\u00f0 m\u00ednir l\u00e6risveinar ef \u00fe\u00e9r beri\u00f0 elsku hver til annars.\u201c <\/p>\n<h3 class=\"millifyrirsogn_2007\">P\u00e9tur afneitar<\/h3>\n<p><a name=\"36\"><span class=\"versanumer_2007\">36<\/span><\/a> S\u00edmon P\u00e9tur segir vi\u00f0 hann: \u201eDrottinn, hvert fer\u00f0u?\u201c <br \/>Jes\u00fas svara\u00f0i: \u201e\u00de\u00fa getur ekki fylgt m\u00e9r n\u00fa \u00feanga\u00f0 sem \u00e9g fer en s\u00ed\u00f0ar muntu fylgja m\u00e9r.\u201c <br \/> <a name=\"37\"><span class=\"versanumer_2007\">37<\/span><\/a> P\u00e9tur segir vi\u00f0 hann: \u201eDrottinn, hv\u00ed get \u00e9g ekki fylgt \u00fe\u00e9r n\u00fa? \u00c9g vil leggja l\u00edf mitt \u00ed s\u00f6lurnar fyrir \u00feig.\u201c <br \/> <a name=\"38\"><span class=\"versanumer_2007\">38<\/span><\/a> Jes\u00fas svara\u00f0i: \u201eViltu leggja l\u00edf \u00feitt \u00ed s\u00f6lurnar fyrir mig? Sannlega, sannlega segi \u00e9g \u00fe\u00e9r: Ekki mun hani gala fyrr en \u00fe\u00fa hefur afneita\u00f0 m\u00e9r \u00ferisvar.\u201c <\/p>\n","protected":false},"excerpt":{"rendered":"<p>Eftird\u00e6mi 1 H\u00e1t\u00ed\u00f0 p\u00e1skanna var a\u00f0 ganga \u00ed gar\u00f0. Jes\u00fas vissi a\u00f0 stund hans var komin og a\u00f0 hann f\u00e6ri burt \u00far \u00feessum heimi til f\u00f6\u00f0urins. Hann haf\u00f0i elska\u00f0 s\u00edna, \u00fe\u00e1 sem \u00ed heiminum voru. Hann elska\u00f0i \u00fe\u00e1 uns yfir lauk. 2 Kv\u00f6ldm\u00e1lt\u00ed\u00f0 st\u00f3\u00f0 yfir. Dj\u00f6fullinn haf\u00f0i \u00feegar bl\u00e1si\u00f0 \u00fev\u00ed \u00ed brj\u00f3st J\u00fadasi, syni S\u00edmonar \u00cdskar\u00edots, a\u00f0 sv\u00edkja Jes\u00fa. 3 Jes\u00fas vissi a\u00f0 fa\u00f0irinn haf\u00f0i lagt allt \u00ed hendur honum, a\u00f0 hann var fr\u00e1 Gu\u00f0i kominn og var a\u00f0 fara aftur til Gu\u00f0s. 4 Hann st\u00f3\u00f0 upp fr\u00e1 m\u00e1lt\u00ed\u00f0inni, lag\u00f0i af s\u00e9r yfirh\u00f6fnina, t\u00f3k l\u00ednd\u00fak og batt um sig. 5 <a href=\"https:\/\/biblian.is\/biblian\/johannesargudspjall-13-kafli\/\"> [&#8230;]<\/a><\/p>\n","protected":false},"author":1,"featured_media":0,"parent":0,"menu_order":0,"comment_status":"open","ping_status":"open","template":"bibliukaflar_NT.php","meta":{"footnotes":""},"class_list":["post-2627","page","type-page","status-publish","hentry"],"_links":{"self":[{"href":"https:\/\/biblian.is\/biblian\/wp-json\/wp\/v2\/pages\/2627","targetHints":{"allow":["GET"]}}],"collection":[{"href":"https:\/\/biblian.is\/biblian\/wp-json\/wp\/v2\/pages"}],"about":[{"href":"https:\/\/biblian.is\/biblian\/wp-json\/wp\/v2\/types\/page"}],"author":[{"embeddable":true,"href":"https:\/\/biblian.is\/biblian\/wp-json\/wp\/v2\/users\/1"}],"replies":[{"embeddable":true,"href":"https:\/\/biblian.is\/biblian\/wp-json\/wp\/v2\/comments?post=2627"}],"version-history":[{"count":0,"href":"https:\/\/biblian.is\/biblian\/wp-json\/wp\/v2\/pages\/2627\/revisions"}],"wp:attachment":[{"href":"https:\/\/biblian.is\/biblian\/wp-json\/wp\/v2\/media?parent=2627"}],"curies":[{"name":"wp","href":"https:\/\/api.w.org\/{rel}","templated":true}]}}