{"id":2623,"date":"2017-12-30T21:04:01","date_gmt":"2017-12-30T21:04:01","guid":{"rendered":"http:\/\/biblian.is\/biblian\/j%c2%97hannesargu_spjall-9-kafli\/"},"modified":"2019-08-26T22:47:49","modified_gmt":"2019-08-26T22:47:49","slug":"johannesargudspjall-9-kafli","status":"publish","type":"page","link":"https:\/\/biblian.is\/biblian\/johannesargudspjall-9-kafli\/","title":{"rendered":"J\u00f3hannesargu\u00f0spjall 9. kafli"},"content":{"rendered":"<h3 class=\"millifyrirsogn_2007\"> Verk Gu\u00f0s opinber<\/h3>\n<p><a name=\"1\"><span class=\"versanumer_2007\">1<\/span><\/a> \u00c1 lei\u00f0 sinni s\u00e1 Jes\u00fas mann sem var blindur fr\u00e1 f\u00e6\u00f0ingu. <a name=\"2\"><span class=\"versanumer_2007\">2<\/span><\/a> L\u00e6risveinar hans spur\u00f0u hann: \u201eRabb\u00ed, hvort hefur \u00feessi ma\u00f0ur syndga\u00f0 e\u00f0a foreldrar hans fyrst hann f\u00e6ddist blindur?\u201c <br \/> <a name=\"3\"><span class=\"versanumer_2007\">3<\/span><\/a> Jes\u00fas svara\u00f0i: \u201eHvorki er \u00fea\u00f0 af \u00fev\u00ed a\u00f0 hann hafi syndga\u00f0 e\u00f0a foreldrar hans heldur til \u00feess a\u00f0 verk Gu\u00f0s ver\u00f0i opinber \u00e1 honum. <a name=\"4\"><span class=\"versanumer_2007\">4<\/span><\/a> Okkur<span class=\"nedan_mal\" title=\" Annar lesh\u00e1ttur: M\u00e9r.\">[<\/span> ber a\u00f0 vinna verk \u00feess er sendi mig me\u00f0an dagur er. \u00dea\u00f0 kemur n\u00f3tt \u00feegar enginn getur unni\u00f0. <a name=\"5\"><span class=\"versanumer_2007\">5<\/span><\/a> Me\u00f0an \u00e9g er \u00ed heiminum er \u00e9g lj\u00f3s heimsins.\u201c <br \/> <a name=\"6\"><span class=\"versanumer_2007\">6<\/span><\/a> A\u00f0 svo m\u00e6ltu skyrpti hann \u00e1 j\u00f6r\u00f0ina, ger\u00f0i le\u00f0ju \u00far munnvatninu, strauk le\u00f0ju \u00e1 augu hans <a name=\"7\"><span class=\"versanumer_2007\">7<\/span><\/a> og sag\u00f0i vi\u00f0 hann: \u201eFar\u00f0u og \u00fevo\u00f0u \u00fe\u00e9r \u00ed lauginni S\u00edl\u00f3am.\u201c (S\u00edl\u00f3am \u00fe\u00fd\u00f0ir sendur.) Hann f\u00f3r og \u00fevo\u00f0i s\u00e9r og kom aftur sj\u00e1andi. <br \/> <a name=\"8\"><span class=\"versanumer_2007\">8<\/span><\/a> N\u00e1grannar hans og \u00feeir sem h\u00f6f\u00f0u \u00e1\u00f0ur s\u00e9\u00f0 hann \u00f6lmusumann s\u00f6g\u00f0u \u00fe\u00e1: \u201eEr \u00feetta ekki s\u00e1 er seti\u00f0 hefur og be\u00f0i\u00f0 s\u00e9r \u00f6lmusu?\u201c <br \/> <a name=\"9\"><span class=\"versanumer_2007\">9<\/span><\/a> Sumir s\u00f6g\u00f0u: \u201eS\u00e1 er ma\u00f0urinn,\u201c en a\u00f0rir s\u00f6g\u00f0u: \u201eNei, en l\u00edkur er hann honum.\u201c <br \/> Sj\u00e1lfur sag\u00f0i hann: \u201e\u00c9g er s\u00e1.\u201c <br \/> <a name=\"10\"><span class=\"versanumer_2007\">10<\/span><\/a> \u00de\u00e1 s\u00f6g\u00f0u \u00feeir vi\u00f0 hann: \u201eHvernig f\u00e9kkst \u00fe\u00fa sj\u00f3nina?\u201c <br \/> <a name=\"11\"><span class=\"versanumer_2007\">11<\/span><\/a> Hann svara\u00f0i: \u201eMa\u00f0ur a\u00f0 nafni Jes\u00fas ger\u00f0i le\u00f0ju og smur\u00f0i \u00e1 augu m\u00edn og sag\u00f0i m\u00e9r a\u00f0 fara til S\u00edl\u00f3am og \u00fevo m\u00e9r. \u00c9g f\u00f3r og f\u00e9kk sj\u00f3nina \u00feegar \u00e9g var b\u00fainn a\u00f0 \u00fevo m\u00e9r.\u201c <br \/> <a name=\"12\"><span class=\"versanumer_2007\">12<\/span><\/a> \u00deeir s\u00f6g\u00f0u vi\u00f0 hann: \u201eHvar er hann?\u201c <br \/>Hann svara\u00f0i: \u201e\u00dea\u00f0 veit \u00e9g ekki.\u201c <br \/> <a name=\"13\"><span class=\"versanumer_2007\">13<\/span><\/a> \u00deeir fara til far\u00edseanna me\u00f0 manninn sem \u00e1\u00f0ur var blindur. <a name=\"14\"><span class=\"versanumer_2007\">14<\/span><\/a> En \u00fe\u00e1 var hv\u00edldardagur \u00feegar Jes\u00fas bj\u00f3 til le\u00f0juna og opna\u00f0i augu hans. <a name=\"15\"><span class=\"versanumer_2007\">15<\/span><\/a> Far\u00edsearnir spur\u00f0u hann n\u00fa l\u00edka hvernig hann hef\u00f0i fengi\u00f0 sj\u00f3nina. Hann svara\u00f0i \u00feeim: \u201eHann lag\u00f0i le\u00f0ju \u00e1 augu m\u00edn, \u00e9g \u00fevo\u00f0i m\u00e9r og n\u00fa s\u00e9 \u00e9g.\u201c <br \/> <a name=\"16\"><span class=\"versanumer_2007\">16<\/span><\/a> \u00de\u00e1 s\u00f6g\u00f0u nokkrir far\u00edsear: \u201e\u00deessi ma\u00f0ur er ekki fr\u00e1 Gu\u00f0i fyrst hann heldur ekki hv\u00edldardaginn.\u201c <br \/> A\u00f0rir s\u00f6g\u00f0u: \u201eHvernig getur syndugur ma\u00f0ur gert \u00fev\u00edl\u00edk t\u00e1kn?\u201c Og \u00e1greiningur var\u00f0 me\u00f0 \u00feeim. <br \/> <a name=\"17\"><span class=\"versanumer_2007\">17<\/span><\/a> \u00de\u00e1 segja \u00feeir aftur vi\u00f0 hinn blinda: \u201eHva\u00f0 segir \u00fe\u00fa um hann fyrst hann opna\u00f0i augu \u00fe\u00edn?\u201c <br \/>Hann sag\u00f0i: \u201eHann er sp\u00e1ma\u00f0ur.\u201c <br \/> <a name=\"18\"><span class=\"versanumer_2007\">18<\/span><\/a> Far\u00edsearnir<span class=\"nedan_mal\" title=\" Or\u00f0r\u00e9tt: Gy\u00f0ingar.\">[<\/span> tr\u00fa\u00f0u \u00fev\u00ed ekki a\u00f0 hann hef\u00f0i veri\u00f0 blindur og fengi\u00f0 sj\u00f3n fyrr en \u00feeir k\u00f6llu\u00f0u \u00e1 foreldra hans <a name=\"19\"><span class=\"versanumer_2007\">19<\/span><\/a> og spur\u00f0u \u00fe\u00e1: \u201eEr \u00feetta sonur ykkar sem \u00fei\u00f0 segi\u00f0 a\u00f0 hafi f\u00e6\u00f0st blindur? Hvernig er hann \u00fe\u00e1 or\u00f0inn sj\u00e1andi?\u201c <br \/> <a name=\"20\"><span class=\"versanumer_2007\">20<\/span><\/a> Foreldrar hans sv\u00f6ru\u00f0u: \u201eVi\u00f0 vitum a\u00f0 \u00feessi ma\u00f0ur er sonur okkar og a\u00f0 hann f\u00e6ddist blindur. <a name=\"21\"><span class=\"versanumer_2007\">21<\/span><\/a> En vi\u00f0 vitum hvorki hvernig hann er n\u00fa or\u00f0inn sj\u00e1andi n\u00e9 hver l\u00e6kna\u00f0i hann. Spyrji\u00f0 hann sj\u00e1lfan. Hann hefur aldur til. Hann getur svara\u00f0 fyrir sig.\u201c <a name=\"22\"><span class=\"versanumer_2007\">22<\/span><\/a> \u00deetta s\u00f6g\u00f0u foreldrar hans af \u00f3tta vi\u00f0 r\u00e1\u00f0amenn Gy\u00f0inga<span class=\"nedan_mal\" title=\" Or\u00f0r\u00e9tt: Gy\u00f0inga.\">[<\/span> \u00fev\u00ed a\u00f0 \u00feeir h\u00f6f\u00f0u \u00feegar sam\u00feykkt a\u00f0 s\u00e1 skyldi samkundur\u00e6kur sem j\u00e1ta\u00f0i a\u00f0 Jes\u00fas v\u00e6ri Kristur. <a name=\"23\"><span class=\"versanumer_2007\">23<\/span><\/a> Vegna \u00feessa s\u00f6g\u00f0u foreldrar hans: \u201eHann hefur aldur til, spyrji\u00f0 hann sj\u00e1lfan.\u201c <br \/> <a name=\"24\"><span class=\"versanumer_2007\">24<\/span><\/a> N\u00fa k\u00f6llu\u00f0u \u00feeir \u00ed anna\u00f0 sinn \u00e1 manninn, sem blindur haf\u00f0i veri\u00f0, og s\u00f6g\u00f0u vi\u00f0 hann: \u201eGef \u00fe\u00fa Gu\u00f0i d\u00fdr\u00f0ina. Vi\u00f0 vitum a\u00f0 \u00feessi ma\u00f0ur er syndari.\u201c <br \/> <a name=\"25\"><span class=\"versanumer_2007\">25<\/span><\/a> Hann svara\u00f0i: \u201eEkki veit \u00e9g hvort hann er syndari. En eitt veit \u00e9g a\u00f0 \u00e9g, sem var blindur, er n\u00fa sj\u00e1andi.\u201c <br \/> <a name=\"26\"><span class=\"versanumer_2007\">26<\/span><\/a> \u00de\u00e1 s\u00f6g\u00f0u \u00feeir vi\u00f0 hann: \u201eHva\u00f0 ger\u00f0i hann vi\u00f0 \u00feig? Hvernig opna\u00f0i hann augu \u00fe\u00edn?\u201c <br \/> <a name=\"27\"><span class=\"versanumer_2007\">27<\/span><\/a> Hann svara\u00f0i \u00feeim: \u201e\u00c9g er b\u00fainn a\u00f0 segja ykkur \u00fea\u00f0 og \u00fei\u00f0 hlustu\u00f0u\u00f0 ekki \u00e1 \u00fea\u00f0. Hv\u00ed vilji\u00f0 \u00fei\u00f0 heyra \u00fea\u00f0 aftur? Vilji\u00f0 \u00fei\u00f0 l\u00edka ver\u00f0a l\u00e6risveinar hans?\u201c <br \/> <a name=\"28\"><span class=\"versanumer_2007\">28<\/span><\/a> \u00deeir atyrtu hann og s\u00f6g\u00f0u: \u201e\u00de\u00fa ert l\u00e6risveinn hans, vi\u00f0 erum l\u00e6risveinar M\u00f3se. <a name=\"29\"><span class=\"versanumer_2007\">29<\/span><\/a> Vi\u00f0 vitum a\u00f0 Gu\u00f0 tala\u00f0i vi\u00f0 M\u00f3se en vi\u00f0 vitum ekki hva\u00f0an \u00feessi ma\u00f0ur er.\u201c <br \/> <a name=\"30\"><span class=\"versanumer_2007\">30<\/span><\/a> Ma\u00f0urinn svara\u00f0i \u00feeim: \u201e\u00deetta er fur\u00f0ulegt, a\u00f0 \u00fei\u00f0 viti\u00f0 ekki hva\u00f0an hann er og \u00fe\u00f3 opna\u00f0i hann augu m\u00edn. <a name=\"31\"><span class=\"versanumer_2007\">31<\/span><\/a> Vi\u00f0 vitum a\u00f0 Gu\u00f0 heyrir ekki b\u00e6nir syndara. Hann b\u00e6nheyrir hvern \u00feann sem er gu\u00f0r\u00e6kinn og fer a\u00f0 Gu\u00f0s vilja. <a name=\"32\"><span class=\"versanumer_2007\">32<\/span><\/a> Fr\u00e1 alda \u00f6\u00f0li hefur ekki heyrst a\u00f0 nokkur hafi gert \u00feann sj\u00e1andi sem blindur var borinn. <a name=\"33\"><span class=\"versanumer_2007\">33<\/span><\/a> Ef \u00feessi ma\u00f0ur v\u00e6ri ekki fr\u00e1 Gu\u00f0i g\u00e6ti hann ekkert gert.\u201c <br \/> <a name=\"34\"><span class=\"versanumer_2007\">34<\/span><\/a> \u00deeir sv\u00f6ru\u00f0u honum: \u201e\u00de\u00fa ert syndum vafinn fr\u00e1 f\u00e6\u00f0ingu og \u00e6tlar a\u00f0 kenna okkur!\u201c Og \u00feeir r\u00e1ku hann \u00fat. <br \/> <a name=\"35\"><span class=\"versanumer_2007\">35<\/span><\/a> Jes\u00fas heyr\u00f0i a\u00f0 \u00feeir hef\u00f0u reki\u00f0 hann \u00fat. Hann fann hann og sag\u00f0i vi\u00f0 hann: \u201eTr\u00fair \u00fe\u00fa \u00e1 Mannssoninn?\u201c <br \/> <a name=\"36\"><span class=\"versanumer_2007\">36<\/span><\/a> Hinn svara\u00f0i: \u201eHerra, hver er s\u00e1 a\u00f0 \u00e9g megi tr\u00faa \u00e1 hann?\u201c <br \/> <a name=\"37\"><span class=\"versanumer_2007\">37<\/span><\/a> Jes\u00fas sag\u00f0i vi\u00f0 hann: \u201e\u00de\u00fa hefur s\u00e9\u00f0 hann, hann er s\u00e1 sem er n\u00fa a\u00f0 tala vi\u00f0 \u00feig.\u201c <br \/> <a name=\"38\"><span class=\"versanumer_2007\">38<\/span><\/a> En hann sag\u00f0i: \u201e\u00c9g tr\u00fai, Drottinn,\u201c og f\u00e9ll fram fyrir honum. <br \/> <a name=\"39\"><span class=\"versanumer_2007\">39<\/span><\/a> Jes\u00fas sag\u00f0i: \u201eTil d\u00f3ms er \u00e9g kominn \u00ed \u00feennan heim, til \u00feess a\u00f0 blindir sj\u00e1i og sj\u00e1andi ver\u00f0i blindir.\u201c <br \/> <a name=\"40\"><span class=\"versanumer_2007\">40<\/span><\/a> \u00deetta heyr\u00f0u \u00feeir far\u00edsear sem me\u00f0 honum voru og spur\u00f0u: \u201eErum vi\u00f0 \u00fe\u00e1 l\u00edka blindir?\u201c <br \/> <a name=\"41\"><span class=\"versanumer_2007\">41<\/span><\/a> Jes\u00fas sag\u00f0i vi\u00f0 \u00fe\u00e1: \u201eEf \u00fei\u00f0 v\u00e6ru\u00f0 blindir v\u00e6ru\u00f0 \u00fei\u00f0 \u00e1n sakar. En n\u00fa segist \u00fei\u00f0 vera sj\u00e1andi, \u00fev\u00ed varir s\u00f6k ykkar.\u201c <\/p>\n","protected":false},"excerpt":{"rendered":"<p>Verk Gu\u00f0s opinber 1 \u00c1 lei\u00f0 sinni s\u00e1 Jes\u00fas mann sem var blindur fr\u00e1 f\u00e6\u00f0ingu. 2 L\u00e6risveinar hans spur\u00f0u hann: \u201eRabb\u00ed, hvort hefur \u00feessi ma\u00f0ur syndga\u00f0 e\u00f0a foreldrar hans fyrst hann f\u00e6ddist blindur?\u201c 3 Jes\u00fas svara\u00f0i: \u201eHvorki er \u00fea\u00f0 af \u00fev\u00ed a\u00f0 hann hafi syndga\u00f0 e\u00f0a foreldrar hans heldur til \u00feess a\u00f0 verk Gu\u00f0s ver\u00f0i opinber \u00e1 honum. 4 Okkur[ ber a\u00f0 vinna verk \u00feess er sendi mig me\u00f0an dagur er. \u00dea\u00f0 kemur n\u00f3tt \u00feegar enginn getur unni\u00f0. 5 Me\u00f0an \u00e9g er \u00ed heiminum er \u00e9g lj\u00f3s heimsins.\u201c 6 A\u00f0 svo m\u00e6ltu skyrpti hann \u00e1 j\u00f6r\u00f0ina, ger\u00f0i le\u00f0ju \u00far munnvatninu, <a href=\"https:\/\/biblian.is\/biblian\/johannesargudspjall-9-kafli\/\"> [&#8230;]<\/a><\/p>\n","protected":false},"author":1,"featured_media":0,"parent":0,"menu_order":0,"comment_status":"open","ping_status":"open","template":"bibliukaflar_NT.php","meta":{"footnotes":""},"class_list":["post-2623","page","type-page","status-publish","hentry"],"_links":{"self":[{"href":"https:\/\/biblian.is\/biblian\/wp-json\/wp\/v2\/pages\/2623","targetHints":{"allow":["GET"]}}],"collection":[{"href":"https:\/\/biblian.is\/biblian\/wp-json\/wp\/v2\/pages"}],"about":[{"href":"https:\/\/biblian.is\/biblian\/wp-json\/wp\/v2\/types\/page"}],"author":[{"embeddable":true,"href":"https:\/\/biblian.is\/biblian\/wp-json\/wp\/v2\/users\/1"}],"replies":[{"embeddable":true,"href":"https:\/\/biblian.is\/biblian\/wp-json\/wp\/v2\/comments?post=2623"}],"version-history":[{"count":0,"href":"https:\/\/biblian.is\/biblian\/wp-json\/wp\/v2\/pages\/2623\/revisions"}],"wp:attachment":[{"href":"https:\/\/biblian.is\/biblian\/wp-json\/wp\/v2\/media?parent=2623"}],"curies":[{"name":"wp","href":"https:\/\/api.w.org\/{rel}","templated":true}]}}