{"id":2609,"date":"2017-12-30T21:03:55","date_gmt":"2017-12-30T21:03:55","guid":{"rendered":"http:\/\/biblian.is\/biblian\/l%c2%9ckasargu_spjall-19-kafli\/"},"modified":"2019-08-26T22:41:39","modified_gmt":"2019-08-26T22:41:39","slug":"lukasargudspjall-19-kafli","status":"publish","type":"page","link":"https:\/\/biblian.is\/biblian\/lukasargudspjall-19-kafli\/","title":{"rendered":"L\u00fakasargu\u00f0spjall 19. kafli"},"content":{"rendered":"<h3 class=\"millifyrirsogn_2007\"> Leita hins t\u00fdnda og frelsa<\/h3>\n<p><a name=\"1\"><span class=\"versanumer_2007\">1<\/span><\/a> Jes\u00fas kom til Jer\u00edk\u00f3 og gekk gegnum borgina. <a name=\"2\"><span class=\"versanumer_2007\">2<\/span><\/a> En \u00fear var ma\u00f0ur er Sakkeus h\u00e9t. Hann var yfirtollheimtuma\u00f0ur og au\u00f0ugur. <a name=\"3\"><span class=\"versanumer_2007\">3<\/span><\/a> Langa\u00f0i hann a\u00f0 sj\u00e1 hver Jes\u00fas v\u00e6ri en t\u00f3kst \u00fea\u00f0 ekki fyrir mannfj\u00f6ldanum \u00fev\u00ed a\u00f0 hann var l\u00edtill vexti. <a name=\"4\"><span class=\"versanumer_2007\">4<\/span><\/a> Hann hlj\u00f3p \u00fe\u00e1 \u00e1 undan og klifra\u00f0i upp \u00ed m\u00f3rberjatr\u00e9 til a\u00f0 sj\u00e1 Jes\u00fa, en lei\u00f0 hans l\u00e1 \u00fear hj\u00e1. <a name=\"5\"><span class=\"versanumer_2007\">5<\/span><\/a> Og er Jes\u00fas kom \u00fear a\u00f0 leit hann upp og sag\u00f0i vi\u00f0 hann: \u201eSakkeus, fl\u00fdt \u00fe\u00e9r ofan, \u00ed dag ber m\u00e9r a\u00f0 vera \u00ed h\u00fasi \u00fe\u00ednu.\u201c <br \/> <a name=\"6\"><span class=\"versanumer_2007\">6<\/span><\/a> Hann fl\u00fdtti s\u00e9r ofan og t\u00f3k \u00e1 m\u00f3ti honum gla\u00f0ur. <a name=\"7\"><span class=\"versanumer_2007\">7<\/span><\/a> \u00deeir er s\u00e1u \u00feetta l\u00e9tu allir illa vi\u00f0 og s\u00f6g\u00f0u: \u201eHann \u00feiggur bo\u00f0 hj\u00e1 bersyndugum manni.\u201c <br \/> <a name=\"8\"><span class=\"versanumer_2007\">8<\/span><\/a> En Sakkeus sneri s\u00e9r til Drottins og sag\u00f0i vi\u00f0 hann: \u201eDrottinn, helming eigna minna gef \u00e9g f\u00e1t\u00e6kum og hafi \u00e9g haft nokku\u00f0 af nokkrum gef \u00e9g honum ferfalt aftur.\u201c <br \/> <a name=\"9\"><span class=\"versanumer_2007\">9<\/span><\/a> Jes\u00fas sag\u00f0i \u00fe\u00e1 vi\u00f0 hann: \u201e\u00cd dag hefur hj\u00e1lpr\u00e6\u00f0i hlotnast h\u00fasi \u00feessu enda ert \u00fe\u00fa l\u00edka ni\u00f0ji Abrahams. <a name=\"10\"><span class=\"versanumer_2007\">10<\/span><\/a> \u00dev\u00ed a\u00f0 Mannssonurinn er kominn a\u00f0 leita a\u00f0 hinu t\u00fdnda og frelsa \u00fea\u00f0.\u201c <\/p>\n<h3 class=\"millifyrirsogn_2007\">Pundin<\/h3>\n<p><a name=\"11\"><span class=\"versanumer_2007\">11<\/span><\/a> Jes\u00fas sag\u00f0i \u00feeim sem h\u00f6f\u00f0u hl\u00fdtt \u00e1 hann a\u00f0ra d\u00e6mis\u00f6gu \u00fev\u00ed a\u00f0 hann var \u00ed n\u00e1nd vi\u00f0 Jer\u00fasalem og \u00feeir \u00e6tlu\u00f0u a\u00f0 Gu\u00f0s r\u00edki mundi \u00feegar birtast. <a name=\"12\"><span class=\"versanumer_2007\">12<\/span><\/a> Hann sag\u00f0i: \u201eMa\u00f0ur nokkur tiginborinn f\u00f3r \u00ed fjarl\u00e6gt land til \u00feess a\u00f0 taka vi\u00f0 konungd\u00f3mi og koma s\u00ed\u00f0an aftur. <a name=\"13\"><span class=\"versanumer_2007\">13<\/span><\/a> Hann kalla\u00f0i t\u00edu \u00fej\u00f3na s\u00edna, seldi \u00feeim \u00ed hendur t\u00edu pund og sag\u00f0i vi\u00f0 \u00fe\u00e1: Versli\u00f0 me\u00f0 \u00feetta \u00feanga\u00f0 til \u00e9g kem. <a name=\"14\"><span class=\"versanumer_2007\">14<\/span><\/a> En landar hans h\u00f6tu\u00f0u hann og ger\u00f0u sendimann \u00e1 eftir honum til a\u00f0 segja: Vi\u00f0 viljum ekki a\u00f0 \u00feessi ma\u00f0ur ver\u00f0i konungur yfir okkur.<br \/> <a name=\"15\"><span class=\"versanumer_2007\">15<\/span><\/a> N\u00fa kom hann aftur og haf\u00f0i teki\u00f0 konungd\u00f3m. \u00de\u00e1 l\u00e9t hann kalla fyrir sig \u00fej\u00f3na \u00fe\u00e1 er hann haf\u00f0i selt f\u00e9\u00f0 \u00ed hendur til \u00feess a\u00f0 vita hva\u00f0 hver hef\u00f0i gr\u00e6tt. <br \/> <a name=\"16\"><span class=\"versanumer_2007\">16<\/span><\/a> Hinn fyrsti kom og sag\u00f0i: Herra, pund \u00feitt hefur \u00e1vaxtast um t\u00edu pund. <a name=\"17\"><span class=\"versanumer_2007\">17<\/span><\/a> Konungur sag\u00f0i vi\u00f0 hann: Gott, \u00fe\u00fa g\u00f3\u00f0i \u00fej\u00f3nn, \u00fe\u00fa varst tr\u00far \u00ed mj\u00f6g litlu og \u00fev\u00ed skaltu r\u00e1\u00f0a fyrir t\u00edu borgum. <a name=\"18\"><span class=\"versanumer_2007\">18<\/span><\/a> Annar kom og sag\u00f0i: Pund \u00feitt, herra, hefur gefi\u00f0 af s\u00e9r fimm pund. <a name=\"19\"><span class=\"versanumer_2007\">19<\/span><\/a> Hann sag\u00f0i eins vi\u00f0 hann: \u00de\u00fa skalt og vera yfir fimm borgum. <a name=\"20\"><span class=\"versanumer_2007\">20<\/span><\/a> Enn kom einn og sag\u00f0i: Herra, h\u00e9r er pund \u00feitt. \u00c9g hef haft \u00fea\u00f0 geymt \u00ed d\u00faki <a name=\"21\"><span class=\"versanumer_2007\">21<\/span><\/a> \u00fev\u00ed a\u00f0 \u00e9g var hr\u00e6ddur vi\u00f0 \u00feig en \u00fe\u00fa ert ma\u00f0ur strangur og tekur \u00fea\u00f0 \u00fat sem \u00fe\u00fa lag\u00f0ir ekki inn og uppsker\u00f0 \u00fea\u00f0 sem \u00fe\u00fa s\u00e1\u00f0ir ekki. <a name=\"22\"><span class=\"versanumer_2007\">22<\/span><\/a> Konungur segir vi\u00f0 hann: Illi \u00fej\u00f3nn, eftir or\u00f0um \u00fe\u00ednum d\u00e6mi \u00e9g \u00feig. \u00de\u00fa vissir a\u00f0 \u00e9g er ma\u00f0ur strangur, sem tek \u00fea\u00f0 \u00fat sem \u00e9g lag\u00f0i ekki inn og uppsker \u00fea\u00f0 sem \u00e9g s\u00e1\u00f0i ekki. <a name=\"23\"><span class=\"versanumer_2007\">23<\/span><\/a> Hvers vegna l\u00e9stu \u00fe\u00e1 ekki f\u00e9 mitt \u00ed banka? \u00de\u00e1 hef\u00f0i \u00e9g fengi\u00f0 \u00fea\u00f0 me\u00f0 v\u00f6xtum er \u00e9g kom heim. <br \/> <a name=\"24\"><span class=\"versanumer_2007\">24<\/span><\/a> Og konungur sag\u00f0i vi\u00f0 \u00fe\u00e1 er hj\u00e1 voru: Taki\u00f0 af honum pundi\u00f0 og f\u00e1i\u00f0 \u00feeim sem hefur t\u00edu pundin. <a name=\"25\"><span class=\"versanumer_2007\">25<\/span><\/a> En \u00feeir s\u00f6g\u00f0u vi\u00f0 hann: Herra, hann hefur t\u00edu pund. <a name=\"26\"><span class=\"versanumer_2007\">26<\/span><\/a> Konungur svara\u00f0i: \u00c9g segi ykkur: Hverjum sem hefur mun gefi\u00f0 ver\u00f0a og fr\u00e1 \u00feeim sem eigi hefur mun teki\u00f0 ver\u00f0a jafnvel \u00fea\u00f0 sem hann hefur. <a name=\"27\"><span class=\"versanumer_2007\">27<\/span><\/a> En f\u00e6ri\u00f0 hinga\u00f0 \u00feessa \u00f3vini m\u00edna, sem vildu ekki a\u00f0 \u00e9g yr\u00f0i konungur yfir s\u00e9r, og h\u00f6ggvi\u00f0 \u00fe\u00e1 frammi fyrir m\u00e9r.\u201c <\/p>\n<h3 class=\"millifyrirsogn_2007\">Jes\u00fa fagna\u00f0<\/h3>\n<p><a name=\"28\"><span class=\"versanumer_2007\">28<\/span><\/a> \u00de\u00e1 er Jes\u00fas haf\u00f0i \u00feetta m\u00e6lt h\u00e9lt hann \u00e1 undan \u00e1fram upp til Jer\u00fasalem. <a name=\"29\"><span class=\"versanumer_2007\">29<\/span><\/a> \u00deegar hann n\u00e1lga\u00f0ist Betfage og Betan\u00edu vi\u00f0 Ol\u00edufjalli\u00f0, sem svo er nefnt, sendi hann tvo l\u00e6risveina s\u00edna <a name=\"30\"><span class=\"versanumer_2007\">30<\/span><\/a> og m\u00e6lti: \u201eFari\u00f0 \u00ed \u00feorpi\u00f0 h\u00e9r fram undan. \u00deegar \u00fei\u00f0 komi\u00f0 \u00feanga\u00f0 munu\u00f0 \u00fei\u00f0 finna fola bundinn sem enginn hefur enn komi\u00f0 \u00e1 bak. Leysi\u00f0 hann og komi\u00f0 me\u00f0 hann. <a name=\"31\"><span class=\"versanumer_2007\">31<\/span><\/a> Ef einhver spyr ykkur: Hvers vegna leysi\u00f0 \u00fei\u00f0 hann? \u00fe\u00e1 svari\u00f0 svo: Drottinn<span class=\"nedan_mal\" title=\" E\u00f0a: Eigandi hans.\">[<\/span> \u00fearf hans vi\u00f0.\u201c <br \/> <a name=\"32\"><span class=\"versanumer_2007\">32<\/span><\/a> \u00deeir sem sendir voru f\u00f3ru og fundu allt vera eins og Jes\u00fas haf\u00f0i sagt \u00feeim. <a name=\"33\"><span class=\"versanumer_2007\">33<\/span><\/a> Og er \u00feeir leystu folann s\u00f6g\u00f0u eigendur hans vi\u00f0 \u00fe\u00e1: \u201eHvers vegna leysi\u00f0 \u00fei\u00f0 folann?\u201c <br \/> <a name=\"34\"><span class=\"versanumer_2007\">34<\/span><\/a> \u00deeir sv\u00f6ru\u00f0u: \u201eDrottinn \u00fearf hans vi\u00f0,\u201c <a name=\"35\"><span class=\"versanumer_2007\">35<\/span><\/a> og f\u00f3ru s\u00ed\u00f0an me\u00f0 hann til Jes\u00fa. \u00deeir l\u00f6g\u00f0u kl\u00e6\u00f0i s\u00edn \u00e1 folann og settu Jes\u00fa \u00e1 bak. <a name=\"36\"><span class=\"versanumer_2007\">36<\/span><\/a> En \u00fear sem hann f\u00f3r breiddu menn kl\u00e6\u00f0i s\u00edn \u00e1 veginn. <br \/> <a name=\"37\"><span class=\"versanumer_2007\">37<\/span><\/a> \u00deegar Jes\u00fas var a\u00f0 koma \u00fear a\u00f0, sem fari\u00f0 er ofan af Ol\u00edufjallinu, h\u00f3f allur flokkur l\u00e6risveina hans a\u00f0 lofa Gu\u00f0 fagnandi h\u00e1rri raustu fyrir \u00f6ll \u00feau kraftaverk, er \u00feeir h\u00f6f\u00f0u s\u00e9\u00f0, <a name=\"38\"><span class=\"versanumer_2007\">38<\/span><\/a> og segja: \u201eBlessa\u00f0ur s\u00e9 konungurinn sem kemur \u00ed nafni Drottins. Fri\u00f0ur \u00e1 himni og d\u00fdr\u00f0 \u00ed h\u00e6stum h\u00e6\u00f0um!\u201c <br \/> <a name=\"39\"><span class=\"versanumer_2007\">39<\/span><\/a> Nokkrir far\u00edsear \u00ed mannfj\u00f6ldanum s\u00f6g\u00f0u vi\u00f0 hann: \u201eMeistari, hasta \u00fe\u00fa \u00e1 l\u00e6risveina \u00fe\u00edna.\u201c <br \/> <a name=\"40\"><span class=\"versanumer_2007\">40<\/span><\/a> Hann svara\u00f0i: \u201e\u00c9g segi ykkur, ef \u00feeir \u00feegja munu steinarnir hr\u00f3pa.\u201c <\/p>\n<h3 class=\"millifyrirsogn_2007\">Jes\u00fas gr\u00e6tur<\/h3>\n<p><a name=\"41\"><span class=\"versanumer_2007\">41<\/span><\/a> Og er Jes\u00fas kom n\u00e6r og s\u00e1 borgina gr\u00e9t hann yfir henni <a name=\"42\"><span class=\"versanumer_2007\">42<\/span><\/a> og sag\u00f0i: \u201eEf \u00fe\u00fa hef\u00f0ir a\u00f0eins vita\u00f0 \u00e1 \u00feessum degi hva\u00f0 til fri\u00f0ar heyrir! En n\u00fa er \u00fea\u00f0 huli\u00f0 sj\u00f3num \u00fe\u00ednum. <a name=\"43\"><span class=\"versanumer_2007\">43<\/span><\/a> \u00dev\u00ed a\u00f0 \u00feeir dagar munu koma yfir \u00feig a\u00f0 \u00f3vinir \u00fe\u00ednir munu gera virki um \u00feig, setjast um \u00feig og \u00fer\u00f6ngva \u00fe\u00e9r \u00e1 alla vegu. <a name=\"44\"><span class=\"versanumer_2007\">44<\/span><\/a> \u00deeir munu leggja \u00feig a\u00f0 velli og b\u00f6rn \u00fe\u00edn sem \u00ed \u00fe\u00e9r eru og ekki l\u00e1ta standa stein yfir steini \u00ed \u00fe\u00e9r vegna \u00feess a\u00f0 \u00fe\u00fa \u00feekktir ekki \u00feinn vitjunart\u00edma.\u201c <\/p>\n<h3 class=\"millifyrirsogn_2007\">H\u00fas mitt b\u00e6nah\u00fas<\/h3>\n<p><a name=\"45\"><span class=\"versanumer_2007\">45<\/span><\/a> \u00de\u00e1 gekk hann inn \u00ed helgid\u00f3minn og t\u00f3k a\u00f0 reka \u00fat \u00fe\u00e1 er voru a\u00f0 selja <a name=\"46\"><span class=\"versanumer_2007\">46<\/span><\/a> og m\u00e6lti vi\u00f0 \u00fe\u00e1: \u201eRita\u00f0 er: <br \/> <span class=\"ljodatexti\"> H\u00fas mitt \u00e1 a\u00f0 vera b\u00e6nah\u00fas <br \/>en \u00fe\u00e9r hafi\u00f0 gert \u00fea\u00f0 a\u00f0 r\u00e6ningjab\u00e6li.\u201c <\/span> <br \/> <a name=\"47\"><span class=\"versanumer_2007\">47<\/span><\/a> Daglega var hann a\u00f0 kenna \u00ed helgid\u00f3minum en \u00e6\u00f0stu prestarnir og fr\u00e6\u00f0imennirnir, svo og fyrirmenn \u00fej\u00f3\u00f0arinnar, leitu\u00f0ust vi\u00f0 a\u00f0 r\u00e1\u00f0a hann af d\u00f6gum <a name=\"48\"><span class=\"versanumer_2007\">48<\/span><\/a> en fundu eigi hva\u00f0 gera skyldi \u00fev\u00ed a\u00f0 allt f\u00f3lki\u00f0 vildi \u00e1kaft hl\u00fd\u00f0a \u00e1 hann. <\/p>\n","protected":false},"excerpt":{"rendered":"<p>Leita hins t\u00fdnda og frelsa 1 Jes\u00fas kom til Jer\u00edk\u00f3 og gekk gegnum borgina. 2 En \u00fear var ma\u00f0ur er Sakkeus h\u00e9t. Hann var yfirtollheimtuma\u00f0ur og au\u00f0ugur. 3 Langa\u00f0i hann a\u00f0 sj\u00e1 hver Jes\u00fas v\u00e6ri en t\u00f3kst \u00fea\u00f0 ekki fyrir mannfj\u00f6ldanum \u00fev\u00ed a\u00f0 hann var l\u00edtill vexti. 4 Hann hlj\u00f3p \u00fe\u00e1 \u00e1 undan og klifra\u00f0i upp \u00ed m\u00f3rberjatr\u00e9 til a\u00f0 sj\u00e1 Jes\u00fa, en lei\u00f0 hans l\u00e1 \u00fear hj\u00e1. 5 Og er Jes\u00fas kom \u00fear a\u00f0 leit hann upp og sag\u00f0i vi\u00f0 hann: \u201eSakkeus, fl\u00fdt \u00fe\u00e9r ofan, \u00ed dag ber m\u00e9r a\u00f0 vera \u00ed h\u00fasi \u00fe\u00ednu.\u201c 6 Hann fl\u00fdtti s\u00e9r ofan <a href=\"https:\/\/biblian.is\/biblian\/lukasargudspjall-19-kafli\/\"> [&#8230;]<\/a><\/p>\n","protected":false},"author":1,"featured_media":0,"parent":0,"menu_order":0,"comment_status":"open","ping_status":"open","template":"bibliukaflar_NT.php","meta":{"footnotes":""},"class_list":["post-2609","page","type-page","status-publish","hentry"],"_links":{"self":[{"href":"https:\/\/biblian.is\/biblian\/wp-json\/wp\/v2\/pages\/2609","targetHints":{"allow":["GET"]}}],"collection":[{"href":"https:\/\/biblian.is\/biblian\/wp-json\/wp\/v2\/pages"}],"about":[{"href":"https:\/\/biblian.is\/biblian\/wp-json\/wp\/v2\/types\/page"}],"author":[{"embeddable":true,"href":"https:\/\/biblian.is\/biblian\/wp-json\/wp\/v2\/users\/1"}],"replies":[{"embeddable":true,"href":"https:\/\/biblian.is\/biblian\/wp-json\/wp\/v2\/comments?post=2609"}],"version-history":[{"count":0,"href":"https:\/\/biblian.is\/biblian\/wp-json\/wp\/v2\/pages\/2609\/revisions"}],"wp:attachment":[{"href":"https:\/\/biblian.is\/biblian\/wp-json\/wp\/v2\/media?parent=2609"}],"curies":[{"name":"wp","href":"https:\/\/api.w.org\/{rel}","templated":true}]}}