{"id":2607,"date":"2017-12-30T21:03:55","date_gmt":"2017-12-30T21:03:55","guid":{"rendered":"http:\/\/biblian.is\/biblian\/l%c2%9ckasargu_spjall-17-kafli\/"},"modified":"2019-08-26T22:41:39","modified_gmt":"2019-08-26T22:41:39","slug":"lukasargudspjall-17-kafli","status":"publish","type":"page","link":"https:\/\/biblian.is\/biblian\/lukasargudspjall-17-kafli\/","title":{"rendered":"L\u00fakasargu\u00f0spjall 17. kafli"},"content":{"rendered":"<h3 class=\"millifyrirsogn_2007\"> Vei \u00feeim er veldur<\/h3>\n<p><a name=\"1\"><span class=\"versanumer_2007\">1<\/span><\/a> Jes\u00fas sag\u00f0i vi\u00f0 l\u00e6risveina s\u00edna: \u201eEigi ver\u00f0ur umfl\u00fai\u00f0 a\u00f0 menn s\u00e9u t\u00e6ldir til falls en vei \u00feeim sem \u00fev\u00ed veldur. <a name=\"2\"><span class=\"versanumer_2007\">2<\/span><\/a> Betra v\u00e6ri honum a\u00f0 hafa mylnustein um h\u00e1lsinn og vera varpa\u00f0 \u00ed hafi\u00f0 en a\u00f0 t\u00e6la einn af \u00feessum sm\u00e6lingjum til falls. <\/p>\n<h3 class=\"millifyrirsogn_2007\">Fyrirgefning<\/h3>\n<p><a name=\"3\"><span class=\"versanumer_2007\">3<\/span><\/a> Hafi\u00f0 g\u00e1t \u00e1 sj\u00e1lfum y\u00f0ur. Ef br\u00f3\u00f0ir \u00feinn syndgar, \u00fe\u00e1 \u00e1v\u00edta hann og ef hann s\u00e9r a\u00f0 s\u00e9r, \u00fe\u00e1 fyrirgef honum. <a name=\"4\"><span class=\"versanumer_2007\">4<\/span><\/a> Og \u00fe\u00f3tt hann misgeri vi\u00f0 \u00feig sj\u00f6 sinnum \u00e1 dag og sn\u00fai sj\u00f6 sinnum aftur til \u00fe\u00edn og segi: \u00c9g i\u00f0rast, \u00fe\u00e1 skalt \u00fe\u00fa fyrirgefa honum.\u201c <\/p>\n<h3 class=\"millifyrirsogn_2007\">Tr\u00fa<\/h3>\n<p><a name=\"5\"><span class=\"versanumer_2007\">5<\/span><\/a> Postularnir s\u00f6g\u00f0u vi\u00f0 Drottin: \u201eAuk oss tr\u00fa!\u201c <br \/> <a name=\"6\"><span class=\"versanumer_2007\">6<\/span><\/a> En Drottinn sag\u00f0i: \u201eEf \u00fe\u00e9r hef\u00f0u\u00f0 tr\u00fa eins og mustar\u00f0skorn g\u00e6tu\u00f0 \u00fe\u00e9r sagt vi\u00f0 m\u00f3rberjatr\u00e9 \u00feetta: R\u00edf \u00feig upp me\u00f0 r\u00f3tum og fest r\u00e6tur \u00ed sj\u00f3num, og \u00fea\u00f0 mundi hl\u00fd\u00f0a y\u00f0ur. <\/p>\n<h3 class=\"millifyrirsogn_2007\">\u00dej\u00f3nusta<\/h3>\n<p><a name=\"7\"><span class=\"versanumer_2007\">7<\/span><\/a> Hafi einhver y\u00f0ar \u00fej\u00f3n, er pl\u00e6gir e\u00f0a hir\u00f0ir f\u00e9na\u00f0, segir hann \u00fe\u00e1 vi\u00f0 hann \u00feegar hann kemur inn af akri: Kom \u00feegar og set \u00feig til bor\u00f0s? <a name=\"8\"><span class=\"versanumer_2007\">8<\/span><\/a> Segir hann ekki fremur vi\u00f0 hann: B\u00fa \u00fe\u00fa m\u00e9r kv\u00f6ldver\u00f0, tak \u00feig til og \u00fej\u00f3na m\u00e9r me\u00f0an \u00e9g et og drekk, s\u00ed\u00f0an getur \u00fe\u00fa eti\u00f0 og drukki\u00f0. <a name=\"9\"><span class=\"versanumer_2007\">9<\/span><\/a> Og er hann \u00feakkl\u00e1tur \u00fej\u00f3ni s\u00ednum fyrir a\u00f0 gera \u00fea\u00f0 sem bo\u00f0i\u00f0 var? <a name=\"10\"><span class=\"versanumer_2007\">10<\/span><\/a> Eins skulu\u00f0 \u00fe\u00e9r segja, \u00fe\u00e1 er \u00fe\u00e9r hafi\u00f0 gert allt sem y\u00f0ur var bo\u00f0i\u00f0: \u00d3n\u00fdtir \u00fej\u00f3nar erum v\u00e9r. V\u00e9r h\u00f6fum gert \u00fea\u00f0 eitt sem oss bar a\u00f0 gera.\u201c <\/p>\n<h3 class=\"millifyrirsogn_2007\">Hvar eru hinir n\u00edu?<\/h3>\n<p><a name=\"11\"><span class=\"versanumer_2007\">11<\/span><\/a> Svo bar vi\u00f0 \u00e1 fer\u00f0 Jes\u00fa til Jer\u00fasalem a\u00f0 lei\u00f0 hans l\u00e1 \u00e1 m\u00f6rkum Samar\u00edu og Gal\u00edleu. <a name=\"12\"><span class=\"versanumer_2007\">12<\/span><\/a> Og er hann kom inn \u00ed \u00feorp nokkurt m\u00e6ttu honum t\u00edu l\u00edk\u00fer\u00e1ir menn. \u00deeir st\u00f3\u00f0u \u00e1lengdar, <a name=\"13\"><span class=\"versanumer_2007\">13<\/span><\/a> h\u00f3fu upp raust s\u00edna og k\u00f6llu\u00f0u: \u201eJes\u00fas, meistari, miskunna \u00fe\u00fa oss!\u201c <br \/> <a name=\"14\"><span class=\"versanumer_2007\">14<\/span><\/a> Jes\u00fas s\u00e1 \u00fe\u00e1 og sag\u00f0i vi\u00f0 \u00fe\u00e1: \u201eFari\u00f0 og s\u00fdni\u00f0 y\u00f0ur prestunum.\u201c \u00deeir h\u00e9ldu af sta\u00f0 og n\u00fa br\u00e1 svo vi\u00f0 a\u00f0 \u00feeir ur\u00f0u hreinir.<span class=\"nedan_mal\" title=\" Sj\u00e1 L\u00fak 5.12.\">[<\/span> <a name=\"15\"><span class=\"versanumer_2007\">15<\/span><\/a> En einn \u00feeirra sneri aftur er hann s\u00e1 a\u00f0 hann var heill or\u00f0inn og lofa\u00f0i Gu\u00f0 h\u00e1rri raustu. <a name=\"16\"><span class=\"versanumer_2007\">16<\/span><\/a> Hann f\u00e9ll fram a\u00f0 f\u00f3tum Jes\u00fa og \u00feakka\u00f0i honum. En hann var Samverji. <a name=\"17\"><span class=\"versanumer_2007\">17<\/span><\/a> Jes\u00fas sag\u00f0i: \u201eUr\u00f0u ekki allir t\u00edu hreinir? Hvar eru hinir n\u00edu? <a name=\"18\"><span class=\"versanumer_2007\">18<\/span><\/a> Ur\u00f0u engir til \u00feess a\u00f0 sn\u00faa aftur a\u00f0 gefa Gu\u00f0i d\u00fdr\u00f0ina nema \u00feessi \u00fatlendingur?\u201c <a name=\"19\"><span class=\"versanumer_2007\">19<\/span><\/a> S\u00ed\u00f0an m\u00e6lti Jes\u00fas vi\u00f0 hann: \u201eStatt upp og far lei\u00f0ar \u00feinnar. Tr\u00fa \u00fe\u00edn hefur bjarga\u00f0 \u00fe\u00e9r.\u201c <\/p>\n<h3 class=\"millifyrirsogn_2007\">Innra me\u00f0 y\u00f0ur<\/h3>\n<p><a name=\"20\"><span class=\"versanumer_2007\">20<\/span><\/a> Far\u00edsear spur\u00f0u Jes\u00fa hven\u00e6r Gu\u00f0s r\u00edki k\u00e6mi. Hann svara\u00f0i \u00feeim: \u201eGu\u00f0s r\u00edki kemur ekki \u00feannig a\u00f0 \u00e1 \u00fev\u00ed beri. <a name=\"21\"><span class=\"versanumer_2007\">21<\/span><\/a> Ekki munu menn segja: Sj\u00e1, \u00fear er \u00fea\u00f0 e\u00f0a h\u00e9r er \u00fea\u00f0 \u00fev\u00ed a\u00f0 Gu\u00f0s r\u00edki er innra me\u00f0 y\u00f0ur.\u201c<span class=\"nedan_mal\" title=\" E\u00f0a: Gu\u00f0s r\u00edki er me\u00f0al y\u00f0ar.\">[<\/span> <\/p>\n<h3 class=\"millifyrirsogn_2007\">Er Mannssonurinn opinberast<\/h3>\n<p><a name=\"22\"><span class=\"versanumer_2007\">22<\/span><\/a> Og Jes\u00fas sag\u00f0i vi\u00f0 l\u00e6risveinana: \u201e\u00deeir dagar munu koma a\u00f0 \u00fe\u00e9r \u00fer\u00e1i\u00f0 a\u00f0 sj\u00e1 einn dag Mannssonarins og munu\u00f0 eigi sj\u00e1 hann. <a name=\"23\"><span class=\"versanumer_2007\">23<\/span><\/a> Menn munu segja vi\u00f0 y\u00f0ur: Sj\u00e1 h\u00e9r, sj\u00e1 \u00fear. En fari\u00f0 ekki og hlaupi\u00f0 eftir \u00fev\u00ed. <a name=\"24\"><span class=\"versanumer_2007\">24<\/span><\/a> Mannssonurinn kemur eins og elding sem leiftrar og l\u00fdsir fr\u00e1 einu skauti himins til annars. <a name=\"25\"><span class=\"versanumer_2007\">25<\/span><\/a> En fyrst \u00e1 hann margt a\u00f0 l\u00ed\u00f0a og \u00feessi kynsl\u00f3\u00f0 mun \u00fatsk\u00fafa honum. <br \/> <a name=\"26\"><span class=\"versanumer_2007\">26<\/span><\/a> Eins og var \u00e1 d\u00f6gum N\u00f3a, svo mun og ver\u00f0a \u00e1 d\u00f6gum Mannssonarins: <a name=\"27\"><span class=\"versanumer_2007\">27<\/span><\/a> Menn \u00e1tu og drukku, kv\u00e6ntust og giftust allt til \u00feess dags er N\u00f3i gekk \u00ed \u00f6rkina og fl\u00f3\u00f0i\u00f0 kom og tort\u00edmdi \u00f6llum. <a name=\"28\"><span class=\"versanumer_2007\">28<\/span><\/a> Eins var og \u00e1 d\u00f6gum Lots: Menn \u00e1tu og drukku, keyptu og seldu, gr\u00f3\u00f0ursettu og bygg\u00f0u. <a name=\"29\"><span class=\"versanumer_2007\">29<\/span><\/a> En daginn sem Lot f\u00f3r \u00far S\u00f3d\u00f3mu rigndi eldi og brennisteini af himni og tort\u00edmdi \u00f6llum. <a name=\"30\"><span class=\"versanumer_2007\">30<\/span><\/a> Eins mun ver\u00f0a \u00e1 \u00feeim degi er Mannssonurinn opinberast. <br \/> <a name=\"31\"><span class=\"versanumer_2007\">31<\/span><\/a> S\u00e1 sem \u00feann dag er \u00e1 \u00feaki uppi og \u00e1 muni s\u00edna \u00ed h\u00fasinu fari ekki ofan a\u00f0 s\u00e6kja \u00fe\u00e1. Og s\u00e1 sem er \u00e1 akri skal ekki heldur hverfa aftur. <a name=\"32\"><span class=\"versanumer_2007\">32<\/span><\/a> Minnist konu Lots. <a name=\"33\"><span class=\"versanumer_2007\">33<\/span><\/a> S\u00e1 sem vill sj\u00e1 l\u00edfi s\u00ednu borgi\u00f0 mun t\u00fdna \u00fev\u00ed en s\u00e1 sem t\u00fdnir \u00fev\u00ed mun \u00f6\u00f0last l\u00edf. <a name=\"34\"><span class=\"versanumer_2007\">34<\/span><\/a> \u00c9g segi y\u00f0ur: \u00c1 \u00feeirri n\u00f3ttu ver\u00f0a tveir \u00ed einni hv\u00edlu, annar mun tekinn, hinn eftir skilinn. <a name=\"35\"><span class=\"versanumer_2007\">35<\/span><\/a> Tv\u00e6r munu mala \u00e1 s\u00f6mu kv\u00f6rn, \u00f6nnur ver\u00f0ur tekin, hin eftir skilin. [ <a name=\"36\"><span class=\"versanumer_2007\">36<\/span><\/a> Tveir ver\u00f0a \u00e1 akri, annar mun tekinn, hinn eftir skilinn.]\u201c<span class=\"nedan_mal\" title=\" Vantar \u00ed sum handrit.\">[<\/span> <br \/> <a name=\"37\"><span class=\"versanumer_2007\">37<\/span><\/a> \u00deeir spur\u00f0u hann \u00fe\u00e1: \u201eHvar, herra?\u201c <br \/>En hann sag\u00f0i vi\u00f0 \u00fe\u00e1: \u201e\u00dear munu ernirnir safnast sem hr\u00e6i\u00f0 er.\u201c <\/p>\n","protected":false},"excerpt":{"rendered":"<p>Vei \u00feeim er veldur 1 Jes\u00fas sag\u00f0i vi\u00f0 l\u00e6risveina s\u00edna: \u201eEigi ver\u00f0ur umfl\u00fai\u00f0 a\u00f0 menn s\u00e9u t\u00e6ldir til falls en vei \u00feeim sem \u00fev\u00ed veldur. 2 Betra v\u00e6ri honum a\u00f0 hafa mylnustein um h\u00e1lsinn og vera varpa\u00f0 \u00ed hafi\u00f0 en a\u00f0 t\u00e6la einn af \u00feessum sm\u00e6lingjum til falls. Fyrirgefning 3 Hafi\u00f0 g\u00e1t \u00e1 sj\u00e1lfum y\u00f0ur. Ef br\u00f3\u00f0ir \u00feinn syndgar, \u00fe\u00e1 \u00e1v\u00edta hann og ef hann s\u00e9r a\u00f0 s\u00e9r, \u00fe\u00e1 fyrirgef honum. 4 Og \u00fe\u00f3tt hann misgeri vi\u00f0 \u00feig sj\u00f6 sinnum \u00e1 dag og sn\u00fai sj\u00f6 sinnum aftur til \u00fe\u00edn og segi: \u00c9g i\u00f0rast, \u00fe\u00e1 skalt \u00fe\u00fa fyrirgefa honum.\u201c Tr\u00fa 5 <a href=\"https:\/\/biblian.is\/biblian\/lukasargudspjall-17-kafli\/\"> [&#8230;]<\/a><\/p>\n","protected":false},"author":1,"featured_media":0,"parent":0,"menu_order":0,"comment_status":"open","ping_status":"open","template":"bibliukaflar_NT.php","meta":{"footnotes":""},"class_list":["post-2607","page","type-page","status-publish","hentry"],"_links":{"self":[{"href":"https:\/\/biblian.is\/biblian\/wp-json\/wp\/v2\/pages\/2607","targetHints":{"allow":["GET"]}}],"collection":[{"href":"https:\/\/biblian.is\/biblian\/wp-json\/wp\/v2\/pages"}],"about":[{"href":"https:\/\/biblian.is\/biblian\/wp-json\/wp\/v2\/types\/page"}],"author":[{"embeddable":true,"href":"https:\/\/biblian.is\/biblian\/wp-json\/wp\/v2\/users\/1"}],"replies":[{"embeddable":true,"href":"https:\/\/biblian.is\/biblian\/wp-json\/wp\/v2\/comments?post=2607"}],"version-history":[{"count":0,"href":"https:\/\/biblian.is\/biblian\/wp-json\/wp\/v2\/pages\/2607\/revisions"}],"wp:attachment":[{"href":"https:\/\/biblian.is\/biblian\/wp-json\/wp\/v2\/media?parent=2607"}],"curies":[{"name":"wp","href":"https:\/\/api.w.org\/{rel}","templated":true}]}}