{"id":2604,"date":"2017-12-30T21:03:55","date_gmt":"2017-12-30T21:03:55","guid":{"rendered":"http:\/\/biblian.is\/biblian\/l%c2%9ckasargu_spjall-14-kafli\/"},"modified":"2019-08-26T22:41:38","modified_gmt":"2019-08-26T22:41:38","slug":"lukasargudspjall-14-kafli","status":"publish","type":"page","link":"https:\/\/biblian.is\/biblian\/lukasargudspjall-14-kafli\/","title":{"rendered":"L\u00fakasargu\u00f0spjall 14. kafli"},"content":{"rendered":"<h3 class=\"millifyrirsogn_2007\"> G\u00e1tu engu svara\u00f0<\/h3>\n<p><a name=\"1\"><span class=\"versanumer_2007\">1<\/span><\/a> Hv\u00edldardag nokkurn kom Jes\u00fas \u00ed h\u00fas eins af h\u00f6f\u00f0ingjum far\u00edsea til m\u00e1lt\u00ed\u00f0ar og h\u00f6f\u00f0u menn g\u00e6tur \u00e1 honum. <a name=\"2\"><span class=\"versanumer_2007\">2<\/span><\/a> \u00de\u00e1 var \u00fear frammi fyrir honum ma\u00f0ur einn vatnssj\u00fakur. <a name=\"3\"><span class=\"versanumer_2007\">3<\/span><\/a> Jes\u00fas t\u00f3k \u00fe\u00e1 til m\u00e1ls og sag\u00f0i vi\u00f0 l\u00f6gvitringana og far\u00edseana: \u201eEr leyfilegt a\u00f0 l\u00e6kna \u00e1 hv\u00edldardegi e\u00f0a ekki?\u201c <br \/> <a name=\"4\"><span class=\"versanumer_2007\">4<\/span><\/a> \u00deeir \u00fe\u00f6g\u00f0u vi\u00f0. En hann t\u00f3k \u00e1 honum, l\u00e6kna\u00f0i hann og l\u00e9t hann fara. <a name=\"5\"><span class=\"versanumer_2007\">5<\/span><\/a> Og Jes\u00fas m\u00e6lti vi\u00f0 \u00fe\u00e1: \u201eEf einhver ykkar \u00e1 asna e\u00f0a naut, sem fellur \u00ed brunn, mun hann ekki \u00f3\u00f0ara draga \u00fea\u00f0 upp \u00fe\u00f3tt hv\u00edldardagur s\u00e9?\u201c <br \/> <a name=\"6\"><span class=\"versanumer_2007\">6<\/span><\/a> \u00deeir g\u00e1tu engu svara\u00f0 \u00feessu. <\/p>\n<h3 class=\"millifyrirsogn_2007\">Set \u00feig ekki \u00ed hef\u00f0ars\u00e6ti<\/h3>\n<p><a name=\"7\"><span class=\"versanumer_2007\">7<\/span><\/a> Jes\u00fas gaf \u00fev\u00ed g\u00e6tur hvernig bo\u00f0sgestir v\u00f6ldu s\u00e9r hef\u00f0ars\u00e6tin, t\u00f3k d\u00e6mi og sag\u00f0i vi\u00f0 \u00fe\u00e1: <a name=\"8\"><span class=\"versanumer_2007\">8<\/span><\/a> \u201e\u00deegar einhver b\u00fd\u00f0ur \u00fe\u00e9r til br\u00fa\u00f0kaups, \u00fe\u00e1 set \u00feig ekki \u00ed hef\u00f0ars\u00e6ti. Svo getur fari\u00f0 a\u00f0 manni \u00fe\u00e9r fremri a\u00f0 vir\u00f0ingu s\u00e9 bo\u00f0i\u00f0 <a name=\"9\"><span class=\"versanumer_2007\">9<\/span><\/a> og s\u00e1 komi er ykkur bau\u00f0 og segi vi\u00f0 \u00feig: \u00deoka fyrir manni \u00feessum. \u00de\u00e1 ver\u00f0ur \u00fe\u00fa me\u00f0 kinnro\u00f0a a\u00f0 taka ysta s\u00e6ti. <a name=\"10\"><span class=\"versanumer_2007\">10<\/span><\/a> Far \u00fe\u00fa heldur er \u00fe\u00e9r er bo\u00f0i\u00f0 og set \u00feig \u00ed ysta s\u00e6ti svo a\u00f0 s\u00e1 sem bau\u00f0 \u00fe\u00e9r segi vi\u00f0 \u00feig \u00feegar hann kemur: Vinur, flyt \u00feig h\u00e6rra upp! Mun \u00fe\u00e9r \u00fe\u00e1 vir\u00f0ing veitast frammi fyrir \u00f6llum er sitja til bor\u00f0s me\u00f0 \u00fe\u00e9r. <a name=\"11\"><span class=\"versanumer_2007\">11<\/span><\/a> \u00dev\u00ed a\u00f0 hver sem upp hefur sj\u00e1lfan sig mun au\u00f0m\u00fdktur ver\u00f0a en s\u00e1 sem l\u00edtill\u00e6kkar sj\u00e1lfan sig mun upp hafinn ver\u00f0a.\u201c <br \/> <a name=\"12\"><span class=\"versanumer_2007\">12<\/span><\/a> \u00de\u00e1 sag\u00f0i Jes\u00fas vi\u00f0 gestgjafa sinn: \u201e\u00deegar \u00fe\u00fa heldur mi\u00f0degisver\u00f0 e\u00f0a kv\u00f6ldver\u00f0 bj\u00f3\u00f0 \u00fe\u00e1 hvorki vinum \u00fe\u00ednum n\u00e9 br\u00e6\u00f0rum, \u00e6ttingjum n\u00e9 r\u00edkum n\u00e1gr\u00f6nnum \u00fev\u00ed a\u00f0 \u00feeir bj\u00f3\u00f0a \u00fe\u00e9r aftur og \u00fe\u00fa f\u00e6r\u00f0 \u00fea\u00f0 endurgoldi\u00f0. <a name=\"13\"><span class=\"versanumer_2007\">13<\/span><\/a> \u00deegar \u00fe\u00fa gerir veislu \u00fe\u00e1 bj\u00f3\u00f0 \u00fe\u00fa f\u00e1t\u00e6kum og \u00f6rkumla, h\u00f6ltum og blindum <a name=\"14\"><span class=\"versanumer_2007\">14<\/span><\/a> og munt \u00fe\u00fa s\u00e6ll ver\u00f0a \u00fev\u00ed a\u00f0 \u00feeir geta ekki endurgoldi\u00f0 \u00fe\u00e9r en \u00fe\u00fa f\u00e6r\u00f0 \u00fea\u00f0 endurgoldi\u00f0 \u00ed upprisu r\u00e9ttl\u00e1tra.\u201c <\/p>\n<h3 class=\"millifyrirsogn_2007\">Vonsvikinn veitandi<\/h3>\n<p><a name=\"15\"><span class=\"versanumer_2007\">15<\/span><\/a> \u00deegar einn \u00feeirra, er a\u00f0 bor\u00f0i s\u00e1tu, heyr\u00f0i \u00feetta sag\u00f0i hann vi\u00f0 Jes\u00fa: \u201eS\u00e6ll er s\u00e1 sem situr til bor\u00f0s \u00ed Gu\u00f0s r\u00edki.\u201c <br \/> <a name=\"16\"><span class=\"versanumer_2007\">16<\/span><\/a> Jes\u00fas sag\u00f0i vi\u00f0 hann: \u201eMa\u00f0ur nokkur ger\u00f0i mikla kv\u00f6ldm\u00e1lt\u00ed\u00f0 og bau\u00f0 m\u00f6rgum. <a name=\"17\"><span class=\"versanumer_2007\">17<\/span><\/a> Er stundin kom a\u00f0 veislan skyldi vera sendi hann \u00fej\u00f3n sinn a\u00f0 segja \u00feeim er bo\u00f0nir voru: Komi\u00f0, n\u00fa er allt tilb\u00fai\u00f0. <a name=\"18\"><span class=\"versanumer_2007\">18<\/span><\/a> En \u00feeir t\u00f3ku allir a\u00f0 afsaka sig einum munni. Hinn fyrsti sag\u00f0i vi\u00f0 hann: \u00c9g hef keypt akur og ver\u00f0 a\u00f0 fara og l\u00edta \u00e1 hann. \u00c9g bi\u00f0 \u00feig, haf mig afsaka\u00f0an. <a name=\"19\"><span class=\"versanumer_2007\">19<\/span><\/a> Annar sag\u00f0i: \u00c9g hef keypt fimm tvenndir akneyta og er \u00e1 f\u00f6rum a\u00f0 reyna \u00feau. \u00c9g bi\u00f0 \u00feig, haf mig afsaka\u00f0an. <a name=\"20\"><span class=\"versanumer_2007\">20<\/span><\/a> Og enn annar sag\u00f0i: Konu hef \u00e9g eignast, ekki get \u00e9g komi\u00f0.<br \/> <a name=\"21\"><span class=\"versanumer_2007\">21<\/span><\/a> \u00dej\u00f3nninn kom og tj\u00e1\u00f0i herra s\u00ednum \u00feetta. \u00de\u00e1 reiddist h\u00fasb\u00f3ndinn og sag\u00f0i vi\u00f0 \u00fej\u00f3n sinn: Far \u00fe\u00fa flj\u00f3tt \u00fat \u00e1 str\u00e6ti og g\u00f6tur borgarinnar og lei\u00f0 inn hinga\u00f0 f\u00e1t\u00e6ka, \u00f6rkumla, blinda og halta. <a name=\"22\"><span class=\"versanumer_2007\">22<\/span><\/a> Og \u00fej\u00f3nninn sag\u00f0i: Herra, \u00fea\u00f0 er gert sem \u00fe\u00fa bau\u00f0st og enn er r\u00fam. <a name=\"23\"><span class=\"versanumer_2007\">23<\/span><\/a> \u00de\u00e1 sag\u00f0i h\u00fasb\u00f3ndinn vi\u00f0 \u00fej\u00f3ninn: Far \u00fe\u00fa \u00fat um st\u00edga og vegi og \u00fer\u00fdstu \u00e1 menn a\u00f0 koma inn svo a\u00f0 h\u00fas mitt fyllist. <a name=\"24\"><span class=\"versanumer_2007\">24<\/span><\/a> \u00dev\u00ed \u00e9g segi ykkur a\u00f0 enginn \u00feeirra sem fyrst voru bo\u00f0nir mun smakka kv\u00f6ldm\u00e1lt\u00ed\u00f0 m\u00edna.\u201c <\/p>\n<h3 class=\"millifyrirsogn_2007\">A\u00f0 segja skili\u00f0 vi\u00f0 allt<\/h3>\n<p><a name=\"25\"><span class=\"versanumer_2007\">25<\/span><\/a> Mikill fj\u00f6ldi f\u00f3lks var Jes\u00fa samfer\u00f0a. Hann sneri s\u00e9r vi\u00f0 og sag\u00f0i vi\u00f0 mannfj\u00f6ldann: <a name=\"26\"><span class=\"versanumer_2007\">26<\/span><\/a> \u201eEnginn getur komi\u00f0 til m\u00edn og or\u00f0i\u00f0 l\u00e6risveinn minn nema hann taki mig fram yfir f\u00f6\u00f0ur og m\u00f3\u00f0ur, maka og b\u00f6rn, br\u00e6\u00f0ur og systur og enda fram yfir eigi\u00f0 l\u00edf. <a name=\"27\"><span class=\"versanumer_2007\">27<\/span><\/a> Hver sem ber ekki sinn kross og fylgir m\u00e9r getur ekki veri\u00f0 l\u00e6risveinn minn. <br \/> <a name=\"28\"><span class=\"versanumer_2007\">28<\/span><\/a> Hver y\u00f0ar sest ekki fyrst vi\u00f0 ef hann \u00e6tlar a\u00f0 reisa turn og reiknar kostna\u00f0inn, hvort hann eigi n\u00f3g til a\u00f0 lj\u00faka verkinu? <a name=\"29\"><span class=\"versanumer_2007\">29<\/span><\/a> Ella m\u00e1 svo fara a\u00f0 hann leggi undirst\u00f6\u00f0u en f\u00e1i ekki loki\u00f0 vi\u00f0 og allir, sem \u00fea\u00f0 sj\u00e1, taki a\u00f0 spotta hann <a name=\"30\"><span class=\"versanumer_2007\">30<\/span><\/a> og segja: \u00deessi ma\u00f0ur f\u00f3r a\u00f0 byggja en gat ekki loki\u00f0. <br \/> <a name=\"31\"><span class=\"versanumer_2007\">31<\/span><\/a> E\u00f0a hva\u00f0a konungur fer me\u00f0 herna\u00f0i gegn \u00f6\u00f0rum konungi og sest ekki fyrst vi\u00f0 og r\u00e1\u00f0gast um hvort honum s\u00e9 f\u00e6rt a\u00f0 m\u00e6ta me\u00f0 t\u00edu \u00fe\u00fasundum \u00feeim er fer \u00e1 m\u00f3ti honum me\u00f0 tuttugu \u00fe\u00fasundir? <a name=\"32\"><span class=\"versanumer_2007\">32<\/span><\/a> S\u00e9 svo ekki gerir hann menn \u00e1 fund andst\u00e6\u00f0ingsins me\u00f0an hann er enn langt undan og spyr um fri\u00f0arkosti. <a name=\"33\"><span class=\"versanumer_2007\">33<\/span><\/a> \u00deannig getur enginn y\u00f0ar veri\u00f0 l\u00e6risveinn minn nema hann segi skili\u00f0 vi\u00f0 allt sem hann \u00e1. <br \/> <a name=\"34\"><span class=\"versanumer_2007\">34<\/span><\/a> Salti\u00f0 er gott en ef salti\u00f0 sj\u00e1lft dofnar me\u00f0 hverju \u00e1 \u00fe\u00e1 a\u00f0 krydda \u00fea\u00f0? <a name=\"35\"><span class=\"versanumer_2007\">35<\/span><\/a> Hvorki er \u00fea\u00f0 h\u00e6ft \u00e1 t\u00fan n\u00e9 ta\u00f0haug. \u00dev\u00ed er fleygt. Hver sem eyru hefur a\u00f0 heyra, hann heyri.\u201c <\/p>\n","protected":false},"excerpt":{"rendered":"<p>G\u00e1tu engu svara\u00f0 1 Hv\u00edldardag nokkurn kom Jes\u00fas \u00ed h\u00fas eins af h\u00f6f\u00f0ingjum far\u00edsea til m\u00e1lt\u00ed\u00f0ar og h\u00f6f\u00f0u menn g\u00e6tur \u00e1 honum. 2 \u00de\u00e1 var \u00fear frammi fyrir honum ma\u00f0ur einn vatnssj\u00fakur. 3 Jes\u00fas t\u00f3k \u00fe\u00e1 til m\u00e1ls og sag\u00f0i vi\u00f0 l\u00f6gvitringana og far\u00edseana: \u201eEr leyfilegt a\u00f0 l\u00e6kna \u00e1 hv\u00edldardegi e\u00f0a ekki?\u201c 4 \u00deeir \u00fe\u00f6g\u00f0u vi\u00f0. En hann t\u00f3k \u00e1 honum, l\u00e6kna\u00f0i hann og l\u00e9t hann fara. 5 Og Jes\u00fas m\u00e6lti vi\u00f0 \u00fe\u00e1: \u201eEf einhver ykkar \u00e1 asna e\u00f0a naut, sem fellur \u00ed brunn, mun hann ekki \u00f3\u00f0ara draga \u00fea\u00f0 upp \u00fe\u00f3tt hv\u00edldardagur s\u00e9?\u201c 6 \u00deeir g\u00e1tu engu svara\u00f0 \u00feessu. <a href=\"https:\/\/biblian.is\/biblian\/lukasargudspjall-14-kafli\/\"> [&#8230;]<\/a><\/p>\n","protected":false},"author":1,"featured_media":0,"parent":0,"menu_order":0,"comment_status":"open","ping_status":"open","template":"bibliukaflar_NT.php","meta":{"footnotes":""},"class_list":["post-2604","page","type-page","status-publish","hentry"],"_links":{"self":[{"href":"https:\/\/biblian.is\/biblian\/wp-json\/wp\/v2\/pages\/2604","targetHints":{"allow":["GET"]}}],"collection":[{"href":"https:\/\/biblian.is\/biblian\/wp-json\/wp\/v2\/pages"}],"about":[{"href":"https:\/\/biblian.is\/biblian\/wp-json\/wp\/v2\/types\/page"}],"author":[{"embeddable":true,"href":"https:\/\/biblian.is\/biblian\/wp-json\/wp\/v2\/users\/1"}],"replies":[{"embeddable":true,"href":"https:\/\/biblian.is\/biblian\/wp-json\/wp\/v2\/comments?post=2604"}],"version-history":[{"count":0,"href":"https:\/\/biblian.is\/biblian\/wp-json\/wp\/v2\/pages\/2604\/revisions"}],"wp:attachment":[{"href":"https:\/\/biblian.is\/biblian\/wp-json\/wp\/v2\/media?parent=2604"}],"curies":[{"name":"wp","href":"https:\/\/api.w.org\/{rel}","templated":true}]}}