{"id":2603,"date":"2017-12-30T21:03:55","date_gmt":"2017-12-30T21:03:55","guid":{"rendered":"http:\/\/biblian.is\/biblian\/l%c2%9ckasargu_spjall-13-kafli\/"},"modified":"2019-08-26T22:41:38","modified_gmt":"2019-08-26T22:41:38","slug":"lukasargudspjall-13-kafli","status":"publish","type":"page","link":"https:\/\/biblian.is\/biblian\/lukasargudspjall-13-kafli\/","title":{"rendered":"L\u00fakasargu\u00f0spjall 13. kafli"},"content":{"rendered":"<h3 class=\"millifyrirsogn_2007\"> Ef \u00fe\u00e9r taki\u00f0 ekki sinnaskiptum<\/h3>\n<p><a name=\"1\"><span class=\"versanumer_2007\">1<\/span><\/a> \u00cd sama mund komu einhverjir til Jes\u00fa og s\u00f6g\u00f0u honum fr\u00e1 Gal\u00edleum\u00f6nnunum sem P\u00edlatus l\u00e9t drepa er \u00feeir f\u00e6r\u00f0u f\u00f3rnir s\u00ednar svo a\u00f0 bl\u00f3\u00f0 \u00feeirra blanda\u00f0ist f\u00f3rnarbl\u00f3\u00f0inu. <a name=\"2\"><span class=\"versanumer_2007\">2<\/span><\/a> Jes\u00fas m\u00e6lti vi\u00f0 \u00fe\u00e1: \u201eHaldi\u00f0 \u00fe\u00e9r a\u00f0 \u00feessir Gal\u00edleumenn hafi veri\u00f0 meiri syndarar en allir a\u00f0rir Gal\u00edleumenn fyrst \u00feeir ur\u00f0u a\u00f0 \u00feola \u00feetta? <a name=\"3\"><span class=\"versanumer_2007\">3<\/span><\/a> Nei, segi \u00e9g y\u00f0ur, en ef \u00fe\u00e9r taki\u00f0 ekki sinnaskiptum munu\u00f0 \u00fe\u00e9r allir farast \u00e1 sama h\u00e1tt. <a name=\"4\"><span class=\"versanumer_2007\">4<\/span><\/a> E\u00f0a \u00feeir \u00e1tj\u00e1n sem turninn f\u00e9ll yfir \u00ed S\u00edl\u00f3am og var\u00f0 a\u00f0 bana, haldi\u00f0 \u00fe\u00e9r a\u00f0 \u00feeir hafi veri\u00f0 sekari en allir \u00feeir menn sem \u00ed Jer\u00fasalem b\u00faa? <a name=\"5\"><span class=\"versanumer_2007\">5<\/span><\/a> Nei, segi \u00e9g y\u00f0ur, en ef \u00fe\u00e9r taki\u00f0 ekki sinnaskiptum munu\u00f0 \u00fe\u00e9r allir farast \u00e1 sama h\u00e1tt.\u201c <\/p>\n<h3 class=\"millifyrirsogn_2007\">Enn \u00feetta \u00e1r<\/h3>\n<p><a name=\"6\"><span class=\"versanumer_2007\">6<\/span><\/a> \u00de\u00e1 sag\u00f0i Jes\u00fas \u00feeim \u00feessa d\u00e6mis\u00f6gu: \u201eMa\u00f0ur nokkur \u00e1tti f\u00edkjutr\u00e9 gr\u00f3\u00f0ursett \u00ed v\u00edngar\u00f0i s\u00ednum. Hann kom og leita\u00f0i \u00e1vaxtar \u00e1 \u00fev\u00ed og fann ekki. <a name=\"7\"><span class=\"versanumer_2007\">7<\/span><\/a> Hann sag\u00f0i \u00fe\u00e1 vi\u00f0 v\u00edngar\u00f0smanninn: \u00cd \u00ferj\u00fa \u00e1r hef \u00e9g n\u00fa komi\u00f0 og leita\u00f0 \u00e1vaxtar \u00e1 f\u00edkjutr\u00e9 \u00feessu og ekki fundi\u00f0. H\u00f6gg \u00fea\u00f0 upp. Hv\u00ed \u00e1 \u00fea\u00f0 a\u00f0 vera engum til gagns? <a name=\"8\"><span class=\"versanumer_2007\">8<\/span><\/a> En hann svara\u00f0i honum: Herra, l\u00e1t \u00fea\u00f0 standa enn \u00feetta \u00e1r \u00fear til \u00e9g hef grafi\u00f0 um \u00fea\u00f0 og bori\u00f0 a\u00f0 \u00e1bur\u00f0. <a name=\"9\"><span class=\"versanumer_2007\">9<\/span><\/a> M\u00e1 vera a\u00f0 \u00fea\u00f0 beri \u00e1v\u00f6xt s\u00ed\u00f0an. Annars skaltu h\u00f6ggva \u00fea\u00f0 upp.\u201c<\/p>\n<h3 class=\"millifyrirsogn_2007\">Leyst \u00far fj\u00f6trum<\/h3>\n<p><a name=\"10\"><span class=\"versanumer_2007\">10<\/span><\/a> Jes\u00fas var a\u00f0 kenna \u00e1 hv\u00edldardegi \u00ed samkundu einni. <a name=\"11\"><span class=\"versanumer_2007\">11<\/span><\/a> \u00dear var \u00fe\u00e1 kona nokkur. \u00cd \u00e1tj\u00e1n \u00e1r haf\u00f0i h\u00fan veri\u00f0 sj\u00fak. H\u00fan var kreppt og alls \u00f3f\u00e6r a\u00f0 r\u00e9tta sig upp. <a name=\"12\"><span class=\"versanumer_2007\">12<\/span><\/a> Jes\u00fas s\u00e1 hana og kalla\u00f0i hana til s\u00edn og sag\u00f0i vi\u00f0 hana: \u201eKona, \u00fe\u00fa ert laus vi\u00f0 sj\u00fakleik \u00feinn!\u201c <a name=\"13\"><span class=\"versanumer_2007\">13<\/span><\/a> \u00de\u00e1 lag\u00f0i Jes\u00fas hendur yfir hana og jafnskj\u00f3tt gat h\u00fan r\u00e9tt \u00far s\u00e9r og lofa\u00f0i Gu\u00f0. <br \/> <a name=\"14\"><span class=\"versanumer_2007\">14<\/span><\/a> En samkundustj\u00f3rinn reiddist \u00fev\u00ed a\u00f0 Jes\u00fas l\u00e6kna\u00f0i \u00e1 hv\u00edldardegi og m\u00e6lti til f\u00f3lksins: \u201eSex daga skal vinna, komi\u00f0 \u00fe\u00e1 og l\u00e1ti\u00f0 l\u00e6kna ykkur og ekki \u00e1 hv\u00edldardegi.\u201c <br \/> <a name=\"15\"><span class=\"versanumer_2007\">15<\/span><\/a> Drottinn svara\u00f0i honum: \u201eHr\u00e6snarar, leysir ekki hver ykkar \u00e1 hv\u00edldardegi naut sitt e\u00f0a asna af stalli og lei\u00f0ir til vatns? <a name=\"16\"><span class=\"versanumer_2007\">16<\/span><\/a> En \u00feessi kona, sem er d\u00f3ttir Abrahams og Satan hefur fj\u00f6tra\u00f0 full \u00e1tj\u00e1n \u00e1r, m\u00e1tti h\u00fan ekki leyst ver\u00f0a \u00far fj\u00f6trum \u00feessum \u00e1 hv\u00edldardegi?\u201c <a name=\"17\"><span class=\"versanumer_2007\">17<\/span><\/a> \u00deegar Jes\u00fas sag\u00f0i \u00feetta ur\u00f0u allir m\u00f3tst\u00f6\u00f0umenn hans sneyptir en allt f\u00f3lki\u00f0 fagna\u00f0i yfir \u00f6llum \u00feeim d\u00fdr\u00f0arverkum er hann ger\u00f0i. <\/p>\n<h3 class=\"millifyrirsogn_2007\">Hverju er Gu\u00f0s r\u00edki l\u00edkt?<\/h3>\n<p><a name=\"18\"><span class=\"versanumer_2007\">18<\/span><\/a> Jes\u00fas sag\u00f0i n\u00fa: \u201eHverju er Gu\u00f0s r\u00edki l\u00edkt? Vi\u00f0 hva\u00f0 \u00e1 \u00e9g a\u00f0 l\u00edkja \u00fev\u00ed? <a name=\"19\"><span class=\"versanumer_2007\">19<\/span><\/a> L\u00edkt er \u00fea\u00f0 mustar\u00f0skorni sem ma\u00f0ur t\u00f3k og s\u00e1\u00f0i \u00ed jurtagar\u00f0 sinn. \u00dea\u00f0 \u00f3x og var\u00f0 tr\u00e9 og fuglar himins hrei\u00f0ru\u00f0u sig \u00ed greinum \u00feess.\u201c <br \/> <a name=\"20\"><span class=\"versanumer_2007\">20<\/span><\/a> Og aftur sag\u00f0i Jes\u00fas: \u201eVi\u00f0 hva\u00f0 \u00e1 \u00e9g a\u00f0 l\u00edkja Gu\u00f0s r\u00edki? <a name=\"21\"><span class=\"versanumer_2007\">21<\/span><\/a> L\u00edkt er \u00fea\u00f0 s\u00fardeigi er kona t\u00f3k og f\u00f3l \u00ed \u00ferem m\u00e6lum mj\u00f6ls uns \u00fea\u00f0 s\u00fdr\u00f0ist allt.\u201c <\/p>\n<h3 class=\"millifyrirsogn_2007\">A\u00f0 komast inn<\/h3>\n<p><a name=\"22\"><span class=\"versanumer_2007\">22<\/span><\/a> Og Jes\u00fas h\u00e9lt \u00e1fram til Jer\u00fasalem, f\u00f3r um borgir og \u00feorp og kenndi. <a name=\"23\"><span class=\"versanumer_2007\">23<\/span><\/a> Einhver sag\u00f0i vi\u00f0 hann: \u201eDrottinn, eru \u00feeir f\u00e1ir sem h\u00f3lpnir ver\u00f0a?\u201c <br \/>Jes\u00fas sag\u00f0i vi\u00f0 \u00fe\u00e1: <a name=\"24\"><span class=\"versanumer_2007\">24<\/span><\/a> \u201eKosti\u00f0 kapps um a\u00f0 komast inn um \u00fer\u00f6ngu dyrnar \u00fev\u00ed a\u00f0 margir, segi \u00e9g y\u00f0ur, munu reyna a\u00f0 komast inn og ekki geta. <a name=\"25\"><span class=\"versanumer_2007\">25<\/span><\/a> \u00deegar h\u00fasb\u00f3ndinn stendur upp og lokar dyrum og \u00fe\u00e9r taki\u00f0 \u00fe\u00e1 a\u00f0 standa fyrir utan og kn\u00fdja \u00e1 dyr og segja: Herra, lj\u00fak \u00fe\u00fa upp fyrir oss! mun hann svara y\u00f0ur: \u00c9g veit ekki hva\u00f0an \u00fe\u00e9r eru\u00f0. <a name=\"26\"><span class=\"versanumer_2007\">26<\/span><\/a> \u00de\u00e1 munu\u00f0 \u00fe\u00e9r segja: V\u00e9r h\u00f6fum \u00fe\u00f3 eti\u00f0 og drukki\u00f0 me\u00f0 \u00fe\u00e9r og \u00fe\u00fa kenndir \u00e1 g\u00f6tum vorum. <a name=\"27\"><span class=\"versanumer_2007\">27<\/span><\/a> Og hann mun svara: \u00c9g segi y\u00f0ur, \u00e9g veit ekki hva\u00f0an \u00fe\u00e9r eru\u00f0, fari\u00f0 fr\u00e1 m\u00e9r, allir illgj\u00f6r\u00f0amenn! <a name=\"28\"><span class=\"versanumer_2007\">28<\/span><\/a> \u00dear ver\u00f0ur gr\u00e1tur og gn\u00edstran tanna er \u00fe\u00e9r sj\u00e1i\u00f0 Abraham, \u00cdsak og Jakob og alla sp\u00e1mennina \u00ed Gu\u00f0s r\u00edki en y\u00f0ur \u00fat rekin. <a name=\"29\"><span class=\"versanumer_2007\">29<\/span><\/a> \u00de\u00e1 munu menn koma fr\u00e1 austri og vestri, fr\u00e1 nor\u00f0ri og su\u00f0ri og sitja til bor\u00f0s \u00ed Gu\u00f0s r\u00edki. <a name=\"30\"><span class=\"versanumer_2007\">30<\/span><\/a> \u00de\u00e1 geta s\u00ed\u00f0astir or\u00f0i\u00f0 fyrstir og fyrstir s\u00ed\u00f0astir.\u201c <\/p>\n<h3 class=\"millifyrirsogn_2007\">\u00de\u00e9r vildu\u00f0 eigi<\/h3>\n<p><a name=\"31\"><span class=\"versanumer_2007\">31<\/span><\/a> \u00c1 \u00feeirri stundu komu nokkrir far\u00edsear og s\u00f6g\u00f0u vi\u00f0 Jes\u00fa: \u201eFar \u00fe\u00fa og hald \u00e1 brott h\u00e9\u00f0an \u00fev\u00ed a\u00f0 Her\u00f3des vill drepa \u00feig.\u201c <br \/> <a name=\"32\"><span class=\"versanumer_2007\">32<\/span><\/a> Og Jes\u00fas sag\u00f0i vi\u00f0 \u00fe\u00e1: \u201eFari\u00f0 og segi\u00f0 ref \u00feeim: \u00cd dag og \u00e1 morgun rek \u00e9g \u00fat illa anda og l\u00e6kna og \u00e1 \u00feri\u00f0ja degi mun \u00e9g marki n\u00e1. <a name=\"33\"><span class=\"versanumer_2007\">33<\/span><\/a> En m\u00e9r ber a\u00f0 halda \u00e1fram fer\u00f0 minni \u00ed dag og \u00e1 morgun og n\u00e6sta dag \u00fev\u00ed a\u00f0 eigi h\u00e6fir a\u00f0 sp\u00e1ma\u00f0ur b\u00ed\u00f0i dau\u00f0a annars sta\u00f0ar en \u00ed Jer\u00fasalem. <br \/> <a name=\"34\"><span class=\"versanumer_2007\">34<\/span><\/a> Jer\u00fasalem, Jer\u00fasalem! \u00de\u00fa sem l\u00edfl\u00e6tur sp\u00e1mennina og gr\u00fdtir \u00fe\u00e1 sem sendir eru til \u00fe\u00edn! Hversu oft vildi \u00e9g safna b\u00f6rnum \u00fe\u00ednum eins og h\u00e6nan ungum s\u00ednum undir v\u00e6ngi s\u00e9r, og \u00fe\u00e9r vildu\u00f0 eigi. <a name=\"35\"><span class=\"versanumer_2007\">35<\/span><\/a> Gu\u00f0 mun yfirgefa musteri y\u00f0ar og \u00fea\u00f0 ver\u00f0ur lagt \u00ed r\u00fast. \u00c9g segi y\u00f0ur: \u00de\u00e9r munu\u00f0 eigi sj\u00e1 mig fyrr en \u00fear er komi\u00f0 a\u00f0 \u00fe\u00e9r segi\u00f0: Blessa\u00f0ur s\u00e9 s\u00e1 er kemur \u00ed nafni Drottins!\u201c <\/p>\n","protected":false},"excerpt":{"rendered":"<p>Ef \u00fe\u00e9r taki\u00f0 ekki sinnaskiptum 1 \u00cd sama mund komu einhverjir til Jes\u00fa og s\u00f6g\u00f0u honum fr\u00e1 Gal\u00edleum\u00f6nnunum sem P\u00edlatus l\u00e9t drepa er \u00feeir f\u00e6r\u00f0u f\u00f3rnir s\u00ednar svo a\u00f0 bl\u00f3\u00f0 \u00feeirra blanda\u00f0ist f\u00f3rnarbl\u00f3\u00f0inu. 2 Jes\u00fas m\u00e6lti vi\u00f0 \u00fe\u00e1: \u201eHaldi\u00f0 \u00fe\u00e9r a\u00f0 \u00feessir Gal\u00edleumenn hafi veri\u00f0 meiri syndarar en allir a\u00f0rir Gal\u00edleumenn fyrst \u00feeir ur\u00f0u a\u00f0 \u00feola \u00feetta? 3 Nei, segi \u00e9g y\u00f0ur, en ef \u00fe\u00e9r taki\u00f0 ekki sinnaskiptum munu\u00f0 \u00fe\u00e9r allir farast \u00e1 sama h\u00e1tt. 4 E\u00f0a \u00feeir \u00e1tj\u00e1n sem turninn f\u00e9ll yfir \u00ed S\u00edl\u00f3am og var\u00f0 a\u00f0 bana, haldi\u00f0 \u00fe\u00e9r a\u00f0 \u00feeir hafi veri\u00f0 sekari en allir \u00feeir menn <a href=\"https:\/\/biblian.is\/biblian\/lukasargudspjall-13-kafli\/\"> [&#8230;]<\/a><\/p>\n","protected":false},"author":1,"featured_media":0,"parent":0,"menu_order":0,"comment_status":"open","ping_status":"open","template":"bibliukaflar_NT.php","meta":{"footnotes":""},"class_list":["post-2603","page","type-page","status-publish","hentry"],"_links":{"self":[{"href":"https:\/\/biblian.is\/biblian\/wp-json\/wp\/v2\/pages\/2603","targetHints":{"allow":["GET"]}}],"collection":[{"href":"https:\/\/biblian.is\/biblian\/wp-json\/wp\/v2\/pages"}],"about":[{"href":"https:\/\/biblian.is\/biblian\/wp-json\/wp\/v2\/types\/page"}],"author":[{"embeddable":true,"href":"https:\/\/biblian.is\/biblian\/wp-json\/wp\/v2\/users\/1"}],"replies":[{"embeddable":true,"href":"https:\/\/biblian.is\/biblian\/wp-json\/wp\/v2\/comments?post=2603"}],"version-history":[{"count":0,"href":"https:\/\/biblian.is\/biblian\/wp-json\/wp\/v2\/pages\/2603\/revisions"}],"wp:attachment":[{"href":"https:\/\/biblian.is\/biblian\/wp-json\/wp\/v2\/media?parent=2603"}],"curies":[{"name":"wp","href":"https:\/\/api.w.org\/{rel}","templated":true}]}}