{"id":2601,"date":"2017-12-30T21:03:55","date_gmt":"2017-12-30T21:03:55","guid":{"rendered":"http:\/\/biblian.is\/biblian\/l%c2%9ckasargu_spjall-11-kafli\/"},"modified":"2019-08-26T22:41:37","modified_gmt":"2019-08-26T22:41:37","slug":"lukasargudspjall-11-kafli","status":"publish","type":"page","link":"https:\/\/biblian.is\/biblian\/lukasargudspjall-11-kafli\/","title":{"rendered":"L\u00fakasargu\u00f0spjall 11. kafli"},"content":{"rendered":"<h3 class=\"millifyrirsogn_2007\"> Kenndu okkur a\u00f0 bi\u00f0ja<\/h3>\n<p><a name=\"1\"><span class=\"versanumer_2007\">1<\/span><\/a> Svo bar vi\u00f0, er Jes\u00fas var \u00e1 sta\u00f0 einum a\u00f0 bi\u00f0jast fyrir, a\u00f0 einn l\u00e6risveina hans sag\u00f0i vi\u00f0 hann \u00fe\u00e1 er hann lauk b\u00e6n sinni: \u201eDrottinn, kenndu okkur a\u00f0 bi\u00f0ja eins og J\u00f3hannes kenndi l\u00e6risveinum s\u00ednum.\u201c <br \/> <a name=\"2\"><span class=\"versanumer_2007\">2<\/span><\/a> En hann sag\u00f0i vi\u00f0 \u00fe\u00e1: \u201e\u00deegar \u00fe\u00e9r bi\u00f0jist fyrir, \u00fe\u00e1 segi\u00f0: <br \/> <span class=\"ljodatexti\"> Fa\u00f0ir, <br \/>helgist \u00feitt nafn, <br \/>til komi \u00feitt r\u00edki, <br \/> <\/span> <span class=\"ljodatexti\"> <a name=\"3\"><span class=\"versanumer_ljod\">3<\/span><\/a>gef oss hvern dag vort daglegt brau\u00f0. <span class=\"nedan_mal\" title=\" E\u00f0a: brau\u00f0 vort til dagsins \u00e1 morgun.\">[<\/span> <br \/> <\/span> <span class=\"ljodatexti\"> <a name=\"4\"><span class=\"versanumer_ljod\">4<\/span><\/a>Fyrirgef oss vorar syndir <br \/>enda fyrirgefum v\u00e9r \u00f6llum vorum skuldunautum. <br \/>Og eigi lei\u00f0 \u00fe\u00fa oss \u00ed freistni.\u201c <\/span> <\/p>\n<h3 class=\"millifyrirsogn_2007\">Bi\u00f0ji\u00f0 og y\u00f0ur mun gefast<\/h3>\n<p><a name=\"5\"><span class=\"versanumer_2007\">5<\/span><\/a> Og Jes\u00fas sag\u00f0i vi\u00f0 \u00fe\u00e1: \u201eN\u00fa \u00e1 einhver y\u00f0ar vin og fer til hans um mi\u00f0n\u00e6tti og segir vi\u00f0 hann: Vinur, l\u00e1na\u00f0u m\u00e9r \u00ferj\u00fa brau\u00f0 <a name=\"6\"><span class=\"versanumer_2007\">6<\/span><\/a> \u00fev\u00ed a\u00f0 vinur minn er kominn til m\u00edn \u00far fer\u00f0 og \u00e9g hef ekkert a\u00f0 bera \u00e1 bor\u00f0 fyrir hann. <a name=\"7\"><span class=\"versanumer_2007\">7<\/span><\/a> Mundi hinn \u00fe\u00e1 svara inni: Ger m\u00e9r ekki \u00f3n\u00e6\u00f0i. \u00dea\u00f0 er b\u00fai\u00f0 a\u00f0 loka dyrum og b\u00f6rn m\u00edn og \u00e9g komin \u00ed r\u00fami\u00f0. \u00c9g get ekki fari\u00f0 \u00e1 f\u00e6tur a\u00f0 f\u00e1 \u00fe\u00e9r brau\u00f0? <a name=\"8\"><span class=\"versanumer_2007\">8<\/span><\/a> \u00c9g segi y\u00f0ur, \u00fe\u00f3tt hann fari ekki \u00e1 f\u00e6tur og f\u00e1i honum brau\u00f0 vegna vinfengis \u00feeirra, \u00fe\u00e1 fer hann samt fram \u00far sakir \u00e1leitni hans og f\u00e6r honum eins m\u00f6rg og hann \u00fearf. <br \/> <a name=\"9\"><span class=\"versanumer_2007\">9<\/span><\/a> Og \u00e9g segi y\u00f0ur: Bi\u00f0ji\u00f0 og y\u00f0ur mun gefast, leiti\u00f0 og \u00fe\u00e9r munu\u00f0 finna, kn\u00fdi\u00f0 \u00e1 og fyrir y\u00f0ur mun upp loki\u00f0 ver\u00f0a. <a name=\"10\"><span class=\"versanumer_2007\">10<\/span><\/a> \u00dev\u00ed a\u00f0 hver s\u00e1 \u00f6\u00f0last sem bi\u00f0ur, s\u00e1 finnur sem leitar og fyrir \u00feeim sem \u00e1 kn\u00fdr mun upp loki\u00f0 ver\u00f0a. <a name=\"11\"><span class=\"versanumer_2007\">11<\/span><\/a> Er nokkur s\u00e1 fa\u00f0ir y\u00f0ar \u00e1 me\u00f0al sem g\u00e6fi barni s\u00ednu h\u00f6ggorm ef \u00fea\u00f0 bi\u00f0ur um fisk <a name=\"12\"><span class=\"versanumer_2007\">12<\/span><\/a> e\u00f0a spor\u00f0dreka ef \u00fea\u00f0 bi\u00f0ur um egg? <a name=\"13\"><span class=\"versanumer_2007\">13<\/span><\/a> Fyrst \u00fe\u00e9r, sem eru\u00f0 vondir, hafi\u00f0 vit \u00e1 a\u00f0 gefa b\u00f6rnum y\u00f0ar g\u00f3\u00f0ar gjafir, hve miklu fremur mun \u00fe\u00e1 fa\u00f0irinn himneski gefa \u00feeim heilagan anda sem bi\u00f0ja hann.\u201c <\/p>\n<h3 class=\"millifyrirsogn_2007\">Gu\u00f0s r\u00edki komi\u00f0<\/h3>\n<p><a name=\"14\"><span class=\"versanumer_2007\">14<\/span><\/a> Jes\u00fas var a\u00f0 reka \u00fat illan anda og var s\u00e1 m\u00e1llaus. \u00deegar illi andinn var farinn \u00fat t\u00f3k m\u00e1lleysinginn a\u00f0 m\u00e6la og undra\u00f0ist mannfj\u00f6ldinn. <a name=\"15\"><span class=\"versanumer_2007\">15<\/span><\/a> En sumir \u00feeirra s\u00f6g\u00f0u: \u201eMe\u00f0 fulltingi Beelseb\u00fals, h\u00f6f\u00f0ingja illra anda, rekur hann \u00fat illu andana.\u201c <a name=\"16\"><span class=\"versanumer_2007\">16<\/span><\/a> En a\u00f0rir vildu freista hans og kr\u00f6f\u00f0u hann um t\u00e1kn af himni. <br \/> <a name=\"17\"><span class=\"versanumer_2007\">17<\/span><\/a> En Jes\u00fas vissi hugrenningar \u00feeirra og sag\u00f0i: \u201eHvert \u00fea\u00f0 r\u00edki, sem er sj\u00e1lfu s\u00e9r sundur\u00feykkt, leggst \u00ed au\u00f0n, og h\u00fas fellur \u00e1 h\u00fas. <a name=\"18\"><span class=\"versanumer_2007\">18<\/span><\/a> S\u00e9 n\u00fa Satan sj\u00e1lfum s\u00e9r sundur\u00feykkur, hvernig f\u00e6r r\u00edki hans \u00fe\u00e1 sta\u00f0ist &#8211; fyrst \u00fe\u00e9r segi\u00f0 a\u00f0 \u00e9g reki illu andana \u00fat me\u00f0 fulltingi Beelseb\u00fals? <a name=\"19\"><span class=\"versanumer_2007\">19<\/span><\/a> En reki \u00e9g illu andana \u00fat me\u00f0 fulltingi Beelseb\u00fals, me\u00f0 hverju reka \u00fe\u00e1 y\u00f0ar menn \u00fe\u00e1 \u00fat? \u00dev\u00ed skulu \u00feeir vera d\u00f3marar y\u00f0ar. <a name=\"20\"><span class=\"versanumer_2007\">20<\/span><\/a> En ef \u00e9g rek illu andana \u00fat me\u00f0 fingri Gu\u00f0s, \u00fe\u00e1 er Gu\u00f0s r\u00edki \u00feegar yfir y\u00f0ur komi\u00f0. <br \/> <a name=\"21\"><span class=\"versanumer_2007\">21<\/span><\/a> \u00deegar sterkur ma\u00f0ur, alvopna\u00f0ur, var\u00f0veitir h\u00fas sitt, \u00fe\u00e1 er allt \u00ed fri\u00f0i sem hann \u00e1 <a name=\"22\"><span class=\"versanumer_2007\">22<\/span><\/a> en r\u00e1\u00f0ist annar honum sterkari \u00e1 hann og sigri hann tekur s\u00e1 alv\u00e6pni hans er hann treysti \u00e1 og skiptir herfanginu. <br \/> <a name=\"23\"><span class=\"versanumer_2007\">23<\/span><\/a> Hver sem er ekki me\u00f0 m\u00e9r er \u00e1 m\u00f3ti m\u00e9r, og hver sem safnar ekki saman me\u00f0 m\u00e9r, hann sundurdreifir. <\/p>\n<h3 class=\"millifyrirsogn_2007\">S\u00e6lir \u00feeir sem heyra Gu\u00f0s or\u00f0<\/h3>\n<p><a name=\"24\"><span class=\"versanumer_2007\">24<\/span><\/a> \u00deegar \u00f3hreinn andi fer \u00fat af manni reikar hann um ey\u00f0ihrj\u00f3stur og leitar h\u00e6lis. Og er hann finnur \u00fea\u00f0 ekki segir hann: \u00c9g vil hverfa aftur \u00ed h\u00fas mitt, \u00fea\u00f0an sem \u00e9g f\u00f3r. <a name=\"25\"><span class=\"versanumer_2007\">25<\/span><\/a> Og er hann kemur og finnur \u00fea\u00f0 s\u00f3pa\u00f0 og pr\u00fdtt <a name=\"26\"><span class=\"versanumer_2007\">26<\/span><\/a> fer hann og tekur me\u00f0 s\u00e9r sj\u00f6 a\u00f0ra anda s\u00e9r verri og \u00feeir fara inn og setjast \u00fear a\u00f0 og ver\u00f0ur svo hlutur \u00feess manns verri eftir en \u00e1\u00f0ur.\u201c <br \/> <a name=\"27\"><span class=\"versanumer_2007\">27<\/span><\/a> Er Jes\u00fas m\u00e6lti \u00feetta h\u00f3f kona ein \u00ed mannfj\u00f6ldanum upp r\u00f6dd s\u00edna og sag\u00f0i vi\u00f0 hann: \u201eS\u00e6ll er s\u00e1 kvi\u00f0ur er \u00feig bar og \u00feau brj\u00f3st er \u00fe\u00fa mylktir.\u201c <br \/> <a name=\"28\"><span class=\"versanumer_2007\">28<\/span><\/a> Jes\u00fas svara\u00f0i: \u201eJ\u00e1, \u00fev\u00ed s\u00e6lir eru \u00feeir sem heyra Gu\u00f0s or\u00f0 og var\u00f0veita \u00fea\u00f0.\u201c <\/p>\n<h3 class=\"millifyrirsogn_2007\">H\u00e9r er meira<\/h3>\n<p><a name=\"29\"><span class=\"versanumer_2007\">29<\/span><\/a> \u00deegar f\u00f3lki\u00f0 \u00feyrptist \u00fear a\u00f0 t\u00f3k Jes\u00fas svo til or\u00f0a: \u201e\u00deessi kynsl\u00f3\u00f0 er vond kynsl\u00f3\u00f0. H\u00fan heimtar t\u00e1kn en eigi ver\u00f0ur henni anna\u00f0 t\u00e1kn gefi\u00f0 en t\u00e1kn J\u00f3nasar. <a name=\"30\"><span class=\"versanumer_2007\">30<\/span><\/a> \u00dev\u00ed J\u00f3nas var\u00f0 N\u00edn\u00edvem\u00f6nnum t\u00e1kn og eins mun Mannssonurinn ver\u00f0a \u00feessari kynsl\u00f3\u00f0. <a name=\"31\"><span class=\"versanumer_2007\">31<\/span><\/a> Drottning Su\u00f0urlanda mun r\u00edsa upp \u00ed d\u00f3minum \u00e1samt m\u00f6nnum \u00feessarar kynsl\u00f3\u00f0ar og sakfella \u00fe\u00e1 \u00fev\u00ed a\u00f0 h\u00fan kom fr\u00e1 endim\u00f6rkum jar\u00f0ar a\u00f0 heyra speki Sal\u00f3mons og h\u00e9r er meira en Sal\u00f3mon. <a name=\"32\"><span class=\"versanumer_2007\">32<\/span><\/a> N\u00edn\u00edvemenn munu koma fram \u00ed d\u00f3minum \u00e1samt kynsl\u00f3\u00f0 \u00feessari og sakfella hana \u00fev\u00ed a\u00f0 \u00feeir t\u00f3ku sinnaskiptum vi\u00f0 pr\u00e9dikun J\u00f3nasar og h\u00e9r er meira en J\u00f3nas.\u201c <\/p>\n<h3 class=\"millifyrirsogn_2007\">Auga\u00f0 er lampi l\u00edkamans<\/h3>\n<p><a name=\"33\"><span class=\"versanumer_2007\">33<\/span><\/a> Enn sag\u00f0i Jes\u00fas: \u201eEnginn kveikir lj\u00f3s og setur \u00fea\u00f0 \u00ed felur n\u00e9 undir m\u00e6liker heldur \u00e1 lj\u00f3sastiku svo a\u00f0 \u00feeir sem inn koma sj\u00e1i lj\u00f3si\u00f0. <a name=\"34\"><span class=\"versanumer_2007\">34<\/span><\/a> Auga \u00feitt er lampi l\u00edkamans. <br \/>\u00deegar auga \u00feitt er heilt \u00fe\u00e1 er og allur l\u00edkami \u00feinn bjartur en s\u00e9 \u00fea\u00f0 spillt \u00fe\u00e1 er og l\u00edkami \u00feinn dimmur. <a name=\"35\"><span class=\"versanumer_2007\">35<\/span><\/a> G\u00e6t \u00fev\u00ed \u00feess a\u00f0 lj\u00f3si\u00f0 \u00ed \u00fe\u00e9r s\u00e9 ekki myrkur. <a name=\"36\"><span class=\"versanumer_2007\">36<\/span><\/a> S\u00e9 \u00fev\u00ed l\u00edkami \u00feinn allur bjartur og hvergi myrkur \u00ed honum ver\u00f0ur hann allur \u00ed birtu eins og \u00feegar lampi l\u00fdsir \u00e1 \u00feig me\u00f0 loga s\u00ednum.\u201c <\/p>\n<h3 class=\"millifyrirsogn_2007\">Hi\u00f0 ytra og innra<\/h3>\n<p><a name=\"37\"><span class=\"versanumer_2007\">37<\/span><\/a> \u00de\u00e1 er Jes\u00fas haf\u00f0i \u00feetta m\u00e6lt bau\u00f0 far\u00edsei nokkur honum til dagver\u00f0ar hj\u00e1 s\u00e9r. Jes\u00fas kom og settist til bor\u00f0s. <a name=\"38\"><span class=\"versanumer_2007\">38<\/span><\/a> Far\u00edseinn s\u00e1 a\u00f0 hann \u00fevo\u00f0i ekki hendur s\u00ednar \u00e1 undan m\u00e1lt\u00ed\u00f0inni og fur\u00f0a\u00f0i hann \u00e1 \u00fev\u00ed. <a name=\"39\"><span class=\"versanumer_2007\">39<\/span><\/a> Drottinn sag\u00f0i \u00fe\u00e1 vi\u00f0 hann: \u201e\u00de\u00e9r far\u00edsear, \u00fe\u00e9r hreinsi\u00f0 bikarinn og fati\u00f0 utan en hi\u00f0 innra eru\u00f0 \u00fe\u00e9r fullir yfirgangs og illsku. <a name=\"40\"><span class=\"versanumer_2007\">40<\/span><\/a> \u00de\u00e9r heimskingjar, hefur s\u00e1 sem ger\u00f0i hi\u00f0 ytra ekki einnig gert hi\u00f0 innra? <a name=\"41\"><span class=\"versanumer_2007\">41<\/span><\/a> En gefi\u00f0 f\u00e1t\u00e6kum \u00fea\u00f0 sem \u00ed er l\u00e1ti\u00f0 og \u00fe\u00e1 er allt y\u00f0ur hreint. <br \/> <a name=\"42\"><span class=\"versanumer_2007\">42<\/span><\/a> En vei y\u00f0ur, \u00fe\u00e9r far\u00edsear! \u00de\u00e9r gjaldi\u00f0 t\u00edund af myntu og r\u00fa\u00f0u<span class=\"nedan_mal\" title=\"R\u00fa\u00f0a, kryddjurt sem ekki var skylt a\u00f0 gjalda t\u00edund af. Sj\u00e1 3M\u00f3s 27.30; 3M\u00f3s 14.22nn.\">[<\/span> og alls kyns matjurtum en hir\u00f0i\u00f0 ekki um r\u00e9ttl\u00e6ti\u00f0 og k\u00e6rleikann til Gu\u00f0s. \u00deetta ber a\u00f0 gera og hitt eigi \u00f3gert a\u00f0 l\u00e1ta. <a name=\"43\"><span class=\"versanumer_2007\">43<\/span><\/a> Vei y\u00f0ur, \u00fe\u00e9r far\u00edsear! Y\u00f0ur er lj\u00faft a\u00f0 skipa \u00e6\u00f0sta bekk \u00ed samkundum og l\u00e1ta heilsa y\u00f0ur \u00e1 torgum. <a name=\"44\"><span class=\"versanumer_2007\">44<\/span><\/a> Vei y\u00f0ur, \u00fev\u00ed \u00fe\u00e9r eru\u00f0 eins og duldar grafir sem menn ganga yfir \u00e1n \u00feess a\u00f0 vita.\u201c <br \/> <a name=\"45\"><span class=\"versanumer_2007\">45<\/span><\/a> \u00de\u00e1 t\u00f3k l\u00f6gvitringur einn til or\u00f0a: \u201eMeistari, \u00fe\u00fa mei\u00f0ir okkur l\u00edka me\u00f0 \u00fev\u00ed sem \u00fe\u00fa segir.\u201c <br \/> <a name=\"46\"><span class=\"versanumer_2007\">46<\/span><\/a> En Jes\u00fas m\u00e6lti: \u201eVei y\u00f0ur l\u00edka, \u00fe\u00e9r l\u00f6gvitringar! \u00de\u00e9r leggi\u00f0 \u00e1 menn l\u00edtt b\u00e6rar byr\u00f0ar og sj\u00e1lfir snerti\u00f0 \u00fe\u00e9r ekki byr\u00f0arnar einum fingri. <a name=\"47\"><span class=\"versanumer_2007\">47<\/span><\/a> Vei y\u00f0ur! \u00de\u00e9r hla\u00f0i\u00f0 upp grafir sp\u00e1mannanna sem fe\u00f0ur y\u00f0ar l\u00edfl\u00e9tu. <a name=\"48\"><span class=\"versanumer_2007\">48<\/span><\/a> \u00deannig beri\u00f0 \u00fe\u00e9r vitni um athafnir fe\u00f0ra y\u00f0ar og sam\u00feykki\u00f0 \u00fe\u00e6r. \u00deeir l\u00edfl\u00e9tu \u00fe\u00e1 en \u00fe\u00e9r hla\u00f0i\u00f0 upp grafirnar. <a name=\"49\"><span class=\"versanumer_2007\">49<\/span><\/a> \u00deess vegna hefur og speki Gu\u00f0s sagt: \u00c9g mun senda \u00feeim sp\u00e1menn og postula og suma \u00feeirra munu \u00feeir l\u00edfl\u00e1ta og ofs\u00e6kja. <a name=\"50\"><span class=\"versanumer_2007\">50<\/span><\/a> \u00deannig ver\u00f0ur kynsl\u00f3\u00f0 \u00feessi krafin um bl\u00f3\u00f0 allra sp\u00e1mannanna, er \u00fathellt hefur veri\u00f0 fr\u00e1 grundv\u00f6llun heims, <a name=\"51\"><span class=\"versanumer_2007\">51<\/span><\/a> fr\u00e1 bl\u00f3\u00f0i Abels til bl\u00f3\u00f0s Sakar\u00eda sem drepinn var milli altarisins og musterisins. J\u00e1, segi \u00e9g y\u00f0ur, \u00feessi kynsl\u00f3\u00f0 ver\u00f0ur l\u00e1tin gjalda fyrir \u00fea\u00f0. <br \/> <a name=\"52\"><span class=\"versanumer_2007\">52<\/span><\/a> Vei y\u00f0ur, \u00fe\u00e9r l\u00f6gvitringar! \u00de\u00e9r hafi\u00f0 hrifsa\u00f0 til y\u00f0ar lykil viskunnar. Sj\u00e1lfir hafi\u00f0 \u00fe\u00e9r ekki gengi\u00f0 inn og \u00feeim hafi\u00f0 \u00fe\u00e9r varna\u00f0 sem inn vildu ganga.\u201c <br \/> <a name=\"53\"><span class=\"versanumer_2007\">53<\/span><\/a> Og er Jes\u00fas var farinn \u00fat \u00fea\u00f0an t\u00f3ku fr\u00e6\u00f0imenn og far\u00edsear a\u00f0 ganga hart a\u00f0 honum og spyrja hann \u00ed \u00feaula um margt <a name=\"54\"><span class=\"versanumer_2007\">54<\/span><\/a> og sitja um a\u00f0 vei\u00f0a eitthva\u00f0 af v\u00f6rum hans. <\/p>\n","protected":false},"excerpt":{"rendered":"<p>Kenndu okkur a\u00f0 bi\u00f0ja 1 Svo bar vi\u00f0, er Jes\u00fas var \u00e1 sta\u00f0 einum a\u00f0 bi\u00f0jast fyrir, a\u00f0 einn l\u00e6risveina hans sag\u00f0i vi\u00f0 hann \u00fe\u00e1 er hann lauk b\u00e6n sinni: \u201eDrottinn, kenndu okkur a\u00f0 bi\u00f0ja eins og J\u00f3hannes kenndi l\u00e6risveinum s\u00ednum.\u201c 2 En hann sag\u00f0i vi\u00f0 \u00fe\u00e1: \u201e\u00deegar \u00fe\u00e9r bi\u00f0jist fyrir, \u00fe\u00e1 segi\u00f0: Fa\u00f0ir, helgist \u00feitt nafn, til komi \u00feitt r\u00edki, 3gef oss hvern dag vort daglegt brau\u00f0. [ 4Fyrirgef oss vorar syndir enda fyrirgefum v\u00e9r \u00f6llum vorum skuldunautum. Og eigi lei\u00f0 \u00fe\u00fa oss \u00ed freistni.\u201c Bi\u00f0ji\u00f0 og y\u00f0ur mun gefast 5 Og Jes\u00fas sag\u00f0i vi\u00f0 \u00fe\u00e1: \u201eN\u00fa \u00e1 einhver <a href=\"https:\/\/biblian.is\/biblian\/lukasargudspjall-11-kafli\/\"> [&#8230;]<\/a><\/p>\n","protected":false},"author":1,"featured_media":0,"parent":0,"menu_order":0,"comment_status":"open","ping_status":"open","template":"bibliukaflar_NT.php","meta":{"footnotes":""},"class_list":["post-2601","page","type-page","status-publish","hentry"],"_links":{"self":[{"href":"https:\/\/biblian.is\/biblian\/wp-json\/wp\/v2\/pages\/2601","targetHints":{"allow":["GET"]}}],"collection":[{"href":"https:\/\/biblian.is\/biblian\/wp-json\/wp\/v2\/pages"}],"about":[{"href":"https:\/\/biblian.is\/biblian\/wp-json\/wp\/v2\/types\/page"}],"author":[{"embeddable":true,"href":"https:\/\/biblian.is\/biblian\/wp-json\/wp\/v2\/users\/1"}],"replies":[{"embeddable":true,"href":"https:\/\/biblian.is\/biblian\/wp-json\/wp\/v2\/comments?post=2601"}],"version-history":[{"count":0,"href":"https:\/\/biblian.is\/biblian\/wp-json\/wp\/v2\/pages\/2601\/revisions"}],"wp:attachment":[{"href":"https:\/\/biblian.is\/biblian\/wp-json\/wp\/v2\/media?parent=2601"}],"curies":[{"name":"wp","href":"https:\/\/api.w.org\/{rel}","templated":true}]}}