{"id":2595,"date":"2017-12-30T21:03:50","date_gmt":"2017-12-30T21:03:50","guid":{"rendered":"http:\/\/biblian.is\/biblian\/l%c2%9ckasargu_spjall-5-kafli\/"},"modified":"2019-08-26T22:41:42","modified_gmt":"2019-08-26T22:41:42","slug":"lukasargudspjall-5-kafli","status":"publish","type":"page","link":"https:\/\/biblian.is\/biblian\/lukasargudspjall-5-kafli\/","title":{"rendered":"L\u00fakasargu\u00f0spjall 5. kafli"},"content":{"rendered":"<h3 class=\"millifyrirsogn_2007\"> Fiskidr\u00e1ttur P\u00e9turs<\/h3>\n<p><a name=\"1\"><span class=\"versanumer_2007\">1<\/span><\/a> N\u00fa bar svo til a\u00f0 Jes\u00fas st\u00f3\u00f0 vi\u00f0 Genesaretvatn og mannfj\u00f6ldinn \u00ferengdist a\u00f0 honum til a\u00f0 hl\u00fd\u00f0a \u00e1 Gu\u00f0s or\u00f0. <a name=\"2\"><span class=\"versanumer_2007\">2<\/span><\/a> \u00de\u00e1 s\u00e1 hann tvo b\u00e1ta vi\u00f0 vatni\u00f0 en fiskimennirnir voru farnir \u00ed land og \u00fevo\u00f0u net s\u00edn. <a name=\"3\"><span class=\"versanumer_2007\">3<\/span><\/a> Hann f\u00f3r \u00fat \u00ed \u00feann b\u00e1tinn er S\u00edmon \u00e1tti og ba\u00f0 hann a\u00f0 leggja l\u00edti\u00f0 eitt fr\u00e1 landi, settist og t\u00f3k a\u00f0 kenna mannfj\u00f6ldanum \u00far b\u00e1tnum. <br \/> <a name=\"4\"><span class=\"versanumer_2007\">4<\/span><\/a> \u00deegar hann haf\u00f0i loki\u00f0 r\u00e6\u00f0u sinni sag\u00f0i hann vi\u00f0 S\u00edmon: \u201eLegg \u00fe\u00fa \u00fat \u00e1 dj\u00fapi\u00f0 og leggi\u00f0 net ykkar til fiskjar.\u201c <br \/> <a name=\"5\"><span class=\"versanumer_2007\">5<\/span><\/a> S\u00edmon svara\u00f0i: \u201eMeistari, vi\u00f0 h\u00f6fum strita\u00f0 \u00ed alla n\u00f3tt og ekkert fengi\u00f0 en fyrst \u00fe\u00fa segir \u00fea\u00f0 skal \u00e9g leggja netin.\u201c <a name=\"6\"><span class=\"versanumer_2007\">6<\/span><\/a> N\u00fa ger\u00f0u \u00feeir svo og fengu \u00feeir \u00fe\u00e1 mikinn fj\u00f6lda fiska en net \u00feeirra t\u00f3ku a\u00f0 rifna. <a name=\"7\"><span class=\"versanumer_2007\">7<\/span><\/a> Bentu \u00feeir \u00fe\u00e1 f\u00e9l\u00f6gum s\u00ednum \u00e1 hinum b\u00e1tnum a\u00f0 koma og hj\u00e1lpa s\u00e9r. \u00deeir komu og hl\u00f3\u00f0u b\u00e1\u00f0a b\u00e1tana svo a\u00f0 n\u00e6r voru sokknir. <br \/> <a name=\"8\"><span class=\"versanumer_2007\">8<\/span><\/a> \u00deegar S\u00edmon P\u00e9tur s\u00e1 \u00feetta f\u00e9ll hann \u00e1 kn\u00e9 frammi fyrir Jes\u00fa og sag\u00f0i: \u201eFar \u00fe\u00fa fr\u00e1 m\u00e9r, Drottinn, \u00fev\u00ed a\u00f0 \u00e9g er syndugur ma\u00f0ur.\u201c <a name=\"9\"><span class=\"versanumer_2007\">9<\/span><\/a> En felmtur kom \u00e1 hann og alla \u00fe\u00e1 sem me\u00f0 honum voru vegna fiskaflans er \u00feeir h\u00f6f\u00f0u fengi\u00f0. <a name=\"10\"><span class=\"versanumer_2007\">10<\/span><\/a> Eins var um Jakob og J\u00f3hannes Sebedeussyni, f\u00e9laga S\u00edmonar. Jes\u00fas sag\u00f0i \u00fe\u00e1 vi\u00f0 S\u00edmon: \u201e\u00d3ttast \u00fe\u00fa ekki, h\u00e9\u00f0an \u00ed fr\u00e1 skalt \u00fe\u00fa menn vei\u00f0a.\u201c <br \/> <a name=\"11\"><span class=\"versanumer_2007\">11<\/span><\/a> Og \u00feeir l\u00f6g\u00f0u b\u00e1tunum a\u00f0 landi, yfirg\u00e1fu allt og fylgdu honum. <\/p>\n<h3 class=\"millifyrirsogn_2007\">Jes\u00fas l\u00e6knar l\u00edk\u00fer\u00e1an<\/h3>\n<p><a name=\"12\"><span class=\"versanumer_2007\">12<\/span><\/a> Svo bar vi\u00f0, er Jes\u00fas var \u00ed einni borginni, a\u00f0 \u00fear var ma\u00f0ur altekinn l\u00edk\u00fer\u00e1. Hann s\u00e1 Jes\u00fa, f\u00e9ll fram fyrir honum og ba\u00f0 hann: \u201eDrottinn, ef \u00fe\u00fa vilt getur \u00fe\u00fa hreinsa\u00f0 mig.\u201c<span class=\"nedan_mal\" title=\" L\u00edk\u00fer\u00e1ir e\u00f0a holdsveikir menn voru \u00fatiloka\u00f0ir fr\u00e1 mannlegu samf\u00e9lagi og \u00f6llu helgihaldi \u00ed musterinu og samkundum vegna sj\u00fakd\u00f3ms s\u00edns.\">[<\/span> <br \/> <a name=\"13\"><span class=\"versanumer_2007\">13<\/span><\/a> Jes\u00fas r\u00e9tti \u00fat h\u00f6ndina, snart hann og m\u00e6lti: \u201e\u00c9g vil, ver\u00f0 \u00fe\u00fa hreinn!\u201c Jafnskj\u00f3tt hvarf af honum l\u00edk\u00fer\u00e1in. <a name=\"14\"><span class=\"versanumer_2007\">14<\/span><\/a> Og hann bau\u00f0 honum a\u00f0 segja \u00feetta engum. \u201eEn far \u00fe\u00fa,\u201c sag\u00f0i hann, \u201es\u00fdn \u00feig prestinum og f\u00f3rna fyrir hreinsun \u00fe\u00edna eins og M\u00f3se bau\u00f0, \u00feeim til vitnisbur\u00f0ar.\u201c <br \/> <a name=\"15\"><span class=\"versanumer_2007\">15<\/span><\/a> En fregnin um Jes\u00fa breiddist \u00fat \u00fev\u00ed meir og menn komu h\u00f3pum saman til a\u00f0 hl\u00fd\u00f0a \u00e1 hann og l\u00e6knast af meinum s\u00ednum. <a name=\"16\"><span class=\"versanumer_2007\">16<\/span><\/a> En Jes\u00fas dr\u00f3 sig \u00ed hl\u00e9 og f\u00f3r til \u00f3bygg\u00f0ra sta\u00f0a og ba\u00f0st \u00fear fyrir. <\/p>\n<h3 class=\"millifyrirsogn_2007\">Jes\u00fas l\u00e6knar lama mann<\/h3>\n<p><a name=\"17\"><span class=\"versanumer_2007\">17<\/span><\/a> Dag nokkurn var Jes\u00fas a\u00f0 kenna. \u00dear s\u00e1tu far\u00edsear og l\u00f6gm\u00e1lskennendur, komnir \u00far hverju \u00feorpi \u00ed Gal\u00edleu og J\u00fadeu og fr\u00e1 Jer\u00fasalem, og kraftur Drottins var me\u00f0 honum til a\u00f0 l\u00e6kna. <a name=\"18\"><span class=\"versanumer_2007\">18<\/span><\/a> Komu \u00fe\u00e1 menn me\u00f0 lama mann \u00ed rekkju og reyndu a\u00f0 bera hann inn og leggja hann fyrir framan Jes\u00fa. <a name=\"19\"><span class=\"versanumer_2007\">19<\/span><\/a> En vegna mannfj\u00f6ldans s\u00e1u \u00feeir engin r\u00e1\u00f0 til a\u00f0 komast inn me\u00f0 hann og f\u00f3ru \u00fev\u00ed upp \u00e1 \u00feak og l\u00e9tu hann s\u00edga \u00ed rekkjunni ni\u00f0ur um hellu\u00feekjuna beint fram fyrir Jes\u00fa. <a name=\"20\"><span class=\"versanumer_2007\">20<\/span><\/a> Og er Jes\u00fas s\u00e1 tr\u00fa \u00feeirra sag\u00f0i hann: \u201eMa\u00f0ur, syndir \u00fe\u00ednar eru \u00fe\u00e9r fyrirgefnar.\u201c <br \/> <a name=\"21\"><span class=\"versanumer_2007\">21<\/span><\/a> \u00de\u00e1 t\u00f3ku fr\u00e6\u00f0imennirnir og far\u00edsearnir a\u00f0 hugsa me\u00f0 s\u00e9r: \u201eHver er s\u00e1 er fer me\u00f0 sl\u00edka gu\u00f0l\u00f6stun? Hver getur fyrirgefi\u00f0 syndir nema Gu\u00f0 einn?\u201c <br \/> <a name=\"22\"><span class=\"versanumer_2007\">22<\/span><\/a> En Jes\u00fas skynja\u00f0i gj\u00f6rla hugsanir \u00feeirra og sag\u00f0i vi\u00f0 \u00fe\u00e1: \u201eHva\u00f0 hugsi\u00f0 \u00fei\u00f0 \u00ed hj\u00f6rtum ykkar? <a name=\"23\"><span class=\"versanumer_2007\">23<\/span><\/a> Hvort er au\u00f0veldara a\u00f0 segja: Syndir \u00fe\u00ednar eru \u00fe\u00e9r fyrirgefnar, e\u00f0a segja: Statt upp og gakk? <a name=\"24\"><span class=\"versanumer_2007\">24<\/span><\/a> En til \u00feess a\u00f0 \u00fei\u00f0 viti\u00f0 a\u00f0 Mannssonurinn hefur vald \u00e1 j\u00f6r\u00f0u til a\u00f0 fyrirgefa syndir, \u00fe\u00e1 segi \u00e9g \u00fe\u00e9r,\u201c &#8211; og n\u00fa talar hann vi\u00f0 lama manninn: \u201eStatt upp, tak rekkju \u00fe\u00edna og far heim til \u00fe\u00edn.\u201c <br \/> <a name=\"25\"><span class=\"versanumer_2007\">25<\/span><\/a> Jafnskj\u00f3tt st\u00f3\u00f0 ma\u00f0urinn upp frammi fyrir \u00feeim, t\u00f3k \u00fea\u00f0 sem hann haf\u00f0i legi\u00f0 \u00e1, f\u00f3r heim til s\u00edn og lofa\u00f0i Gu\u00f0. <a name=\"26\"><span class=\"versanumer_2007\">26<\/span><\/a> En allir voru fur\u00f0u lostnir og lofu\u00f0u Gu\u00f0. Og \u00feeir ur\u00f0u \u00f3ttaslegnir og s\u00f6g\u00f0u: \u201e\u00d3skiljanlegt er \u00fea\u00f0 sem vi\u00f0 h\u00f6fum s\u00e9\u00f0 \u00ed dag.\u201c <\/p>\n<h3 class=\"millifyrirsogn_2007\">K\u00f6llun Lev\u00ed<\/h3>\n<p><a name=\"27\"><span class=\"versanumer_2007\">27<\/span><\/a> Eftir \u00feetta f\u00f3r Jes\u00fas \u00fat. \u00de\u00e1 s\u00e1 hann tollheimtumann, Lev\u00ed a\u00f0 nafni, sitja hj\u00e1 tollb\u00fa\u00f0inni og sag\u00f0i vi\u00f0 hann: \u201eFylg \u00fe\u00fa m\u00e9r!\u201c <a name=\"28\"><span class=\"versanumer_2007\">28<\/span><\/a> Og hann st\u00f3\u00f0 upp, yfirgaf allt og fylgdi honum. <br \/> <a name=\"29\"><span class=\"versanumer_2007\">29<\/span><\/a> Lev\u00ed bj\u00f3 honum veislu mikla \u00ed h\u00fasi s\u00ednu og \u00fear sat a\u00f0 bor\u00f0i me\u00f0 \u00feeim mikill fj\u00f6ldi tollheimtumanna og annarra. <a name=\"30\"><span class=\"versanumer_2007\">30<\/span><\/a> En far\u00edsearnir og fr\u00e6\u00f0imenn \u00feeirra v\u00f6ndu\u00f0u um vi\u00f0 l\u00e6risveina hans og s\u00f6g\u00f0u: \u201eHvers vegna eti\u00f0 \u00fei\u00f0 og drekki\u00f0 me\u00f0 tollheimtum\u00f6nnum og bersyndugum?\u201c <br \/> <a name=\"31\"><span class=\"versanumer_2007\">31<\/span><\/a> Og Jes\u00fas svara\u00f0i \u00feeim: \u201eEkki \u00feurfa heilbrig\u00f0ir l\u00e6knis vi\u00f0 heldur \u00feeir sem sj\u00fakir eru. <a name=\"32\"><span class=\"versanumer_2007\">32<\/span><\/a> \u00c9g er ekki kominn til a\u00f0 kalla r\u00e9ttl\u00e1ta til afturhvarfs heldur syndara.\u201c <\/p>\n<h3 class=\"millifyrirsogn_2007\">Um f\u00f6stu<\/h3>\n<p><a name=\"33\"><span class=\"versanumer_2007\">33<\/span><\/a> En far\u00edsearnir og fr\u00e6\u00f0imennirnir s\u00f6g\u00f0u vi\u00f0 Jes\u00fa: \u201eL\u00e6risveinar J\u00f3hannesar fasta oft og fara me\u00f0 b\u00e6nir og eins l\u00e6risveinar okkar en \u00fe\u00ednir eta og drekka.\u201c <br \/> <a name=\"34\"><span class=\"versanumer_2007\">34<\/span><\/a> Jes\u00fas sag\u00f0i vi\u00f0 \u00fe\u00e1: \u201eHvort geti\u00f0 \u00fei\u00f0 \u00e6tla\u00f0 br\u00fa\u00f0kaupsgestum a\u00f0 fasta me\u00f0an br\u00fa\u00f0guminn er hj\u00e1 \u00feeim? <a name=\"35\"><span class=\"versanumer_2007\">35<\/span><\/a> En koma munu \u00feeir dagar er br\u00fa\u00f0guminn ver\u00f0ur fr\u00e1 \u00feeim tekinn, \u00fe\u00e1 munu \u00feeir fasta \u00e1 \u00feeim d\u00f6gum.\u201c <br \/> <a name=\"36\"><span class=\"versanumer_2007\">36<\/span><\/a> Jes\u00fas sag\u00f0i \u00feeim einnig l\u00edkingu: \u201eEnginn r\u00edfur b\u00f3t af n\u00fdju fati og l\u00e6tur \u00e1 gamalt fat \u00fev\u00ed a\u00f0 b\u00e6\u00f0i r\u00edfur hann \u00fe\u00e1 n\u00fdja fati\u00f0 og b\u00f3tin af \u00fev\u00ed h\u00e6fir ekki hinu gamla. <a name=\"37\"><span class=\"versanumer_2007\">37<\/span><\/a> Og enginn l\u00e6tur n\u00fdtt v\u00edn \u00e1 gamla belgi \u00fev\u00ed \u00fe\u00e1 sprengir n\u00fdja v\u00edni\u00f0 belgina og fer ni\u00f0ur en belgirnir \u00f3n\u00fdtast. <a name=\"38\"><span class=\"versanumer_2007\">38<\/span><\/a> N\u00fdtt v\u00edn ber a\u00f0 l\u00e1ta \u00e1 n\u00fdja belgi. <a name=\"39\"><span class=\"versanumer_2007\">39<\/span><\/a> Og enginn, sem drukki\u00f0 hefur gamalt v\u00edn, vill n\u00fdtt \u00fev\u00ed a\u00f0 hann segir: Hi\u00f0 gamla er gott.\u201c <\/p>\n","protected":false},"excerpt":{"rendered":"<p>Fiskidr\u00e1ttur P\u00e9turs 1 N\u00fa bar svo til a\u00f0 Jes\u00fas st\u00f3\u00f0 vi\u00f0 Genesaretvatn og mannfj\u00f6ldinn \u00ferengdist a\u00f0 honum til a\u00f0 hl\u00fd\u00f0a \u00e1 Gu\u00f0s or\u00f0. 2 \u00de\u00e1 s\u00e1 hann tvo b\u00e1ta vi\u00f0 vatni\u00f0 en fiskimennirnir voru farnir \u00ed land og \u00fevo\u00f0u net s\u00edn. 3 Hann f\u00f3r \u00fat \u00ed \u00feann b\u00e1tinn er S\u00edmon \u00e1tti og ba\u00f0 hann a\u00f0 leggja l\u00edti\u00f0 eitt fr\u00e1 landi, settist og t\u00f3k a\u00f0 kenna mannfj\u00f6ldanum \u00far b\u00e1tnum. 4 \u00deegar hann haf\u00f0i loki\u00f0 r\u00e6\u00f0u sinni sag\u00f0i hann vi\u00f0 S\u00edmon: \u201eLegg \u00fe\u00fa \u00fat \u00e1 dj\u00fapi\u00f0 og leggi\u00f0 net ykkar til fiskjar.\u201c 5 S\u00edmon svara\u00f0i: \u201eMeistari, vi\u00f0 h\u00f6fum strita\u00f0 \u00ed alla n\u00f3tt <a href=\"https:\/\/biblian.is\/biblian\/lukasargudspjall-5-kafli\/\"> [&#8230;]<\/a><\/p>\n","protected":false},"author":1,"featured_media":0,"parent":0,"menu_order":0,"comment_status":"open","ping_status":"open","template":"bibliukaflar_NT.php","meta":{"footnotes":""},"class_list":["post-2595","page","type-page","status-publish","hentry"],"_links":{"self":[{"href":"https:\/\/biblian.is\/biblian\/wp-json\/wp\/v2\/pages\/2595","targetHints":{"allow":["GET"]}}],"collection":[{"href":"https:\/\/biblian.is\/biblian\/wp-json\/wp\/v2\/pages"}],"about":[{"href":"https:\/\/biblian.is\/biblian\/wp-json\/wp\/v2\/types\/page"}],"author":[{"embeddable":true,"href":"https:\/\/biblian.is\/biblian\/wp-json\/wp\/v2\/users\/1"}],"replies":[{"embeddable":true,"href":"https:\/\/biblian.is\/biblian\/wp-json\/wp\/v2\/comments?post=2595"}],"version-history":[{"count":0,"href":"https:\/\/biblian.is\/biblian\/wp-json\/wp\/v2\/pages\/2595\/revisions"}],"wp:attachment":[{"href":"https:\/\/biblian.is\/biblian\/wp-json\/wp\/v2\/media?parent=2595"}],"curies":[{"name":"wp","href":"https:\/\/api.w.org\/{rel}","templated":true}]}}