{"id":2594,"date":"2017-12-30T21:03:50","date_gmt":"2017-12-30T21:03:50","guid":{"rendered":"http:\/\/biblian.is\/biblian\/l%c2%9ckasargu_spjall-4-kafli\/"},"modified":"2019-08-26T22:41:41","modified_gmt":"2019-08-26T22:41:41","slug":"lukasargudspjall-4-kafli","status":"publish","type":"page","link":"https:\/\/biblian.is\/biblian\/lukasargudspjall-4-kafli\/","title":{"rendered":"L\u00fakasargu\u00f0spjall 4. kafli"},"content":{"rendered":"<h3 class=\"millifyrirsogn_2007\"> Freistingar<\/h3>\n<p><a name=\"1\"><span class=\"versanumer_2007\">1<\/span><\/a> En Jes\u00fas sneri aftur fr\u00e1 J\u00f3rdan, fullur af heil\u00f6gum anda. Andinn leiddi hann og \u00ed fj\u00f6rut\u00edu daga var hann \u00ed ey\u00f0im\u00f6rkinni <a name=\"2\"><span class=\"versanumer_2007\">2<\/span><\/a> \u00fear sem dj\u00f6fullinn freista\u00f0i hans. Ekki neytti hann neins \u00fe\u00e1 daga og er \u00feeir voru li\u00f0nir var hann hungra\u00f0ur. <br \/> <a name=\"3\"><span class=\"versanumer_2007\">3<\/span><\/a> En dj\u00f6fullinn sag\u00f0i vi\u00f0 hann: \u201eEf \u00fe\u00fa ert sonur Gu\u00f0s \u00fe\u00e1 bj\u00f3\u00f0 \u00fe\u00fa steini \u00feessum a\u00f0 hann ver\u00f0i a\u00f0 brau\u00f0i.\u201c <br \/> <a name=\"4\"><span class=\"versanumer_2007\">4<\/span><\/a> Og Jes\u00fas svara\u00f0i honum: \u201eRita\u00f0 er: Eigi lifir ma\u00f0urinn \u00e1 einu saman brau\u00f0i.\u201c <br \/> <a name=\"5\"><span class=\"versanumer_2007\">5<\/span><\/a> \u00de\u00e1 f\u00f3r hann me\u00f0 hann upp og s\u00fdndi honum \u00e1 augabrag\u00f0i \u00f6ll r\u00edki veraldar. <a name=\"6\"><span class=\"versanumer_2007\">6<\/span><\/a> Og dj\u00f6fullinn sag\u00f0i vi\u00f0 Jes\u00fa: \u201e\u00de\u00e9r mun \u00e9g gefa allt \u00feetta veldi og d\u00fdr\u00f0 \u00feess \u00fev\u00ed a\u00f0 m\u00e9r er \u00fea\u00f0 \u00ed hendur fengi\u00f0 og \u00e9g get gefi\u00f0 \u00fea\u00f0 hverjum sem \u00e9g vil. <a name=\"7\"><span class=\"versanumer_2007\">7<\/span><\/a> Ef \u00fe\u00fa fellur fram og tilbi\u00f0ur mig skal \u00fea\u00f0 allt ver\u00f0a \u00feitt.\u201c <br \/> <a name=\"8\"><span class=\"versanumer_2007\">8<\/span><\/a> Jes\u00fas svara\u00f0i honum: \u201eRita\u00f0 er:<br \/> <span class=\"ljodatexti\"> Drottin, Gu\u00f0 \u00feinn, skalt \u00fe\u00fa tilbi\u00f0ja <br \/>og \u00fej\u00f3na honum einum.\u201c <br \/> <\/span> <span class=\"ljodatexti\"> <a name=\"9\"><span class=\"versanumer_ljod\">9<\/span><\/a>\u00de\u00e1 f\u00f3r dj\u00f6fullinn me\u00f0 hann til Jer\u00fasalem, setti hann \u00e1 br\u00fan musterisins og sag\u00f0i vi\u00f0 hann: \u201eEf \u00fe\u00fa ert sonur Gu\u00f0s \u00fe\u00e1 kasta \u00fe\u00e9r h\u00e9r ofan <\/span> <span class=\"ljodatexti\"> <a name=\"10\"><span class=\"versanumer_ljod\">10<\/span><\/a>\u00fev\u00ed a\u00f0 rita\u00f0 er:<br \/>Hann mun fela englum s\u00ednum a\u00f0 g\u00e6ta \u00fe\u00edn <\/span> <br \/> <a name=\"11\"><span class=\"versanumer_2007\">11<\/span><\/a> og: <br \/> <span class=\"ljodatexti\"> \u00feeir munu bera \u00feig \u00e1 h\u00f6ndum s\u00e9r, <br \/>a\u00f0 \u00fe\u00fa steytir ekki f\u00f3t \u00feinn vi\u00f0 steini.\u201c <\/span> <br \/> <a name=\"12\"><span class=\"versanumer_2007\">12<\/span><\/a> Jes\u00fas svara\u00f0i honum: \u201eSagt hefur veri\u00f0: \u00de\u00fa skalt ekki freista Drottins, Gu\u00f0s \u00fe\u00edns.\u201c <br \/> <a name=\"13\"><span class=\"versanumer_2007\">13<\/span><\/a> \u00deegar dj\u00f6fullinn haf\u00f0i gefist upp vi\u00f0 a\u00f0 fella hann v\u00e9k hann fr\u00e1 honum a\u00f0 sinni. <\/p>\n<h3 class=\"millifyrirsogn_2007\">\u00cd Nasaret<\/h3>\n<p><a name=\"14\"><span class=\"versanumer_2007\">14<\/span><\/a> En Jes\u00fas sneri aftur til Gal\u00edleu fylltur krafti andans og f\u00f3ru fregnir af honum um allt n\u00e1grenni\u00f0. <a name=\"15\"><span class=\"versanumer_2007\">15<\/span><\/a> Hann kenndi \u00ed samkundum \u00feeirra og lofu\u00f0u hann allir. <br \/> <a name=\"16\"><span class=\"versanumer_2007\">16<\/span><\/a> Jes\u00fas kom til Nasaret, \u00fear sem hann var alinn upp, og f\u00f3r a\u00f0 vanda s\u00ednum \u00e1 hv\u00edldardegi \u00ed samkunduna og st\u00f3\u00f0 upp til a\u00f0 lesa. <a name=\"17\"><span class=\"versanumer_2007\">17<\/span><\/a> Var honum fengin b\u00f3k Jesaja sp\u00e1manns. Hann lauk upp b\u00f3kinni og fann sta\u00f0inn \u00fear sem rita\u00f0 er: <br \/> <span class=\"ljodatexti\"> <a name=\"18\"><span class=\"versanumer_ljod\">18<\/span><\/a>Andi Drottins er yfir m\u00e9r <br \/>af \u00fev\u00ed a\u00f0 hann hefur smurt mig. <br \/>Hann hefur sent mig til a\u00f0 flytja f\u00e1t\u00e6kum gle\u00f0ilegan bo\u00f0skap, <br \/>bo\u00f0a bandingjum lausn <br \/>og blindum s\u00fdn, <br \/>l\u00e1ta \u00fej\u00e1\u00f0a lausa <br \/> <\/span> <span class=\"ljodatexti\"> <a name=\"19\"><span class=\"versanumer_ljod\">19<\/span><\/a>og kunngj\u00f6ra n\u00e1\u00f0ar\u00e1r Drottins. <\/span> <br \/> <a name=\"20\"><span class=\"versanumer_2007\">20<\/span><\/a> S\u00ed\u00f0an lukti Jes\u00fas aftur b\u00f3kinni, f\u00e9kk hana \u00fej\u00f3ninum og settist ni\u00f0ur en augu allra \u00ed samkundunni hv\u00edldu \u00e1 honum. <a name=\"21\"><span class=\"versanumer_2007\">21<\/span><\/a> Hann t\u00f3k \u00fe\u00e1 a\u00f0 tala til \u00feeirra: \u201e\u00cd dag hefur r\u00e6st \u00feessi ritning \u00ed \u00e1heyrn y\u00f0ar.\u201c <br \/> <a name=\"22\"><span class=\"versanumer_2007\">22<\/span><\/a> Og allir lofu\u00f0u hann og undru\u00f0ust \u00feau hugn\u00e6mu or\u00f0 sem fram gengu af munni hans og s\u00f6g\u00f0u: \u201eEr hann ekki sonur J\u00f3sefs?\u201c <br \/> <a name=\"23\"><span class=\"versanumer_2007\">23<\/span><\/a> En Jes\u00fas sag\u00f0i vi\u00f0 f\u00f3lki\u00f0: \u201eEflaust munu\u00f0 \u00fe\u00e9r minna mig \u00e1 or\u00f0taki\u00f0: L\u00e6knir, l\u00e6kna sj\u00e1lfan \u00feig! V\u00e9r h\u00f6fum heyrt um allt sem gerst hefur \u00ed Kaperna\u00fam. Ger n\u00fa hi\u00f0 sama h\u00e9r \u00ed \u00e6ttborg \u00feinni.\u201c <a name=\"24\"><span class=\"versanumer_2007\">24<\/span><\/a> Enn sag\u00f0i Jes\u00fas: \u201eSannlega segi \u00e9g y\u00f0ur, engum sp\u00e1manni er vel teki\u00f0 \u00ed landi s\u00ednu. <a name=\"25\"><span class=\"versanumer_2007\">25<\/span><\/a> En satt segi \u00e9g y\u00f0ur a\u00f0 margar voru ekkjur \u00ed \u00cdsrael \u00e1 d\u00f6gum El\u00eda \u00feegar himinninn var luktur \u00ed \u00ferj\u00fa \u00e1r og sex m\u00e1nu\u00f0i og miki\u00f0 hungur \u00ed \u00f6llu landinu <a name=\"26\"><span class=\"versanumer_2007\">26<\/span><\/a> og \u00fe\u00f3 var El\u00eda til engrar \u00feeirra sendur heldur a\u00f0eins til ekkju \u00ed Sarepta \u00ed S\u00eddonlandi. <a name=\"27\"><span class=\"versanumer_2007\">27<\/span><\/a> Og margir voru l\u00edk\u00fer\u00e1ir \u00ed \u00cdsrael \u00e1 d\u00f6gum El\u00edsa sp\u00e1manns og enginn \u00feeirra var hreinsa\u00f0ur heldur a\u00f0eins Naaman S\u00fdrlendingur.\u201c <br \/> <a name=\"28\"><span class=\"versanumer_2007\">28<\/span><\/a> Allir \u00ed samkunduh\u00fasinu fylltust rei\u00f0i er \u00feeir heyr\u00f0u \u00feetta, <a name=\"29\"><span class=\"versanumer_2007\">29<\/span><\/a> spruttu upp, hr\u00f6ktu hann \u00fat \u00far borginni og f\u00f3ru me\u00f0 hann fram \u00e1 br\u00fan fjalls \u00feess sem borg \u00feeirra var reist \u00e1, til \u00feess a\u00f0 hrinda honum \u00fear ofan. <a name=\"30\"><span class=\"versanumer_2007\">30<\/span><\/a> En hann gekk gegnum mi\u00f0ja mann\u00fer\u00f6ngina og f\u00f3r lei\u00f0ar sinnar. <\/p>\n<h3 class=\"millifyrirsogn_2007\">\u00cd Kaperna\u00fam<\/h3>\n<p><a name=\"31\"><span class=\"versanumer_2007\">31<\/span><\/a> Jes\u00fas kom n\u00fa ofan til Kaperna\u00fam, borgar \u00ed Gal\u00edleu, og kenndi \u00feeim \u00e1 hv\u00edldardegi. <a name=\"32\"><span class=\"versanumer_2007\">32<\/span><\/a> Ur\u00f0u menn mj\u00f6g snortnir af kenningu hans \u00fev\u00ed a\u00f0 vald fylgdi or\u00f0um hans. <br \/> <a name=\"33\"><span class=\"versanumer_2007\">33<\/span><\/a> \u00cd samkunduh\u00fasinu var ma\u00f0ur nokkur er haldinn var \u00f3hreinum, illum anda. Hann \u00e6pti h\u00e1rri r\u00f6ddu: <a name=\"34\"><span class=\"versanumer_2007\">34<\/span><\/a> \u201eHva\u00f0 vilt \u00fe\u00fa okkur, Jes\u00fas fr\u00e1 Nasaret? Ert \u00fe\u00fa kominn a\u00f0 tort\u00edma okkur? \u00c9g veit hver \u00fe\u00fa ert, hinn heilagi Gu\u00f0s.\u201c <br \/> <a name=\"35\"><span class=\"versanumer_2007\">35<\/span><\/a> Jes\u00fas hasta\u00f0i \u00fe\u00e1 \u00e1 hann og m\u00e6lti: \u201e\u00deegi \u00fe\u00fa og far \u00fat af honum.\u201c En illi andinn slengdi honum til jar\u00f0ar og f\u00f3r \u00fat af honum en var\u00f0 honum ekki a\u00f0 meini. <br \/> <a name=\"36\"><span class=\"versanumer_2007\">36<\/span><\/a> Felmtri sl\u00f3 \u00e1 alla og s\u00f6g\u00f0u \u00feeir hver vi\u00f0 annan: \u201eHv\u00edl\u00edk r\u00e6\u00f0a er \u00feetta, hann skipar \u00f3hreinum \u00f6ndum me\u00f0 myndugleik og valdi og \u00feeir fara.\u201c <a name=\"37\"><span class=\"versanumer_2007\">37<\/span><\/a> Og or\u00f0st\u00edr Jes\u00fa barst \u00fat til allra sta\u00f0a \u00fear \u00ed grennd. <\/p>\n<h3 class=\"millifyrirsogn_2007\">Jes\u00fas l\u00e6knar<\/h3>\n<p><a name=\"38\"><span class=\"versanumer_2007\">38<\/span><\/a> \u00dar samkundunni f\u00f3r Jes\u00fas \u00ed h\u00fas S\u00edmonar. En tengdam\u00f3\u00f0ir S\u00edmonar var altekin s\u00f3tthita og b\u00e1\u00f0u \u00feeir hann a\u00f0 hj\u00e1lpa henni. <a name=\"39\"><span class=\"versanumer_2007\">39<\/span><\/a> Jes\u00fas gekk a\u00f0, laut yfir hana og hasta\u00f0i \u00e1 s\u00f3tthitann og f\u00f3r hann \u00far henni. En h\u00fan reis jafnskj\u00f3tt \u00e1 f\u00e6tur og gekk \u00feeim fyrir beina. <br \/> <a name=\"40\"><span class=\"versanumer_2007\">40<\/span><\/a> Um s\u00f3lsetur komu allir \u00feeir er h\u00f6f\u00f0u \u00e1 s\u00ednum vegum sj\u00faklinga haldna \u00fdmsum sj\u00fakd\u00f3mum og f\u00e6r\u00f0u \u00fe\u00e1 til Jes\u00fa. En hann lag\u00f0i hendur yfir hvern \u00feeirra og l\u00e6kna\u00f0i \u00fe\u00e1. <a name=\"41\"><span class=\"versanumer_2007\">41<\/span><\/a> \u00de\u00e1 f\u00f3ru og illir andar \u00fat af m\u00f6rgum og \u00e6ptu: \u201e\u00de\u00fa ert sonur Gu\u00f0s.\u201c En Jes\u00fas hasta\u00f0i \u00e1 \u00fe\u00e1 og banna\u00f0i \u00feeim a\u00f0 tala \u00fev\u00ed a\u00f0 \u00feeir vissu a\u00f0 hann var Kristur. <\/p>\n<h3 class=\"millifyrirsogn_2007\">Til annarra borga<\/h3>\n<p><a name=\"42\"><span class=\"versanumer_2007\">42<\/span><\/a> \u00deegar dagur rann gekk Jes\u00fas burt \u00e1 \u00f3bygg\u00f0an sta\u00f0 en f\u00f3lki\u00f0 leita\u00f0i hans og fann hann. \u00dea\u00f0 vildi aftra \u00fev\u00ed a\u00f0 hann f\u00e6ri fr\u00e1 \u00fev\u00ed. <a name=\"43\"><span class=\"versanumer_2007\">43<\/span><\/a> En Jes\u00fas sag\u00f0i vi\u00f0 \u00fea\u00f0: \u201eM\u00e9r ber og a\u00f0 flytja hinum borgunum fagna\u00f0arerindi\u00f0 um Gu\u00f0s r\u00edki \u00fev\u00ed a\u00f0 til \u00feess var \u00e9g sendur.\u201c <a name=\"44\"><span class=\"versanumer_2007\">44<\/span><\/a> Og hann pr\u00e9dika\u00f0i \u00ed samkundunum \u00ed J\u00fadeu.<span class=\"nedan_mal\" title=\" Annar lesh\u00e1ttur: \u00ed Gal\u00edleu.\">[<\/span> <\/p>\n","protected":false},"excerpt":{"rendered":"<p>Freistingar 1 En Jes\u00fas sneri aftur fr\u00e1 J\u00f3rdan, fullur af heil\u00f6gum anda. Andinn leiddi hann og \u00ed fj\u00f6rut\u00edu daga var hann \u00ed ey\u00f0im\u00f6rkinni 2 \u00fear sem dj\u00f6fullinn freista\u00f0i hans. Ekki neytti hann neins \u00fe\u00e1 daga og er \u00feeir voru li\u00f0nir var hann hungra\u00f0ur. 3 En dj\u00f6fullinn sag\u00f0i vi\u00f0 hann: \u201eEf \u00fe\u00fa ert sonur Gu\u00f0s \u00fe\u00e1 bj\u00f3\u00f0 \u00fe\u00fa steini \u00feessum a\u00f0 hann ver\u00f0i a\u00f0 brau\u00f0i.\u201c 4 Og Jes\u00fas svara\u00f0i honum: \u201eRita\u00f0 er: Eigi lifir ma\u00f0urinn \u00e1 einu saman brau\u00f0i.\u201c 5 \u00de\u00e1 f\u00f3r hann me\u00f0 hann upp og s\u00fdndi honum \u00e1 augabrag\u00f0i \u00f6ll r\u00edki veraldar. 6 Og dj\u00f6fullinn sag\u00f0i vi\u00f0 Jes\u00fa: \u201e\u00de\u00e9r <a href=\"https:\/\/biblian.is\/biblian\/lukasargudspjall-4-kafli\/\"> [&#8230;]<\/a><\/p>\n","protected":false},"author":1,"featured_media":0,"parent":0,"menu_order":0,"comment_status":"open","ping_status":"open","template":"bibliukaflar_NT.php","meta":{"footnotes":""},"class_list":["post-2594","page","type-page","status-publish","hentry"],"_links":{"self":[{"href":"https:\/\/biblian.is\/biblian\/wp-json\/wp\/v2\/pages\/2594","targetHints":{"allow":["GET"]}}],"collection":[{"href":"https:\/\/biblian.is\/biblian\/wp-json\/wp\/v2\/pages"}],"about":[{"href":"https:\/\/biblian.is\/biblian\/wp-json\/wp\/v2\/types\/page"}],"author":[{"embeddable":true,"href":"https:\/\/biblian.is\/biblian\/wp-json\/wp\/v2\/users\/1"}],"replies":[{"embeddable":true,"href":"https:\/\/biblian.is\/biblian\/wp-json\/wp\/v2\/comments?post=2594"}],"version-history":[{"count":0,"href":"https:\/\/biblian.is\/biblian\/wp-json\/wp\/v2\/pages\/2594\/revisions"}],"wp:attachment":[{"href":"https:\/\/biblian.is\/biblian\/wp-json\/wp\/v2\/media?parent=2594"}],"curies":[{"name":"wp","href":"https:\/\/api.w.org\/{rel}","templated":true}]}}