{"id":2590,"date":"2017-12-30T21:03:50","date_gmt":"2017-12-30T21:03:50","guid":{"rendered":"http:\/\/biblian.is\/biblian\/mark%c2%9csargu_spjall-16-kafli\/"},"modified":"2019-08-26T22:28:54","modified_gmt":"2019-08-26T22:28:54","slug":"markusargudspjall-16-kafli","status":"publish","type":"page","link":"https:\/\/biblian.is\/biblian\/markusargudspjall-16-kafli\/","title":{"rendered":"Mark\u00fasargu\u00f0spjall 16. kafli"},"content":{"rendered":"<h3 class=\"millifyrirsogn_2007\"> Hann er upp risinn<\/h3>\n<p><a name=\"1\"><span class=\"versanumer_2007\">1<\/span><\/a> \u00de\u00e1 er hv\u00edldardagurinn var li\u00f0inn keyptu \u00fe\u00e6r Mar\u00eda Magdalena, Mar\u00eda m\u00f3\u00f0ir Jakobs og Sal\u00f3me ilmsmyrsl til a\u00f0 fara og smyrja hann. <a name=\"2\"><span class=\"versanumer_2007\">2<\/span><\/a> Og mj\u00f6g \u00e1rla hinn fyrsta dag vikunnar, um s\u00f3laruppr\u00e1s, koma \u00fe\u00e6r a\u00f0 gr\u00f6finni. <a name=\"3\"><span class=\"versanumer_2007\">3<\/span><\/a> \u00de\u00e6r s\u00f6g\u00f0u s\u00edn \u00e1 milli: \u201eHver mun velta fyrir okkur steininum fr\u00e1 grafarmunnanum?\u201c <a name=\"4\"><span class=\"versanumer_2007\">4<\/span><\/a> En \u00feegar \u00fe\u00e6r l\u00edta upp sj\u00e1 \u00fe\u00e6r a\u00f0 steininum haf\u00f0i veri\u00f0 velt fr\u00e1 en hann var mj\u00f6g st\u00f3r. <a name=\"5\"><span class=\"versanumer_2007\">5<\/span><\/a> \u00de\u00e6r st\u00edga inn \u00ed gr\u00f6fina og sj\u00e1 ungan mann sitja h\u00e6gra megin, kl\u00e6ddan hv\u00edtri skikkju, og \u00fe\u00e6r skelfdust. <br \/> <a name=\"6\"><span class=\"versanumer_2007\">6<\/span><\/a> En hann sag\u00f0i vi\u00f0 \u00fe\u00e6r: \u201eSkelfist eigi. \u00de\u00e9r leiti\u00f0 a\u00f0 Jes\u00fa fr\u00e1 Nasaret, hinum krossfesta. Hann er upp risinn, hann er ekki h\u00e9r. Sj\u00e1i\u00f0 \u00fearna sta\u00f0inn \u00fear sem \u00feeir l\u00f6g\u00f0u hann. <a name=\"7\"><span class=\"versanumer_2007\">7<\/span><\/a> En fari\u00f0 og segi\u00f0 l\u00e6risveinum hans og P\u00e9tri: Hann fer \u00e1 undan y\u00f0ur til Gal\u00edleu. \u00dear munu\u00f0 \u00fe\u00e9r sj\u00e1 hann eins og hann sag\u00f0i y\u00f0ur.\u201c <br \/> <a name=\"8\"><span class=\"versanumer_2007\">8<\/span><\/a> \u00de\u00e6r f\u00f3ru \u00fat og fl\u00fd\u00f0u fr\u00e1 gr\u00f6finni \u00fev\u00ed \u00f3tti og ofbo\u00f0 var yfir \u00fe\u00e6r komi\u00f0. \u00de\u00e6r s\u00f6g\u00f0u engum fr\u00e1 neinu \u00fev\u00ed \u00fe\u00e6r voru hr\u00e6ddar. <\/p>\n<h3 class=\"millifyrirsogn_2007\">Fagna\u00f0arbo\u00f0 \u00f6llu mannkyni<\/h3>\n<p>[<a name=\"9\"><span class=\"versanumer_2007\">9<\/span><\/a> \u00deegar Jes\u00fas var upp risinn \u00e1rla hinn fyrsta dag vikunnar birtist hann fyrst Mar\u00edu Magdalenu en \u00fat af henni haf\u00f0i hann reki\u00f0 sj\u00f6 illa anda. <a name=\"10\"><span class=\"versanumer_2007\">10<\/span><\/a> H\u00fan f\u00f3r og kunngj\u00f6r\u00f0i \u00feetta \u00feeim er me\u00f0 honum h\u00f6f\u00f0u veri\u00f0 og h\u00f6rmu\u00f0u n\u00fa og gr\u00e9tu. <br \/> <a name=\"11\"><span class=\"versanumer_2007\">11<\/span><\/a> \u00de\u00e1 er \u00feeir heyr\u00f0u a\u00f0 Jes\u00fas v\u00e6ri lifandi og h\u00fan hef\u00f0i s\u00e9\u00f0 hann tr\u00fa\u00f0u \u00feeir ekki. <br \/> <a name=\"12\"><span class=\"versanumer_2007\">12<\/span><\/a> Eftir \u00feetta birtist Jes\u00fas \u00ed annarri mynd tveimur \u00feeirra \u00fear sem \u00feeir voru \u00e1 g\u00f6ngu \u00e1 lei\u00f0 \u00fat \u00ed sveit. <a name=\"13\"><span class=\"versanumer_2007\">13<\/span><\/a> \u00deeir sneru vi\u00f0 og kunngj\u00f6r\u00f0u hinum en \u00feeir tr\u00fa\u00f0u \u00feeim ekki heldur. <br \/> <a name=\"14\"><span class=\"versanumer_2007\">14<\/span><\/a> Seinna birtist Jes\u00fas \u00feeim ellefu \u00feegar \u00feeir s\u00e1tu til bor\u00f0s og \u00e1v\u00edta\u00f0i \u00fe\u00e1 fyrir vantr\u00fa \u00feeirra og \u00fever\u00fa\u00f0 hjartans, a\u00f0 \u00feeir hef\u00f0u ekki tr\u00faa\u00f0 \u00feeim er s\u00e1u hann upp risinn. <a name=\"15\"><span class=\"versanumer_2007\">15<\/span><\/a> Jes\u00fas sag\u00f0i vi\u00f0 \u00fe\u00e1: \u201eFari\u00f0 \u00fat um allan heim og pr\u00e9diki\u00f0 fagna\u00f0arerindi\u00f0 \u00f6llu mannkyni. <a name=\"16\"><span class=\"versanumer_2007\">16<\/span><\/a> S\u00e1 sem tr\u00fair og sk\u00edrist mun h\u00f3lpinn ver\u00f0a en s\u00e1 sem tr\u00fair ekki mun d\u00e6mdur ver\u00f0a. <a name=\"17\"><span class=\"versanumer_2007\">17<\/span><\/a> En \u00feessi t\u00e1kn munu fylgja \u00feeim er tr\u00faa: \u00cd m\u00ednu nafni munu \u00feeir reka \u00fat illa anda, tala n\u00fdjum tungum, <a name=\"18\"><span class=\"versanumer_2007\">18<\/span><\/a> taka upp h\u00f6ggorma og \u00fe\u00f3 a\u00f0 \u00feeir drekki eitthva\u00f0 banv\u00e6nt mun \u00feeim ekki ver\u00f0a meint af. Yfir sj\u00faka munu \u00feeir leggja hendur og \u00feeir ver\u00f0a heilir.\u201c <br \/> <a name=\"19\"><span class=\"versanumer_2007\">19<\/span><\/a> \u00deegar n\u00fa Drottinn Jes\u00fas haf\u00f0i tala\u00f0 vi\u00f0 \u00fe\u00e1 var hann upp numinn til himins og settist til h\u00e6gri handar Gu\u00f0i. <a name=\"20\"><span class=\"versanumer_2007\">20<\/span><\/a> \u00deeir f\u00f3ru og pr\u00e9diku\u00f0u hvarvetna og Drottinn var \u00ed verki me\u00f0 \u00feeim og sta\u00f0festi bo\u00f0un \u00feeirra me\u00f0 t\u00e1knum sem henni fylgdu.]<span class=\"nedan_mal\" title=\" Vantar \u00ed sum handrit.\">[<\/span> <\/p>\n<p><\/p>\n","protected":false},"excerpt":{"rendered":"<p>Hann er upp risinn 1 \u00de\u00e1 er hv\u00edldardagurinn var li\u00f0inn keyptu \u00fe\u00e6r Mar\u00eda Magdalena, Mar\u00eda m\u00f3\u00f0ir Jakobs og Sal\u00f3me ilmsmyrsl til a\u00f0 fara og smyrja hann. 2 Og mj\u00f6g \u00e1rla hinn fyrsta dag vikunnar, um s\u00f3laruppr\u00e1s, koma \u00fe\u00e6r a\u00f0 gr\u00f6finni. 3 \u00de\u00e6r s\u00f6g\u00f0u s\u00edn \u00e1 milli: \u201eHver mun velta fyrir okkur steininum fr\u00e1 grafarmunnanum?\u201c 4 En \u00feegar \u00fe\u00e6r l\u00edta upp sj\u00e1 \u00fe\u00e6r a\u00f0 steininum haf\u00f0i veri\u00f0 velt fr\u00e1 en hann var mj\u00f6g st\u00f3r. 5 \u00de\u00e6r st\u00edga inn \u00ed gr\u00f6fina og sj\u00e1 ungan mann sitja h\u00e6gra megin, kl\u00e6ddan hv\u00edtri skikkju, og \u00fe\u00e6r skelfdust. 6 En hann sag\u00f0i vi\u00f0 \u00fe\u00e6r: \u201eSkelfist eigi. <a href=\"https:\/\/biblian.is\/biblian\/markusargudspjall-16-kafli\/\"> [&#8230;]<\/a><\/p>\n","protected":false},"author":1,"featured_media":0,"parent":0,"menu_order":0,"comment_status":"open","ping_status":"open","template":"bibliukaflar_NT.php","meta":{"footnotes":""},"class_list":["post-2590","page","type-page","status-publish","hentry"],"_links":{"self":[{"href":"https:\/\/biblian.is\/biblian\/wp-json\/wp\/v2\/pages\/2590","targetHints":{"allow":["GET"]}}],"collection":[{"href":"https:\/\/biblian.is\/biblian\/wp-json\/wp\/v2\/pages"}],"about":[{"href":"https:\/\/biblian.is\/biblian\/wp-json\/wp\/v2\/types\/page"}],"author":[{"embeddable":true,"href":"https:\/\/biblian.is\/biblian\/wp-json\/wp\/v2\/users\/1"}],"replies":[{"embeddable":true,"href":"https:\/\/biblian.is\/biblian\/wp-json\/wp\/v2\/comments?post=2590"}],"version-history":[{"count":0,"href":"https:\/\/biblian.is\/biblian\/wp-json\/wp\/v2\/pages\/2590\/revisions"}],"wp:attachment":[{"href":"https:\/\/biblian.is\/biblian\/wp-json\/wp\/v2\/media?parent=2590"}],"curies":[{"name":"wp","href":"https:\/\/api.w.org\/{rel}","templated":true}]}}

Markúsarguðspjall 16. kafli

<h3 class="millifyrirsogn_2007"> Hann er upp risinn</h3>
<p><a name="1"><span class="versanumer_2007">1</span></a> Þá er hvíldardagurinn var liðinn keyptu þær María Magdalena, María móðir Jakobs og Salóme ilmsmyrsl til að fara og smyrja hann. <a name="2"><span class="versanumer_2007">2</span></a> Og mjög árla hinn fyrsta dag vikunnar, um sólarupprás, koma þær að gröfinni. <a name="3"><span class="versanumer_2007">3</span></a> Þær sögðu sín á milli: „Hver mun velta fyrir okkur steininum frá grafarmunnanum?“ <a name="4"><span class="versanumer_2007">4</span></a> En þegar þær líta upp sjá þær að steininum hafði verið velt frá en hann var mjög stór. <a name="5"><span class="versanumer_2007">5</span></a> Þær stíga inn í gröfina og sjá ungan mann sitja hægra megin, klæddan hvítri skikkju, og þær skelfdust. <br /> <a name="6"><span class="versanumer_2007">6</span></a> En hann sagði við þær: „Skelfist eigi. Þér leitið að Jesú frá Nasaret, hinum krossfesta. Hann er upp risinn, hann er ekki hér. Sjáið þarna staðinn þar sem þeir lögðu hann. <a name="7"><span class="versanumer_2007">7</span></a> En farið og segið lærisveinum hans og Pétri: Hann fer á undan yður til Galíleu. Þar munuð þér sjá hann eins og hann sagði yður.“ <br /> <a name="8"><span class="versanumer_2007">8</span></a> Þær fóru út og flýðu frá gröfinni því ótti og ofboð var yfir þær komið. Þær sögðu engum frá neinu því þær voru hræddar. </p>
<h3 class="millifyrirsogn_2007">Fagnaðarboð öllu mannkyni</h3>
<p>[<a name="9"><span class="versanumer_2007">9</span></a> Þegar Jesús var upp risinn árla hinn fyrsta dag vikunnar birtist hann fyrst Maríu Magdalenu en út af henni hafði hann rekið sjö illa anda. <a name="10"><span class="versanumer_2007">10</span></a> Hún fór og kunngjörði þetta þeim er með honum höfðu verið og hörmuðu nú og grétu. <br /> <a name="11"><span class="versanumer_2007">11</span></a> Þá er þeir heyrðu að Jesús væri lifandi og hún hefði séð hann trúðu þeir ekki. <br /> <a name="12"><span class="versanumer_2007">12</span></a> Eftir þetta birtist Jesús í annarri mynd tveimur þeirra þar sem þeir voru á göngu á leið út í sveit. <a name="13"><span class="versanumer_2007">13</span></a> Þeir sneru við og kunngjörðu hinum en þeir trúðu þeim ekki heldur. <br /> <a name="14"><span class="versanumer_2007">14</span></a> Seinna birtist Jesús þeim ellefu þegar þeir sátu til borðs og ávítaði þá fyrir vantrú þeirra og þverúð hjartans, að þeir hefðu ekki trúað þeim er sáu hann upp risinn. <a name="15"><span class="versanumer_2007">15</span></a> Jesús sagði við þá: „Farið út um allan heim og prédikið fagnaðarerindið öllu mannkyni. <a name="16"><span class="versanumer_2007">16</span></a> Sá sem trúir og skírist mun hólpinn verða en sá sem trúir ekki mun dæmdur verða. <a name="17"><span class="versanumer_2007">17</span></a> En þessi tákn munu fylgja þeim er trúa: Í mínu nafni munu þeir reka út illa anda, tala nýjum tungum, <a name="18"><span class="versanumer_2007">18</span></a> taka upp höggorma og þó að þeir drekki eitthvað banvænt mun þeim ekki verða meint af. Yfir sjúka munu þeir leggja hendur og þeir verða heilir.“ <br /> <a name="19"><span class="versanumer_2007">19</span></a> Þegar nú Drottinn Jesús hafði talað við þá var hann upp numinn til himins og settist til hægri handar Guði. <a name="20"><span class="versanumer_2007">20</span></a> Þeir fóru og prédikuðu hvarvetna og Drottinn var í verki með þeim og staðfesti boðun þeirra með táknum sem henni fylgdu.]<span class="nedan_mal" title=" Vantar í sum handrit.">[</span> </p>
<p></p>

<p>Hann er upp risinn 1 Þá er hvíldardagurinn var liðinn keyptu þær María Magdalena, María móðir Jakobs og Salóme ilmsmyrsl til að fara og smyrja hann. 2 Og mjög árla hinn fyrsta dag vikunnar, um sólarupprás, koma þær að gröfinni. 3 Þær sögðu sín á milli: „Hver mun velta fyrir okkur steininum frá grafarmunnanum?“ 4 En þegar þær líta upp sjá þær að steininum hafði verið velt frá en hann var mjög stór. 5 Þær stíga inn í gröfina og sjá ungan mann sitja hægra megin, klæddan hvítri skikkju, og þær skelfdust. 6 En hann sagði við þær: „Skelfist eigi. <a href="https://biblian.is/biblian/markusargudspjall-16-kafli/"> [&#8230;]</a></p>
