{"id":2581,"date":"2017-12-30T21:03:50","date_gmt":"2017-12-30T21:03:50","guid":{"rendered":"http:\/\/biblian.is\/biblian\/mark%c2%9csargu_spjall-7-kafli\/"},"modified":"2019-08-26T22:28:56","modified_gmt":"2019-08-26T22:28:56","slug":"markusargudspjall-7-kafli","status":"publish","type":"page","link":"https:\/\/biblian.is\/biblian\/markusargudspjall-7-kafli\/","title":{"rendered":"Mark\u00fasargu\u00f0spjall 7. kafli"},"content":{"rendered":"<h3 class=\"millifyrirsogn_2007\"> Hi\u00f0 ytra og innra<\/h3>\n<p><a name=\"1\"><span class=\"versanumer_2007\">1<\/span><\/a> N\u00fa safnast a\u00f0 Jes\u00fa far\u00edsear og nokkrir fr\u00e6\u00f0imenn, komnir fr\u00e1 Jer\u00fasalem. <a name=\"2\"><span class=\"versanumer_2007\">2<\/span><\/a> \u00deeir s\u00e1u a\u00f0 sumir l\u00e6risveina hans neyttu matar me\u00f0 vanhelgum, \u00fea\u00f0 er \u00f3\u00fevegnum, h\u00f6ndum. <a name=\"3\"><span class=\"versanumer_2007\">3<\/span><\/a> En far\u00edsear, og reyndar Gy\u00f0ingar allir, eta ekki nema \u00feeir \u00fevoi hendur s\u00ednar og fylgja \u00feannig erf\u00f0avenju<span class=\"nedan_mal\" title=\" Munnleg erfikenning vi\u00f0 hli\u00f0 l\u00f6gm\u00e1ls Gamla testamentisins. \u00dear voru m.a. fyrirm\u00e6li um \u00fevotta og hreinsanir sem \u00e1ttu a\u00f0 tryggja hreinleika manna til \u00fe\u00e1ttt\u00f6ku \u00ed helgihaldi. \">[<\/span> forfe\u00f0ra sinna. <a name=\"4\"><span class=\"versanumer_2007\">4<\/span><\/a> Og ekki neyta \u00feeir matar \u00feegar \u00feeir koma fr\u00e1 torgi nema \u00feeir hreinsi sig \u00e1\u00f0ur. \u00deeir fara einnig eftir m\u00f6rgum \u00f6\u00f0rum fyrirm\u00e6lum sem \u00feeim hefur veri\u00f0 kennt, svo sem a\u00f0 hreinsa bikara, k\u00f6nnur og eirkatla. <br \/> <a name=\"5\"><span class=\"versanumer_2007\">5<\/span><\/a> Far\u00edsearnir og fr\u00e6\u00f0imennirnir spyrja hann: \u201eHvers vegna fylgja l\u00e6risveinar \u00fe\u00ednir ekki erf\u00f0avenju forfe\u00f0ranna heldur neyta matar me\u00f0 vanhelgum h\u00f6ndum?\u201c <br \/> <a name=\"6\"><span class=\"versanumer_2007\">6<\/span><\/a> Jes\u00fas svarar \u00feeim: \u201eSannsp\u00e1r var Jesaja um ykkur hr\u00e6snara \u00fear sem rita\u00f0 er: <br \/> <span class=\"ljodatexti\"> \u00deessir menn hei\u00f0ra mig me\u00f0 v\u00f6runum <br \/>en hjarta \u00feeirra er langt fr\u00e1 m\u00e9r. <br \/> <\/span> <span class=\"ljodatexti\"> <a name=\"7\"><span class=\"versanumer_ljod\">7<\/span><\/a>Til einskis d\u00fdrka \u00feeir mig <br \/>\u00fev\u00ed a\u00f0 \u00feeir kenna \u00fea\u00f0 eitt sem menn hafa sami\u00f0. <\/span> <br \/> <a name=\"8\"><span class=\"versanumer_2007\">8<\/span><\/a> \u00dei\u00f0 hafni\u00f0 bo\u00f0um Gu\u00f0s en haldi\u00f0 erfikenning manna.\u201c <br \/> <a name=\"9\"><span class=\"versanumer_2007\">9<\/span><\/a> Enn sag\u00f0i Jes\u00fas vi\u00f0 \u00fe\u00e1: \u201eListavel geri\u00f0 \u00fei\u00f0 a\u00f0 engu bo\u00f0or\u00f0 Gu\u00f0s svo \u00fei\u00f0 geti\u00f0 r\u00e6kt erfikenning ykkar. <a name=\"10\"><span class=\"versanumer_2007\">10<\/span><\/a> M\u00f3se sag\u00f0i: Hei\u00f0ra f\u00f6\u00f0ur \u00feinn og m\u00f3\u00f0ur \u00fe\u00edna, og: Hver sem form\u00e6lir f\u00f6\u00f0ur e\u00f0a m\u00f3\u00f0ur skal deyja. <a name=\"11\"><span class=\"versanumer_2007\">11<\/span><\/a> En \u00fei\u00f0 segi\u00f0: Ef ma\u00f0ur segir vi\u00f0 f\u00f6\u00f0ur sinn e\u00f0a m\u00f3\u00f0ur: \u00dea\u00f0 sem \u00e9g hef\u00f0i \u00e1tt a\u00f0 styrkja \u00feig me\u00f0 er korban, \u00e9g gef \u00fea\u00f0 til musterisins, <a name=\"12\"><span class=\"versanumer_2007\">12<\/span><\/a> \u00fe\u00e1 leyfi\u00f0 \u00fei\u00f0 honum ekki framar a\u00f0 gera neitt fyrir f\u00f6\u00f0ur sinn e\u00f0a m\u00f3\u00f0ur. <a name=\"13\"><span class=\"versanumer_2007\">13<\/span><\/a> \u00deannig l\u00e1ti\u00f0 \u00fei\u00f0 erfikenning ykkar, sem \u00fei\u00f0 fylgi\u00f0, \u00f3gilda or\u00f0 Gu\u00f0s. Og margt anna\u00f0 geri\u00f0 \u00fei\u00f0 \u00feessu l\u00edkt.\u201c <br \/> <a name=\"14\"><span class=\"versanumer_2007\">14<\/span><\/a> Aftur kalla\u00f0i Jes\u00fas til s\u00edn mannfj\u00f6ldann og sag\u00f0i: \u201eHeyri\u00f0 mig \u00f6ll og skilji\u00f0. <a name=\"15\"><span class=\"versanumer_2007\">15<\/span><\/a> Ekkert er \u00fea\u00f0 utan mannsins er saurgi hann \u00fe\u00f3tt inn \u00ed hann fari. Hitt saurgar manninn sem \u00fat fr\u00e1 honum fer.\u201c [ <a name=\"16\"><span class=\"versanumer_2007\">16<\/span><\/a> Ef einhver hefur eyru a\u00f0 heyra, hann heyri!]<span class=\"nedan_mal\" title=\" Vantar \u00ed sum handrit.\">[<\/span> <br \/> <a name=\"17\"><span class=\"versanumer_2007\">17<\/span><\/a> \u00deegar Jes\u00fas var kominn inn fr\u00e1 f\u00f3lkinu spur\u00f0u l\u00e6risveinar hans hann um l\u00edkinguna. <a name=\"18\"><span class=\"versanumer_2007\">18<\/span><\/a> Og hann segir vi\u00f0 \u00fe\u00e1: \u201eEru\u00f0 \u00fei\u00f0 einnig svo skilningslausir? Skilji\u00f0 \u00fei\u00f0 ekki a\u00f0 ekkert sem fer inn \u00ed manninn utan fr\u00e1 getur saurga\u00f0 hann? <a name=\"19\"><span class=\"versanumer_2007\">19<\/span><\/a> \u00dev\u00ed a\u00f0 ekki fer \u00fea\u00f0 inn \u00ed hjarta hans heldur maga og \u00fat s\u00ed\u00f0an \u00ed safn\u00fer\u00f3na.\u201c \u00deannig l\u00fdsti hann alla f\u00e6\u00f0u hreina. <a name=\"20\"><span class=\"versanumer_2007\">20<\/span><\/a> Og hann sag\u00f0i: \u201e\u00dea\u00f0 sem fer \u00fat fr\u00e1 manninum \u00fea\u00f0 saurgar manninn. <a name=\"21\"><span class=\"versanumer_2007\">21<\/span><\/a> \u00dev\u00ed a\u00f0 innan fr\u00e1, \u00far hjarta mannsins, koma hinar illu hugsanir, saurlifna\u00f0ur, \u00fej\u00f3fna\u00f0ur, manndr\u00e1p, <a name=\"22\"><span class=\"versanumer_2007\">22<\/span><\/a> h\u00f3rd\u00f3mur, \u00e1girnd, illmennska, sviksemi, taumleysi, \u00f6fund, lastm\u00e6lgi, hroki, heimska. <a name=\"23\"><span class=\"versanumer_2007\">23<\/span><\/a> Allt \u00feetta illa kemur innan a\u00f0 og saurgar manninn.\u201c <\/p>\n<h3 class=\"millifyrirsogn_2007\">Eigi f\u00e9kk hann dulist<\/h3>\n<p><a name=\"24\"><span class=\"versanumer_2007\">24<\/span><\/a> Jes\u00fas t\u00f3k sig upp \u00fea\u00f0an og h\u00e9lt til bygg\u00f0a T\u00fdrusar. \u00dear f\u00f3r hann inn \u00ed h\u00fas og vildi engan l\u00e1ta vita. En eigi f\u00e9kk hann dulist. <a name=\"25\"><span class=\"versanumer_2007\">25<\/span><\/a> Kona ein fr\u00e9tti \u00feegar af honum og kom og f\u00e9ll honum til f\u00f3ta en d\u00f3ttir hennar haf\u00f0i \u00f3hreinan anda. <a name=\"26\"><span class=\"versanumer_2007\">26<\/span><\/a> Konan var hei\u00f0in, \u00e6ttu\u00f0 \u00far F\u00f6nik\u00edu s\u00fdrlensku. H\u00fan ba\u00f0 Jes\u00fa a\u00f0 reka illa andann \u00fat af d\u00f3ttur sinni. <a name=\"27\"><span class=\"versanumer_2007\">27<\/span><\/a> Hann sag\u00f0i vi\u00f0 hana: \u201eLofa\u00f0u b\u00f6rnunum a\u00f0 se\u00f0jast fyrst, ekki s\u00e6mir a\u00f0 taka brau\u00f0 barnanna og kasta \u00fev\u00ed fyrir hundana.\u201c <br \/> <a name=\"28\"><span class=\"versanumer_2007\">28<\/span><\/a> H\u00fan svara\u00f0i honum: \u201eSatt er \u00fea\u00f0, herra, \u00fe\u00f3 eta hundarnir undir bor\u00f0inu af molum barnanna.\u201c <br \/> <a name=\"29\"><span class=\"versanumer_2007\">29<\/span><\/a> Og Jes\u00fas sag\u00f0i vi\u00f0 hana: \u201eVegna \u00feessara or\u00f0a skaltu heim sn\u00faa, illi andinn er farinn \u00far d\u00f3ttur \u00feinni.\u201c <a name=\"30\"><span class=\"versanumer_2007\">30<\/span><\/a> H\u00fan f\u00f3r heim, fann barni\u00f0 liggjandi \u00e1 r\u00faminu og illi andinn var farinn. <\/p>\n<h3 class=\"millifyrirsogn_2007\">Allt gerir hann vel<\/h3>\n<p><a name=\"31\"><span class=\"versanumer_2007\">31<\/span><\/a> S\u00ed\u00f0an h\u00e9lt Jes\u00fas \u00far T\u00fdrusarbygg\u00f0um, um S\u00eddon og yfir Dekap\u00f3lisbygg\u00f0ir mi\u00f0jar til Gal\u00edleuvatns. <a name=\"32\"><span class=\"versanumer_2007\">32<\/span><\/a> \u00de\u00e1 f\u00e6ra menn til hans daufan og m\u00e1lhaltan mann og bi\u00f0ja hann a\u00f0 leggja h\u00f6nd s\u00edna yfir hann. <a name=\"33\"><span class=\"versanumer_2007\">33<\/span><\/a> Jes\u00fas leiddi hann afs\u00ed\u00f0is fr\u00e1 f\u00f3lkinu, stakk fingrum s\u00ednum \u00ed eyru honum og v\u00e6tti tungu hans me\u00f0 munnvatni s\u00ednu. <a name=\"34\"><span class=\"versanumer_2007\">34<\/span><\/a> \u00de\u00e1 leit hann upp til himins, andvarpa\u00f0i og sag\u00f0i vi\u00f0 hann: \u201eEffa\u00fea,\u201c \u00fea\u00f0 er: Opnist \u00fe\u00fa. <br \/> <a name=\"35\"><span class=\"versanumer_2007\">35<\/span><\/a> Og eyru hans opnu\u00f0ust og haft tungu hans losna\u00f0i og hann tala\u00f0i sk\u00fdrt. <a name=\"36\"><span class=\"versanumer_2007\">36<\/span><\/a> Jes\u00fas banna\u00f0i \u00feeim a\u00f0 segja \u00feetta neinum en svo mj\u00f6g sem hann banna\u00f0i \u00feeim \u00fev\u00ed frekar s\u00f6g\u00f0u \u00feeir fr\u00e1 \u00fev\u00ed. <a name=\"37\"><span class=\"versanumer_2007\">37<\/span><\/a> Menn undru\u00f0ust mj\u00f6g og s\u00f6g\u00f0u: \u201eAllt gerir hann vel, daufa l\u00e6tur hann heyra og m\u00e1llausa m\u00e6la.\u201c <\/p>\n","protected":false},"excerpt":{"rendered":"<p>Hi\u00f0 ytra og innra 1 N\u00fa safnast a\u00f0 Jes\u00fa far\u00edsear og nokkrir fr\u00e6\u00f0imenn, komnir fr\u00e1 Jer\u00fasalem. 2 \u00deeir s\u00e1u a\u00f0 sumir l\u00e6risveina hans neyttu matar me\u00f0 vanhelgum, \u00fea\u00f0 er \u00f3\u00fevegnum, h\u00f6ndum. 3 En far\u00edsear, og reyndar Gy\u00f0ingar allir, eta ekki nema \u00feeir \u00fevoi hendur s\u00ednar og fylgja \u00feannig erf\u00f0avenju[ forfe\u00f0ra sinna. 4 Og ekki neyta \u00feeir matar \u00feegar \u00feeir koma fr\u00e1 torgi nema \u00feeir hreinsi sig \u00e1\u00f0ur. \u00deeir fara einnig eftir m\u00f6rgum \u00f6\u00f0rum fyrirm\u00e6lum sem \u00feeim hefur veri\u00f0 kennt, svo sem a\u00f0 hreinsa bikara, k\u00f6nnur og eirkatla. 5 Far\u00edsearnir og fr\u00e6\u00f0imennirnir spyrja hann: \u201eHvers vegna fylgja l\u00e6risveinar \u00fe\u00ednir ekki erf\u00f0avenju <a href=\"https:\/\/biblian.is\/biblian\/markusargudspjall-7-kafli\/\"> [&#8230;]<\/a><\/p>\n","protected":false},"author":1,"featured_media":0,"parent":0,"menu_order":0,"comment_status":"open","ping_status":"open","template":"bibliukaflar_NT.php","meta":{"footnotes":""},"class_list":["post-2581","page","type-page","status-publish","hentry"],"_links":{"self":[{"href":"https:\/\/biblian.is\/biblian\/wp-json\/wp\/v2\/pages\/2581","targetHints":{"allow":["GET"]}}],"collection":[{"href":"https:\/\/biblian.is\/biblian\/wp-json\/wp\/v2\/pages"}],"about":[{"href":"https:\/\/biblian.is\/biblian\/wp-json\/wp\/v2\/types\/page"}],"author":[{"embeddable":true,"href":"https:\/\/biblian.is\/biblian\/wp-json\/wp\/v2\/users\/1"}],"replies":[{"embeddable":true,"href":"https:\/\/biblian.is\/biblian\/wp-json\/wp\/v2\/comments?post=2581"}],"version-history":[{"count":0,"href":"https:\/\/biblian.is\/biblian\/wp-json\/wp\/v2\/pages\/2581\/revisions"}],"wp:attachment":[{"href":"https:\/\/biblian.is\/biblian\/wp-json\/wp\/v2\/media?parent=2581"}],"curies":[{"name":"wp","href":"https:\/\/api.w.org\/{rel}","templated":true}]}}