{"id":2577,"date":"2017-12-30T21:03:44","date_gmt":"2017-12-30T21:03:44","guid":{"rendered":"http:\/\/biblian.is\/biblian\/mark%c2%9csargu_spjall-3-kafli\/"},"modified":"2019-08-26T22:28:55","modified_gmt":"2019-08-26T22:28:55","slug":"markusargudspjall-3-kafli","status":"publish","type":"page","link":"https:\/\/biblian.is\/biblian\/markusargudspjall-3-kafli\/","title":{"rendered":"Mark\u00fasargu\u00f0spjall 3. kafli"},"content":{"rendered":"<h3 class=\"millifyrirsogn_2007\"> \u00c1 hv\u00edldardegi<\/h3>\n<p><a name=\"1\"><span class=\"versanumer_2007\">1<\/span><\/a> \u00d6\u00f0ru sinni gekk Jes\u00fas \u00ed samkunduh\u00fas. \u00dear var ma\u00f0ur me\u00f0 visna h\u00f6nd <a name=\"2\"><span class=\"versanumer_2007\">2<\/span><\/a> og h\u00f6f\u00f0u \u00feeir n\u00e1nar g\u00e6tur \u00e1 Jes\u00fa hvort hann l\u00e6kna\u00f0i hann \u00e1 hv\u00edldardegi. \u00deeir hug\u00f0ust k\u00e6ra hann. <a name=\"3\"><span class=\"versanumer_2007\">3<\/span><\/a> Og Jes\u00fas segir vi\u00f0 manninn me\u00f0 visnu h\u00f6ndina: \u201eStatt upp og kom h\u00e9r fram!\u201c <a name=\"4\"><span class=\"versanumer_2007\">4<\/span><\/a> S\u00ed\u00f0an spyr hann \u00fe\u00e1: \u201eHvort er heldur leyfilegt a\u00f0 gera gott e\u00f0a gera illt \u00e1 hv\u00edldardegi, bjarga l\u00edfi e\u00f0a dey\u00f0a?\u201c <br \/>En \u00feeir \u00fe\u00f6g\u00f0u. <a name=\"5\"><span class=\"versanumer_2007\">5<\/span><\/a> Og Jes\u00fas leit \u00e1 \u00fe\u00e1 me\u00f0 rei\u00f0isvip, hvern \u00e1 eftir \u00f6\u00f0rum, s\u00e1rhryggur yfir har\u00f0\u00fa\u00f0 hjartna \u00feeirra og sag\u00f0i vi\u00f0 manninn: \u201eR\u00e9ttu fram h\u00f6nd \u00fe\u00edna.\u201c Hann r\u00e9tti fram h\u00f6ndina og h\u00fan var\u00f0 heil. <a name=\"6\"><span class=\"versanumer_2007\">6<\/span><\/a> \u00de\u00e1 gengu far\u00edsearnir \u00fat og t\u00f3ku \u00feegar me\u00f0 Her\u00f3desarsinnum saman r\u00e1\u00f0 s\u00edn gegn honum, hvernig \u00feeir g\u00e6tu n\u00e1\u00f0 l\u00edfi hans. <\/p>\n<h3 class=\"millifyrirsogn_2007\">Sonur Gu\u00f0s<\/h3>\n<p><a name=\"7\"><span class=\"versanumer_2007\">7<\/span><\/a> Jes\u00fas f\u00f3r me\u00f0 l\u00e6risveinum s\u00ednum \u00fat a\u00f0 vatninu og fylgdi mikill fj\u00f6ldi \u00far Gal\u00edleu og \u00far J\u00fadeu, <a name=\"8\"><span class=\"versanumer_2007\">8<\/span><\/a> fr\u00e1 Jer\u00fasalem, \u00cdd\u00fameu, landinu handan J\u00f3rdanar, og \u00far bygg\u00f0um T\u00fdrusar og S\u00eddonar kom til hans fj\u00f6ldi manna er heyrt h\u00f6f\u00f0u hve miki\u00f0 hann ger\u00f0i. <a name=\"9\"><span class=\"versanumer_2007\">9<\/span><\/a> Og Jes\u00fas bau\u00f0 l\u00e6risveinum s\u00ednum a\u00f0 hafa til b\u00e1t fyrir sig svo a\u00f0 mannfj\u00f6ldinn \u00ferengdi eigi a\u00f0 honum. <a name=\"10\"><span class=\"versanumer_2007\">10<\/span><\/a> En marga haf\u00f0i hann l\u00e6kna\u00f0 og \u00fev\u00ed \u00feustu a\u00f0 honum allir \u00feeir sem einhver mein h\u00f6f\u00f0u til a\u00f0 snerta hann. <a name=\"11\"><span class=\"versanumer_2007\">11<\/span><\/a> Og hven\u00e6r sem menn, sem haldnir voru \u00f3hreinum \u00f6ndum, s\u00e1u hann f\u00e9llu \u00feeir fram fyrir honum og \u00e6ptu upp: \u201e\u00de\u00fa ert sonur Gu\u00f0s.\u201c <br \/> <a name=\"12\"><span class=\"versanumer_2007\">12<\/span><\/a> En Jes\u00fas lag\u00f0i r\u00edkt \u00e1 vi\u00f0 \u00fe\u00e1 a\u00f0 \u00feeir ger\u00f0u hann eigi kunnan. <\/p>\n<h3 class=\"millifyrirsogn_2007\">Postular valdir<\/h3>\n<p><a name=\"13\"><span class=\"versanumer_2007\">13<\/span><\/a> S\u00ed\u00f0an f\u00f3r Jes\u00fas til fjalls og kalla\u00f0i til s\u00edn \u00fe\u00e1 er hann sj\u00e1lfur kaus og \u00feeir komu til hans. <a name=\"14\"><span class=\"versanumer_2007\">14<\/span><\/a> Hann skipa\u00f0i t\u00f3lf er skyldu vera me\u00f0 honum og hann g\u00e6ti sent \u00fat a\u00f0 pr\u00e9dika <a name=\"15\"><span class=\"versanumer_2007\">15<\/span><\/a> og gefi\u00f0 \u00feeim vald til a\u00f0 reka \u00fat illa anda. <br \/> <a name=\"16\"><span class=\"versanumer_2007\">16<\/span><\/a> Jes\u00fas skipa\u00f0i \u00fe\u00e1 t\u00f3lf: S\u00edmon, er hann gaf nafni\u00f0 P\u00e9tur, <a name=\"17\"><span class=\"versanumer_2007\">17<\/span><\/a> Jakob Sebedeusson og J\u00f3hannes br\u00f3\u00f0ur hans, en \u00feeim gaf hann nafni\u00f0 Boanerges, sem \u00fe\u00fd\u00f0ir \u00ferumusynir, <a name=\"18\"><span class=\"versanumer_2007\">18<\/span><\/a> og Andr\u00e9s, Filippus og Bart\u00f3l\u00f3meus, Matteus og T\u00f3mas, Jakob Alfeusson, Taddeus og S\u00edmon vandl\u00e6tara <a name=\"19\"><span class=\"versanumer_2007\">19<\/span><\/a> og J\u00fadas \u00cdskar\u00edot, \u00feann er sveik hann. <\/p>\n<h3 class=\"millifyrirsogn_2007\">Lastm\u00e6li<\/h3>\n<p><a name=\"20\"><span class=\"versanumer_2007\">20<\/span><\/a> \u00deegar Jes\u00fas kemur heim safnast \u00fear aftur mannfj\u00f6ldi svo \u00feeir g\u00e1tu ekki einu sinni matast. <a name=\"21\"><span class=\"versanumer_2007\">21<\/span><\/a> Hans n\u00e1nustu fr\u00e9ttu \u00fea\u00f0 og f\u00f3ru \u00fat og vildu n\u00e1 honum enda s\u00f6g\u00f0u \u00feeir a\u00f0 hann v\u00e6ri fr\u00e1 s\u00e9r. <br \/> <a name=\"22\"><span class=\"versanumer_2007\">22<\/span><\/a> Og fr\u00e6\u00f0imennirnir, er komnir voru ofan fr\u00e1 Jer\u00fasalem, s\u00f6g\u00f0u: \u201eBeelseb\u00fal er \u00ed honum. Me\u00f0 fulltingi h\u00f6f\u00f0ingja illra anda rekur hann \u00fat illu andana.\u201c <br \/> <a name=\"23\"><span class=\"versanumer_2007\">23<\/span><\/a> En Jes\u00fas kalla\u00f0i \u00fe\u00e1 til s\u00edn og m\u00e6lti vi\u00f0 \u00fe\u00e1 \u00ed l\u00edkingum: \u201eHvernig getur Satan reki\u00f0 Satan \u00fat? <a name=\"24\"><span class=\"versanumer_2007\">24<\/span><\/a> Ver\u00f0i r\u00edki sj\u00e1lfu s\u00e9r sundur\u00feykkt f\u00e6r \u00fea\u00f0 r\u00edki eigi sta\u00f0ist <a name=\"25\"><span class=\"versanumer_2007\">25<\/span><\/a> og ver\u00f0i heimili sj\u00e1lfu s\u00e9r sundur\u00feykkt f\u00e6r \u00fea\u00f0 heimili eigi sta\u00f0ist. <a name=\"26\"><span class=\"versanumer_2007\">26<\/span><\/a> S\u00e9 n\u00fa Satan risinn gegn sj\u00e1lfum s\u00e9r og or\u00f0inn s\u00e9r sundur\u00feykkur f\u00e6r hann ekki sta\u00f0ist, \u00fe\u00e1 er \u00fati um hann. <br \/> <a name=\"27\"><span class=\"versanumer_2007\">27<\/span><\/a> Enginn getur brotist inn \u00ed h\u00fas hins sterka og r\u00e6nt eigum hans nema hann bindi \u00e1\u00f0ur hinn sterka, \u00fe\u00e1 getur hann r\u00e6nt h\u00fas hans. <br \/> <a name=\"28\"><span class=\"versanumer_2007\">28<\/span><\/a> Sannlega segi \u00e9g ykkur: Allt ver\u00f0ur mannanna b\u00f6rnum fyrirgefi\u00f0, allar syndir \u00feeirra og lastm\u00e6lin, hve mj\u00f6g sem \u00feau kunna a\u00f0 lastm\u00e6la, <a name=\"29\"><span class=\"versanumer_2007\">29<\/span><\/a> en s\u00e1 sem lastm\u00e6lir gegn heil\u00f6gum anda f\u00e6r eigi fyrirgefningu um aldur, hann er sekur um eil\u00edfa synd.\u201c <a name=\"30\"><span class=\"versanumer_2007\">30<\/span><\/a> En \u00feeir h\u00f6f\u00f0u sagt: \u201e\u00d3hreinn andi er \u00ed honum.\u201c <\/p>\n<h3 class=\"millifyrirsogn_2007\">M\u00f3\u00f0ir og br\u00e6\u00f0ur<\/h3>\n<p><a name=\"31\"><span class=\"versanumer_2007\">31<\/span><\/a> N\u00fa koma m\u00f3\u00f0ir Jes\u00fa og br\u00e6\u00f0ur, standa \u00fati og gera honum or\u00f0 a\u00f0 koma. <a name=\"32\"><span class=\"versanumer_2007\">32<\/span><\/a> Mikill fj\u00f6ldi sat \u00ed kringum hann og var honum sagt: \u201eM\u00f3\u00f0ir \u00fe\u00edn, br\u00e6\u00f0ur og systur eru h\u00e9r \u00fati og spyrja eftir \u00fe\u00e9r.\u201c <br \/> <a name=\"33\"><span class=\"versanumer_2007\">33<\/span><\/a> Jes\u00fas svarar \u00feeim: \u201eHver er m\u00f3\u00f0ir m\u00edn og br\u00e6\u00f0ur?\u201c <a name=\"34\"><span class=\"versanumer_2007\">34<\/span><\/a> Og hann leit \u00e1 \u00feau er kringum hann s\u00e1tu og segir: \u201eH\u00e9r er m\u00f3\u00f0ir m\u00edn og br\u00e6\u00f0ur m\u00ednir! <a name=\"35\"><span class=\"versanumer_2007\">35<\/span><\/a> Hver sem gerir vilja Gu\u00f0s, s\u00e1 er br\u00f3\u00f0ir minn, systir og m\u00f3\u00f0ir.\u201c <\/p>\n","protected":false},"excerpt":{"rendered":"<p>\u00c1 hv\u00edldardegi 1 \u00d6\u00f0ru sinni gekk Jes\u00fas \u00ed samkunduh\u00fas. \u00dear var ma\u00f0ur me\u00f0 visna h\u00f6nd 2 og h\u00f6f\u00f0u \u00feeir n\u00e1nar g\u00e6tur \u00e1 Jes\u00fa hvort hann l\u00e6kna\u00f0i hann \u00e1 hv\u00edldardegi. \u00deeir hug\u00f0ust k\u00e6ra hann. 3 Og Jes\u00fas segir vi\u00f0 manninn me\u00f0 visnu h\u00f6ndina: \u201eStatt upp og kom h\u00e9r fram!\u201c 4 S\u00ed\u00f0an spyr hann \u00fe\u00e1: \u201eHvort er heldur leyfilegt a\u00f0 gera gott e\u00f0a gera illt \u00e1 hv\u00edldardegi, bjarga l\u00edfi e\u00f0a dey\u00f0a?\u201c En \u00feeir \u00fe\u00f6g\u00f0u. 5 Og Jes\u00fas leit \u00e1 \u00fe\u00e1 me\u00f0 rei\u00f0isvip, hvern \u00e1 eftir \u00f6\u00f0rum, s\u00e1rhryggur yfir har\u00f0\u00fa\u00f0 hjartna \u00feeirra og sag\u00f0i vi\u00f0 manninn: \u201eR\u00e9ttu fram h\u00f6nd \u00fe\u00edna.\u201c Hann r\u00e9tti fram <a href=\"https:\/\/biblian.is\/biblian\/markusargudspjall-3-kafli\/\"> [&#8230;]<\/a><\/p>\n","protected":false},"author":1,"featured_media":0,"parent":0,"menu_order":0,"comment_status":"open","ping_status":"open","template":"bibliukaflar_NT.php","meta":{"footnotes":""},"class_list":["post-2577","page","type-page","status-publish","hentry"],"_links":{"self":[{"href":"https:\/\/biblian.is\/biblian\/wp-json\/wp\/v2\/pages\/2577","targetHints":{"allow":["GET"]}}],"collection":[{"href":"https:\/\/biblian.is\/biblian\/wp-json\/wp\/v2\/pages"}],"about":[{"href":"https:\/\/biblian.is\/biblian\/wp-json\/wp\/v2\/types\/page"}],"author":[{"embeddable":true,"href":"https:\/\/biblian.is\/biblian\/wp-json\/wp\/v2\/users\/1"}],"replies":[{"embeddable":true,"href":"https:\/\/biblian.is\/biblian\/wp-json\/wp\/v2\/comments?post=2577"}],"version-history":[{"count":0,"href":"https:\/\/biblian.is\/biblian\/wp-json\/wp\/v2\/pages\/2577\/revisions"}],"wp:attachment":[{"href":"https:\/\/biblian.is\/biblian\/wp-json\/wp\/v2\/media?parent=2577"}],"curies":[{"name":"wp","href":"https:\/\/api.w.org\/{rel}","templated":true}]}}