{"id":2568,"date":"2017-12-30T21:03:44","date_gmt":"2017-12-30T21:03:44","guid":{"rendered":"http:\/\/biblian.is\/biblian\/matteusargu_spjall-22-kafli\/"},"modified":"2019-08-26T22:35:29","modified_gmt":"2019-08-26T22:35:29","slug":"matteusargudspjall-22-kafli","status":"publish","type":"page","link":"https:\/\/biblian.is\/biblian\/matteusargudspjall-22-kafli\/","title":{"rendered":"Matteusargu\u00f0spjall 22. kafli"},"content":{"rendered":"<h3 class=\"millifyrirsogn_2007\"> Bo\u00f0i\u00f0 til br\u00fa\u00f0kaups<\/h3>\n<p><a name=\"1\"><span class=\"versanumer_2007\">1<\/span><\/a> \u00de\u00e1 t\u00f3k Jes\u00fas enn a\u00f0 segja \u00feeim d\u00e6mis\u00f6gu: <a name=\"2\"><span class=\"versanumer_2007\">2<\/span><\/a> \u201eL\u00edkt er um himnar\u00edki og konung einn sem ger\u00f0i br\u00fa\u00f0kaup sonar s\u00edns. <a name=\"3\"><span class=\"versanumer_2007\">3<\/span><\/a> Hann sendi \u00fej\u00f3na s\u00edna a\u00f0 kalla bo\u00f0sgestina til br\u00fa\u00f0kaupsins en \u00feeir vildu ekki koma. <a name=\"4\"><span class=\"versanumer_2007\">4<\/span><\/a> Aftur sendi hann a\u00f0ra \u00fej\u00f3na og m\u00e6lti: Segi\u00f0 bo\u00f0sgestunum: Veislu m\u00edna hef \u00e9g b\u00fai\u00f0, uxum m\u00ednum og alif\u00e9 er sl\u00e1tra\u00f0 og allt er tilb\u00fai\u00f0, komi\u00f0 \u00ed br\u00fa\u00f0kaupi\u00f0. <a name=\"5\"><span class=\"versanumer_2007\">5<\/span><\/a> En bo\u00f0sgestirnir skeyttu \u00fev\u00ed ekki. Einn f\u00f3r \u00e1 akur sinn, annar til kaupskapar s\u00edns <a name=\"6\"><span class=\"versanumer_2007\">6<\/span><\/a> en hinir t\u00f3ku \u00fej\u00f3na hans, mis\u00feyrmdu \u00feeim og dr\u00e1pu. <br \/> <a name=\"7\"><span class=\"versanumer_2007\">7<\/span><\/a> Konungur reiddist, sendi \u00fat her sinn og l\u00e9t tort\u00edma mor\u00f0ingjum \u00feessum og brenna borg \u00feeirra. <a name=\"8\"><span class=\"versanumer_2007\">8<\/span><\/a> S\u00ed\u00f0an segir hann vi\u00f0 \u00fej\u00f3na s\u00edna: Br\u00fa\u00f0kaupsveislan er tilb\u00fain en bo\u00f0sgestirnir voru ekki ver\u00f0ugir. <a name=\"9\"><span class=\"versanumer_2007\">9<\/span><\/a> Fari\u00f0 \u00fev\u00ed \u00fat \u00e1 str\u00e6ti og torg og bj\u00f3\u00f0i\u00f0 \u00ed br\u00fa\u00f0kaupi\u00f0 hverjum \u00feeim sem \u00fei\u00f0 finni\u00f0. <a name=\"10\"><span class=\"versanumer_2007\">10<\/span><\/a> \u00dej\u00f3narnir f\u00f3ru \u00fat \u00e1 vegina og s\u00f6fnu\u00f0u \u00f6llum, sem \u00feeir fundu, vondum og g\u00f3\u00f0um, svo a\u00f0 br\u00fa\u00f0kaupssalurinn var\u00f0 alskipa\u00f0ur gestum. <br \/> <a name=\"11\"><span class=\"versanumer_2007\">11<\/span><\/a> Konungur gekk \u00fe\u00e1 inn a\u00f0 sj\u00e1 gestina og leit \u00fear mann sem var ekki b\u00fainn br\u00fa\u00f0kaupskl\u00e6\u00f0um. <a name=\"12\"><span class=\"versanumer_2007\">12<\/span><\/a> Hann segir vi\u00f0 hann: Vinur, hvernig ert \u00fe\u00fa hinga\u00f0 kominn og ert ekki \u00ed br\u00fa\u00f0kaupskl\u00e6\u00f0um? Ma\u00f0urinn gat engu svara\u00f0. <a name=\"13\"><span class=\"versanumer_2007\">13<\/span><\/a> Konungur sag\u00f0i \u00fe\u00e1 vi\u00f0 \u00fej\u00f3na s\u00edna: Bindi\u00f0 hann \u00e1 h\u00f6ndum og f\u00f3tum og varpi\u00f0 honum \u00ed ystu myrkur. \u00dear ver\u00f0ur gr\u00e1tur og gn\u00edstran tanna. <a name=\"14\"><span class=\"versanumer_2007\">14<\/span><\/a> \u00dev\u00ed a\u00f0 margir eru kalla\u00f0ir en f\u00e1ir \u00fatvaldir.\u201c <\/p>\n<h3 class=\"millifyrirsogn_2007\">Keisarinn og Gu\u00f0<\/h3>\n<p><a name=\"15\"><span class=\"versanumer_2007\">15<\/span><\/a> \u00de\u00e1 gengu far\u00edsearnir burt og t\u00f3ku saman r\u00e1\u00f0 s\u00edn hvernig \u00feeir g\u00e6tu fl\u00e6kt Jes\u00fa \u00ed or\u00f0um. <a name=\"16\"><span class=\"versanumer_2007\">16<\/span><\/a> \u00deeir senda til hans l\u00e6risveina s\u00edna \u00e1samt Her\u00f3desarsinnum og \u00feeir segja: \u201eMeistari, vi\u00f0 vitum a\u00f0 \u00fe\u00fa ert sannor\u00f0ur og kennir Gu\u00f0s veg \u00ed sannleika, \u00fe\u00fa hir\u00f0ir ekki um \u00e1lit neins enda gerir \u00fe\u00fa \u00fe\u00e9r engan mannamun. <a name=\"17\"><span class=\"versanumer_2007\">17<\/span><\/a> Seg okkur \u00fev\u00ed hva\u00f0 \u00fe\u00e9r l\u00edst? Leyfist a\u00f0 gjalda keisaranum skatt e\u00f0a ekki?\u201c <br \/> <a name=\"18\"><span class=\"versanumer_2007\">18<\/span><\/a> Jes\u00fas \u00feekkti illsku \u00feeirra og sag\u00f0i: \u201eHvers vegna leggi\u00f0 \u00fei\u00f0 sn\u00f6ru fyrir mig, hr\u00e6snarar? <a name=\"19\"><span class=\"versanumer_2007\">19<\/span><\/a> S\u00fdni\u00f0 m\u00e9r peninginn sem goldinn er \u00ed skatt.\u201c <br \/>\u00deeir fengu honum denar. <a name=\"20\"><span class=\"versanumer_2007\">20<\/span><\/a> Hann spyr: \u201eHvers mynd og nafn er \u00e1 peningnum?\u201c <br \/> <a name=\"21\"><span class=\"versanumer_2007\">21<\/span><\/a> \u00deeir svara: \u201eKeisarans.\u201c Hann segir: \u201eGjaldi\u00f0 \u00fe\u00e1 keisaranum \u00fea\u00f0 sem keisarans er og Gu\u00f0i \u00fea\u00f0 sem Gu\u00f0s er.\u201c <br \/> <a name=\"22\"><span class=\"versanumer_2007\">22<\/span><\/a> \u00deegar \u00feeir heyr\u00f0u \u00feetta undru\u00f0ust \u00feeir, yfirg\u00e1fu hann og gengu burt. <\/p>\n<h3 class=\"millifyrirsogn_2007\">Gu\u00f0 lifenda<\/h3>\n<p><a name=\"23\"><span class=\"versanumer_2007\">23<\/span><\/a> Sama dag komu sadd\u00fakear til Jes\u00fa, en \u00feeir neita \u00fev\u00ed a\u00f0 upprisa s\u00e9 til, og s\u00f6g\u00f0u vi\u00f0 hann: <a name=\"24\"><span class=\"versanumer_2007\">24<\/span><\/a> \u201eMeistari, M\u00f3se segir: Deyi ma\u00f0ur barnlaus \u00fe\u00e1 skal br\u00f3\u00f0ir hans ganga a\u00f0 eiga konu hans og vekja honum ni\u00f0ja. <a name=\"25\"><span class=\"versanumer_2007\">25<\/span><\/a> H\u00e9r voru me\u00f0 okkur sj\u00f6 br\u00e6\u00f0ur. S\u00e1 fyrsti kv\u00e6ntist og d\u00f3. Hann \u00e1tti engan ni\u00f0ja og eftirl\u00e9t \u00fev\u00ed br\u00f3\u00f0ur s\u00ednum konuna. <a name=\"26\"><span class=\"versanumer_2007\">26<\/span><\/a> Eins var\u00f0 um n\u00e6sta og \u00feri\u00f0ja og \u00fe\u00e1 alla sj\u00f6. <a name=\"27\"><span class=\"versanumer_2007\">27<\/span><\/a> S\u00ed\u00f0ast allra d\u00f3 konan. <a name=\"28\"><span class=\"versanumer_2007\">28<\/span><\/a> Kona hvers \u00feeirra sj\u00f6 ver\u00f0ur h\u00fan \u00ed upprisunni? Allir h\u00f6f\u00f0u \u00feeir \u00e1tt hana.\u201c <br \/> <a name=\"29\"><span class=\"versanumer_2007\">29<\/span><\/a> En Jes\u00fas svara\u00f0i \u00feeim: \u201e\u00dei\u00f0 villist \u00fev\u00ed a\u00f0 \u00fei\u00f0 \u00feekki\u00f0 ekki ritningarnar n\u00e9 m\u00e1tt Gu\u00f0s. <a name=\"30\"><span class=\"versanumer_2007\">30<\/span><\/a> \u00cd upprisunni kv\u00e6nast menn hvorki n\u00e9 giftast. \u00deeir eru sem englar \u00e1 himni. <a name=\"31\"><span class=\"versanumer_2007\">31<\/span><\/a> En um upprisu dau\u00f0ra \u00e6ttu\u00f0 \u00fei\u00f0 a\u00f0 hafa lesi\u00f0 \u00fea\u00f0 sem Gu\u00f0 segir vi\u00f0 ykkur: <a name=\"32\"><span class=\"versanumer_2007\">32<\/span><\/a> \u00c9g er Gu\u00f0 Abrahams, Gu\u00f0 \u00cdsaks og Gu\u00f0 Jakobs. Ekki er hann Gu\u00f0 dau\u00f0ra heldur lifenda.\u201c <br \/> <a name=\"33\"><span class=\"versanumer_2007\">33<\/span><\/a> En mannfj\u00f6ldinn hl\u00fdddi \u00e1 og undra\u00f0ist mj\u00f6g kenningu hans. <\/p>\n<h3 class=\"millifyrirsogn_2007\">Hi\u00f0 \u00e6\u00f0sta bo\u00f0or\u00f0<\/h3>\n<p><a name=\"34\"><span class=\"versanumer_2007\">34<\/span><\/a> \u00deegar far\u00edsear heyr\u00f0u a\u00f0 Jes\u00fas haf\u00f0i gert sadd\u00fakea or\u00f0lausa komu \u00feeir saman. <a name=\"35\"><span class=\"versanumer_2007\">35<\/span><\/a> Og einn \u00feeirra, sem var l\u00f6gvitringur, vildi reyna hann og spur\u00f0i: <a name=\"36\"><span class=\"versanumer_2007\">36<\/span><\/a> \u201eMeistari, hvert er hi\u00f0 \u00e6\u00f0sta bo\u00f0or\u00f0 \u00ed l\u00f6gm\u00e1linu?\u201c <br \/> <a name=\"37\"><span class=\"versanumer_2007\">37<\/span><\/a> Jes\u00fas svara\u00f0i honum: \u201eElska skalt \u00fe\u00fa Drottin, Gu\u00f0 \u00feinn, af \u00f6llu hjarta \u00fe\u00ednu, allri s\u00e1lu \u00feinni og \u00f6llum huga \u00fe\u00ednum. <a name=\"38\"><span class=\"versanumer_2007\">38<\/span><\/a> \u00deetta er hi\u00f0 \u00e6\u00f0sta og fremsta bo\u00f0or\u00f0. <a name=\"39\"><span class=\"versanumer_2007\">39<\/span><\/a> Anna\u00f0 er hli\u00f0st\u00e6tt \u00feessu: \u00de\u00fa skalt elska n\u00e1unga \u00feinn eins og sj\u00e1lfan \u00feig. <a name=\"40\"><span class=\"versanumer_2007\">40<\/span><\/a> \u00c1 \u00feessum tveimur bo\u00f0or\u00f0um hv\u00edlir allt l\u00f6gm\u00e1li\u00f0 og sp\u00e1mennirnir.\u201c <\/p>\n<h3 class=\"millifyrirsogn_2007\">Kristur er Drottinn<\/h3>\n<p><a name=\"41\"><span class=\"versanumer_2007\">41<\/span><\/a> \u00deegar far\u00edsearnir voru saman komnir spur\u00f0i Jes\u00fas \u00fe\u00e1: <a name=\"42\"><span class=\"versanumer_2007\">42<\/span><\/a> \u201eHva\u00f0 vir\u00f0ist ykkur um Krist? Hvers son er hann?\u201c <br \/>\u00deeir svara: \u201eDav\u00ed\u00f0s.\u201c <br \/> <a name=\"43\"><span class=\"versanumer_2007\">43<\/span><\/a> Hann segir: \u201eHvernig getur \u00fe\u00e1 Dav\u00ed\u00f0, innbl\u00e1sinn andanum, kalla\u00f0 hann drottin? Hann segir: <br \/> <span class=\"ljodatexti\"> <a name=\"44\"><span class=\"versanumer_ljod\">44<\/span><\/a> Drottinn sag\u00f0i vi\u00f0 minn drottin: <br \/>Set \u00feig m\u00e9r til h\u00e6gri handar <br \/>\u00feanga\u00f0 til \u00e9g geri \u00f3vini \u00fe\u00edna a\u00f0 f\u00f3tsk\u00f6r \u00feinni. <\/span> <br \/> <a name=\"45\"><span class=\"versanumer_2007\">45<\/span><\/a> Fyrst Dav\u00ed\u00f0 kallar hann drottin, hvernig getur hann \u00fe\u00e1 veri\u00f0 sonur hans?\u201c <br \/> <a name=\"46\"><span class=\"versanumer_2007\">46<\/span><\/a> Enginn gat svara\u00f0 Jes\u00fa einu or\u00f0i og fr\u00e1 \u00feeim degi \u00feor\u00f0i enginn a\u00f0 spyrja hann neins framar. <\/p>\n","protected":false},"excerpt":{"rendered":"<p>Bo\u00f0i\u00f0 til br\u00fa\u00f0kaups 1 \u00de\u00e1 t\u00f3k Jes\u00fas enn a\u00f0 segja \u00feeim d\u00e6mis\u00f6gu: 2 \u201eL\u00edkt er um himnar\u00edki og konung einn sem ger\u00f0i br\u00fa\u00f0kaup sonar s\u00edns. 3 Hann sendi \u00fej\u00f3na s\u00edna a\u00f0 kalla bo\u00f0sgestina til br\u00fa\u00f0kaupsins en \u00feeir vildu ekki koma. 4 Aftur sendi hann a\u00f0ra \u00fej\u00f3na og m\u00e6lti: Segi\u00f0 bo\u00f0sgestunum: Veislu m\u00edna hef \u00e9g b\u00fai\u00f0, uxum m\u00ednum og alif\u00e9 er sl\u00e1tra\u00f0 og allt er tilb\u00fai\u00f0, komi\u00f0 \u00ed br\u00fa\u00f0kaupi\u00f0. 5 En bo\u00f0sgestirnir skeyttu \u00fev\u00ed ekki. Einn f\u00f3r \u00e1 akur sinn, annar til kaupskapar s\u00edns 6 en hinir t\u00f3ku \u00fej\u00f3na hans, mis\u00feyrmdu \u00feeim og dr\u00e1pu. 7 Konungur reiddist, sendi \u00fat her sinn <a href=\"https:\/\/biblian.is\/biblian\/matteusargudspjall-22-kafli\/\"> [&#8230;]<\/a><\/p>\n","protected":false},"author":1,"featured_media":0,"parent":0,"menu_order":0,"comment_status":"open","ping_status":"open","template":"bibliukaflar_NT.php","meta":{"footnotes":""},"class_list":["post-2568","page","type-page","status-publish","hentry"],"_links":{"self":[{"href":"https:\/\/biblian.is\/biblian\/wp-json\/wp\/v2\/pages\/2568","targetHints":{"allow":["GET"]}}],"collection":[{"href":"https:\/\/biblian.is\/biblian\/wp-json\/wp\/v2\/pages"}],"about":[{"href":"https:\/\/biblian.is\/biblian\/wp-json\/wp\/v2\/types\/page"}],"author":[{"embeddable":true,"href":"https:\/\/biblian.is\/biblian\/wp-json\/wp\/v2\/users\/1"}],"replies":[{"embeddable":true,"href":"https:\/\/biblian.is\/biblian\/wp-json\/wp\/v2\/comments?post=2568"}],"version-history":[{"count":0,"href":"https:\/\/biblian.is\/biblian\/wp-json\/wp\/v2\/pages\/2568\/revisions"}],"wp:attachment":[{"href":"https:\/\/biblian.is\/biblian\/wp-json\/wp\/v2\/media?parent=2568"}],"curies":[{"name":"wp","href":"https:\/\/api.w.org\/{rel}","templated":true}]}}