{"id":2567,"date":"2017-12-30T21:03:44","date_gmt":"2017-12-30T21:03:44","guid":{"rendered":"http:\/\/biblian.is\/biblian\/matteusargu_spjall-21-kafli\/"},"modified":"2019-08-26T22:35:29","modified_gmt":"2019-08-26T22:35:29","slug":"matteusargudspjall-21-kafli","status":"publish","type":"page","link":"https:\/\/biblian.is\/biblian\/matteusargudspjall-21-kafli\/","title":{"rendered":"Matteusargu\u00f0spjall 21. kafli"},"content":{"rendered":"<h3 class=\"millifyrirsogn_2007\"> Jes\u00fa fagna\u00f0<\/h3>\n<p><a name=\"1\"><span class=\"versanumer_2007\">1<\/span><\/a> \u00deegar \u00feeir n\u00e1lgu\u00f0ust Jer\u00fasalem og komu til Betfage vi\u00f0 Ol\u00edufjalli\u00f0 sendi Jes\u00fas tvo l\u00e6risveina <a name=\"2\"><span class=\"versanumer_2007\">2<\/span><\/a> og sag\u00f0i vi\u00f0 \u00fe\u00e1: \u201eFari\u00f0 \u00ed \u00feorpi\u00f0 h\u00e9r fram undan ykkur og jafnskj\u00f3tt munu\u00f0 \u00fei\u00f0 finna \u00f6snu bundna og fola hj\u00e1 henni. Leysi\u00f0 \u00feau og f\u00e6ri\u00f0 m\u00e9r. <a name=\"3\"><span class=\"versanumer_2007\">3<\/span><\/a> Ef einhver hefur or\u00f0 um, \u00fe\u00e1 svari\u00f0: Drottinn<span class=\"nedan_mal\" title=\" E\u00f0a: Eigandi \u00feeirra.\">[<\/span> \u00fearf \u00feeirra vi\u00f0, og mun hann jafnskj\u00f3tt senda \u00feau.\u201c <br \/> <a name=\"4\"><span class=\"versanumer_2007\">4<\/span><\/a> \u00deetta var\u00f0 svo a\u00f0 r\u00e6ttist \u00fea\u00f0 sem sp\u00e1ma\u00f0urinn sag\u00f0i fyrir um: <br \/> <span class=\"ljodatexti\"> <a name=\"5\"><span class=\"versanumer_ljod\">5<\/span><\/a>Segi\u00f0 d\u00f3tturinni S\u00edon: <br \/>Konungur \u00feinn kemur til \u00fe\u00edn, <br \/>h\u00f3gv\u00e6r er hann og r\u00ed\u00f0ur asna, <br \/>fola undan \u00e1bur\u00f0argrip. <\/span> <br \/> <a name=\"6\"><span class=\"versanumer_2007\">6<\/span><\/a> L\u00e6risveinarnir f\u00f3ru og ger\u00f0u sem Jes\u00fas haf\u00f0i bo\u00f0i\u00f0 \u00feeim, <a name=\"7\"><span class=\"versanumer_2007\">7<\/span><\/a> komu me\u00f0 \u00f6snuna og folann og l\u00f6g\u00f0u \u00e1 \u00feau kl\u00e6\u00f0i s\u00edn en Jes\u00fas steig \u00e1 bak. <a name=\"8\"><span class=\"versanumer_2007\">8<\/span><\/a> Fj\u00f6ldamargir breiddu kl\u00e6\u00f0i s\u00edn \u00e1 veginn en a\u00f0rir hjuggu greinar af trj\u00e1num og l\u00f6g\u00f0u \u00e1 veginn. <a name=\"9\"><span class=\"versanumer_2007\">9<\/span><\/a> Og m\u00fagur s\u00e1 sem \u00e1 undan f\u00f3r og eftir fylgdi hr\u00f3pa\u00f0i: \u201eH\u00f3sanna syni Dav\u00ed\u00f0s! Blessa\u00f0ur s\u00e9 s\u00e1 sem kemur \u00ed nafni Drottins! H\u00f3sanna \u00ed h\u00e6stum h\u00e6\u00f0um!\u201c <br \/> <a name=\"10\"><span class=\"versanumer_2007\">10<\/span><\/a> \u00deegar Jes\u00fas kom inn \u00ed Jer\u00fasalem var\u00f0 \u00f6ll borgin \u00ed uppn\u00e1mi og menn spur\u00f0u: \u201eHver er hann?\u201c <br \/> <a name=\"11\"><span class=\"versanumer_2007\">11<\/span><\/a> F\u00f3lki\u00f0 svara\u00f0i: \u201e\u00dea\u00f0 er sp\u00e1ma\u00f0urinn Jes\u00fas fr\u00e1 Nasaret \u00ed Gal\u00edleu.\u201c <\/p>\n<h3 class=\"millifyrirsogn_2007\">H\u00fas mitt b\u00e6nah\u00fas<\/h3>\n<p><a name=\"12\"><span class=\"versanumer_2007\">12<\/span><\/a> \u00de\u00e1 gekk Jes\u00fas \u00ed helgid\u00f3minn og rak \u00fat alla sem voru a\u00f0 selja \u00fear og kaupa, hratt um bor\u00f0um v\u00edxlaranna og st\u00f3lum d\u00fafnasalanna <a name=\"13\"><span class=\"versanumer_2007\">13<\/span><\/a> og m\u00e6lti vi\u00f0 \u00fe\u00e1: \u201eRita\u00f0 er: H\u00fas mitt \u00e1 a\u00f0 vera b\u00e6nah\u00fas en \u00fei\u00f0 geri\u00f0 \u00fea\u00f0 a\u00f0 r\u00e6ningjab\u00e6li.\u201c <br \/> <a name=\"14\"><span class=\"versanumer_2007\">14<\/span><\/a> Blindir og haltir komu til Jes\u00fa \u00ed helgid\u00f3minum og hann l\u00e6kna\u00f0i \u00fe\u00e1. <a name=\"15\"><span class=\"versanumer_2007\">15<\/span><\/a> \u00c6\u00f0stu prestarnir og fr\u00e6\u00f0imennirnir s\u00e1u d\u00e1semdarverkin sem hann ger\u00f0i og heyr\u00f0u b\u00f6rnin hr\u00f3pa \u00ed helgid\u00f3minum: \u201eH\u00f3sanna syni Dav\u00ed\u00f0s!\u201c \u00deeir ur\u00f0u gramir vi\u00f0 <a name=\"16\"><span class=\"versanumer_2007\">16<\/span><\/a> og s\u00f6g\u00f0u vi\u00f0 Jes\u00fa: \u201eHeyrir \u00fe\u00fa hva\u00f0 \u00feau segja?\u201c <br \/>Jes\u00fas svara\u00f0i \u00feeim: \u201eJ\u00e1, hafi\u00f0 \u00fei\u00f0 aldrei lesi\u00f0 \u00feetta: Af munni barna og brj\u00f3stmylkinga b\u00fdr\u00f0 \u00fe\u00fa \u00fe\u00e9r lof?\u201c <br \/> <a name=\"17\"><span class=\"versanumer_2007\">17<\/span><\/a> Hann f\u00f3r fr\u00e1 \u00feeim og \u00far borginni til Betan\u00edu og haf\u00f0i \u00fear n\u00e1ttsta\u00f0. <\/p>\n<h3 class=\"millifyrirsogn_2007\">F\u00edkjutr\u00e9 vi\u00f0 veginn<\/h3>\n<p><a name=\"18\"><span class=\"versanumer_2007\">18<\/span><\/a> \u00c1rla morguns h\u00e9lt Jes\u00fas aftur til borgarinnar og kenndi hungurs. <a name=\"19\"><span class=\"versanumer_2007\">19<\/span><\/a> Hann s\u00e1 f\u00edkjutr\u00e9 eitt vi\u00f0 veginn og gekk a\u00f0 \u00fev\u00ed en fann \u00fear ekkert nema bl\u00f6\u00f0in t\u00f3m. Hann segir vi\u00f0 \u00fea\u00f0: \u201eAldrei framar vaxi \u00e1v\u00f6xtur \u00e1 \u00fe\u00e9r a\u00f0 eil\u00edfu.\u201c Og f\u00edkjutr\u00e9\u00f0 visna\u00f0i \u00feegar \u00ed sta\u00f0. <br \/> <a name=\"20\"><span class=\"versanumer_2007\">20<\/span><\/a> L\u00e6risveinarnir s\u00e1u \u00feetta, undru\u00f0ust og s\u00f6g\u00f0u: \u201eHvernig gat f\u00edkjutr\u00e9\u00f0 visna\u00f0 svo flj\u00f3tt?\u201c <br \/> <a name=\"21\"><span class=\"versanumer_2007\">21<\/span><\/a> Jes\u00fas svara\u00f0i \u00feeim: \u201eSannlega segi \u00e9g ykkur: Ef \u00fei\u00f0 eigi\u00f0 tr\u00fa og efist ekki geti\u00f0 \u00fei\u00f0 ekki a\u00f0eins gert sl\u00edkt sem fram kom vi\u00f0 f\u00edkjutr\u00e9\u00f0. \u00dei\u00f0 g\u00e6tu\u00f0 enda sagt vi\u00f0 fjall \u00feetta: Lyft \u00fe\u00e9r upp og steyp \u00fe\u00e9r \u00ed hafi\u00f0, og svo mundi fara. <a name=\"22\"><span class=\"versanumer_2007\">22<\/span><\/a> Ef \u00fei\u00f0 tr\u00fai\u00f0 munu\u00f0 \u00fei\u00f0 \u00f6\u00f0last allt sem \u00fei\u00f0 bi\u00f0ji\u00f0.\u201c <\/p>\n<h3 class=\"millifyrirsogn_2007\">Me\u00f0 hva\u00f0a valdi?<\/h3>\n<p><a name=\"23\"><span class=\"versanumer_2007\">23<\/span><\/a> Jes\u00fas gekk \u00ed helgid\u00f3minn. \u00de\u00e1 komu \u00e6\u00f0stu prestarnir og \u00f6ldungarnir til hans \u00fear sem hann var a\u00f0 kenna og spur\u00f0u: \u201eMe\u00f0 hva\u00f0a valdi gerir \u00fe\u00fa \u00feetta? Hver gaf \u00fe\u00e9r \u00feetta vald?\u201c <br \/> <a name=\"24\"><span class=\"versanumer_2007\">24<\/span><\/a> Jes\u00fas svara\u00f0i \u00feeim: \u201e\u00c9g vil og leggja eina spurningu fyrir ykkur. Ef \u00fei\u00f0 svari\u00f0 m\u00e9r mun \u00e9g segja ykkur me\u00f0 hva\u00f0a valdi \u00e9g geri \u00feetta. <a name=\"25\"><span class=\"versanumer_2007\">25<\/span><\/a> Hver f\u00f3l J\u00f3hannesi a\u00f0 sk\u00edra, var \u00fea\u00f0 Gu\u00f0 e\u00f0a voru \u00fea\u00f0 menn?\u201c \u00deeir r\u00e1\u00f0gu\u00f0ust hver vi\u00f0 annan um \u00feetta og s\u00f6g\u00f0u: \u201eEf vi\u00f0 sv\u00f6rum: \u00dea\u00f0 var Gu\u00f0, spyr hann: Hv\u00ed tr\u00fa\u00f0u\u00f0 \u00fei\u00f0 honum \u00fe\u00e1 ekki? <a name=\"26\"><span class=\"versanumer_2007\">26<\/span><\/a> Ef vi\u00f0 segjum: \u00dea\u00f0 voru menn, megum vi\u00f0 \u00f3ttast f\u00f3lki\u00f0 \u00fev\u00ed a\u00f0 allir telja J\u00f3hannes sp\u00e1mann.\u201c <a name=\"27\"><span class=\"versanumer_2007\">27<\/span><\/a> Og \u00feeir sv\u00f6ru\u00f0u Jes\u00fa: \u201eVi\u00f0 vitum \u00fea\u00f0 ekki.\u201c <br \/>Jes\u00fas sag\u00f0i vi\u00f0 \u00fe\u00e1: \u201e\u00c9g segi ykkur \u00fe\u00e1 ekki heldur hver f\u00f3l m\u00e9r a\u00f0 gera \u00feetta.\u201c <\/p>\n<h3 class=\"millifyrirsogn_2007\">Tveir synir<\/h3>\n<p><a name=\"28\"><span class=\"versanumer_2007\">28<\/span><\/a> Jes\u00fas sag\u00f0i: \u201eHva\u00f0 vir\u00f0ist ykkur? Ma\u00f0ur nokkur \u00e1tti tvo syni. Hann gekk til hins fyrra og sag\u00f0i: Sonur minn, far \u00fe\u00fa og vinn \u00ed dag \u00ed v\u00edngar\u00f0i m\u00ednum. <a name=\"29\"><span class=\"versanumer_2007\">29<\/span><\/a> Hann svara\u00f0i: \u00dea\u00f0 vil \u00e9g ekki. En eftir \u00e1 s\u00e1 hann sig um h\u00f6nd og f\u00f3r. <a name=\"30\"><span class=\"versanumer_2007\">30<\/span><\/a> \u00de\u00e1 gekk hann til hins s\u00ed\u00f0ara og m\u00e6lti \u00e1 s\u00f6mu lei\u00f0. Hann svara\u00f0i: J\u00e1, herra, en f\u00f3r hvergi. <a name=\"31\"><span class=\"versanumer_2007\">31<\/span><\/a> Hvor \u00feeirra ger\u00f0i vilja f\u00f6\u00f0urins?\u201c <br \/>\u00deeir svara: \u201eS\u00e1 fyrri.\u201c <br \/>\u00de\u00e1 m\u00e6lti Jes\u00fas: \u201eSannlega segi \u00e9g ykkur: Tollheimtumenn og sk\u00e6kjur ver\u00f0a \u00e1 undan ykkur inn \u00ed Gu\u00f0s r\u00edki. <a name=\"32\"><span class=\"versanumer_2007\">32<\/span><\/a> \u00dev\u00ed a\u00f0 J\u00f3hannes kom til ykkar og v\u00edsa\u00f0i ykkur \u00e1 r\u00e9ttan veg og \u00fei\u00f0 tr\u00fa\u00f0u\u00f0 honum ekki en tollheimtumenn og sk\u00e6kjur tr\u00fa\u00f0u honum. \u00dea\u00f0 s\u00e1u\u00f0 \u00fei\u00f0 en t\u00f3ku\u00f0 samt ekki sinnaskiptum og tr\u00fa\u00f0u\u00f0 honum.\u201c <\/p>\n<h3 class=\"millifyrirsogn_2007\">Vondir v\u00ednyrkjar<\/h3>\n<p><a name=\"33\"><span class=\"versanumer_2007\">33<\/span><\/a> Enn sag\u00f0i Jes\u00fas: \u201eHeyri\u00f0 a\u00f0ra d\u00e6mis\u00f6gu: Landeigandi nokkur planta\u00f0i v\u00edngar\u00f0. Hann hl\u00f3\u00f0 gar\u00f0 um hann, gr\u00f3f fyrir v\u00edn\u00fer\u00f6ng og reisti turn, seldi hann s\u00ed\u00f0an v\u00ednyrkjum \u00e1 leigu og f\u00f3r \u00far landi. <a name=\"34\"><span class=\"versanumer_2007\">34<\/span><\/a> \u00deegar \u00e1vaxtat\u00edminn n\u00e1lga\u00f0ist sendi hann \u00fej\u00f3na s\u00edna til v\u00ednyrkjanna a\u00f0 f\u00e1 \u00e1v\u00f6xt sinn. <a name=\"35\"><span class=\"versanumer_2007\">35<\/span><\/a> En v\u00ednyrkjarnir t\u00f3ku \u00fej\u00f3na hans, b\u00f6r\u00f0u einn, dr\u00e1pu annan og gr\u00fdttu hinn \u00feri\u00f0ja. <a name=\"36\"><span class=\"versanumer_2007\">36<\/span><\/a> Aftur sendi hann a\u00f0ra \u00fej\u00f3na, fleiri en \u00fe\u00e1 fyrri, og eins f\u00f3ru \u00feeir me\u00f0 \u00fe\u00e1. <a name=\"37\"><span class=\"versanumer_2007\">37<\/span><\/a> S\u00ed\u00f0ast sendi hann til \u00feeirra son sinn og sag\u00f0i: \u00deeir munu vir\u00f0a son minn. <a name=\"38\"><span class=\"versanumer_2007\">38<\/span><\/a> \u00deegar v\u00ednyrkjarnir s\u00e1u soninn s\u00f6g\u00f0u \u00feeir s\u00edn \u00e1 milli: \u00deetta er erfinginn. F\u00f6rum og drepum hann og n\u00e1um arfi hans. <a name=\"39\"><span class=\"versanumer_2007\">39<\/span><\/a> Og \u00feeir t\u00f3ku hann, k\u00f6stu\u00f0u honum \u00fat fyrir v\u00edngar\u00f0inn og dr\u00e1pu hann. <br \/> <a name=\"40\"><span class=\"versanumer_2007\">40<\/span><\/a> Hva\u00f0 mun n\u00fa eigandi v\u00edngar\u00f0sins gera vi\u00f0 v\u00ednyrkja \u00feessa \u00feegar hann kemur?\u201c <br \/> <a name=\"41\"><span class=\"versanumer_2007\">41<\/span><\/a> \u00deeir svara: \u201eHann mun v\u00e6g\u00f0arlaust tort\u00edma \u00feeim vondu m\u00f6nnum og selja v\u00edngar\u00f0inn \u00f6\u00f0rum v\u00ednyrkjum \u00e1 leigu sem gjalda honum \u00e1v\u00f6xtinn \u00e1 r\u00e9ttum t\u00edma.\u201c <br \/> <a name=\"42\"><span class=\"versanumer_2007\">42<\/span><\/a> Og Jes\u00fas segir vi\u00f0 \u00fe\u00e1: \u201eHafi\u00f0 \u00fei\u00f0 aldrei lesi\u00f0 \u00ed ritningunum: <br \/> <span class=\"ljodatexti\"> Steinninn sem smi\u00f0irnir h\u00f6fnu\u00f0u <br \/>er or\u00f0inn a\u00f0 hyrningarsteini. <br \/>\u00deetta er verk Drottins <br \/>og undursamlegt \u00ed augum vorum. <\/span> <br \/> <a name=\"43\"><span class=\"versanumer_2007\">43<\/span><\/a> \u00deess vegna segi \u00e9g ykkur: Gu\u00f0s r\u00edki ver\u00f0ur teki\u00f0 fr\u00e1 ykkur og gefi\u00f0 \u00feeirri \u00fej\u00f3\u00f0 sem ber \u00e1vexti \u00feess. [ <a name=\"44\"><span class=\"versanumer_2007\">44<\/span><\/a> S\u00e1 sem fellur \u00e1 \u00feennan stein mun sundur molast og \u00feann sem hann fellur \u00e1 mun hann sundur merja.]\u201c<span class=\"nedan_mal\" title=\" Vantar \u00ed sum handrit.\">[<\/span> <br \/> <a name=\"45\"><span class=\"versanumer_2007\">45<\/span><\/a> \u00deegar \u00e6\u00f0stu prestarnir og far\u00edsearnir heyr\u00f0u d\u00e6mis\u00f6gur Jes\u00fa skildu \u00feeir a\u00f0 hann \u00e1tti vi\u00f0 \u00fe\u00e1. <a name=\"46\"><span class=\"versanumer_2007\">46<\/span><\/a> \u00deeir vildu taka hann h\u00f6ndum en \u00f3ttu\u00f0ust f\u00f3lki\u00f0 \u00fear e\u00f0 menn t\u00f6ldu hann vera sp\u00e1mann. <\/p>\n","protected":false},"excerpt":{"rendered":"<p>Jes\u00fa fagna\u00f0 1 \u00deegar \u00feeir n\u00e1lgu\u00f0ust Jer\u00fasalem og komu til Betfage vi\u00f0 Ol\u00edufjalli\u00f0 sendi Jes\u00fas tvo l\u00e6risveina 2 og sag\u00f0i vi\u00f0 \u00fe\u00e1: \u201eFari\u00f0 \u00ed \u00feorpi\u00f0 h\u00e9r fram undan ykkur og jafnskj\u00f3tt munu\u00f0 \u00fei\u00f0 finna \u00f6snu bundna og fola hj\u00e1 henni. Leysi\u00f0 \u00feau og f\u00e6ri\u00f0 m\u00e9r. 3 Ef einhver hefur or\u00f0 um, \u00fe\u00e1 svari\u00f0: Drottinn[ \u00fearf \u00feeirra vi\u00f0, og mun hann jafnskj\u00f3tt senda \u00feau.\u201c 4 \u00deetta var\u00f0 svo a\u00f0 r\u00e6ttist \u00fea\u00f0 sem sp\u00e1ma\u00f0urinn sag\u00f0i fyrir um: 5Segi\u00f0 d\u00f3tturinni S\u00edon: Konungur \u00feinn kemur til \u00fe\u00edn, h\u00f3gv\u00e6r er hann og r\u00ed\u00f0ur asna, fola undan \u00e1bur\u00f0argrip. 6 L\u00e6risveinarnir f\u00f3ru og ger\u00f0u sem Jes\u00fas haf\u00f0i <a href=\"https:\/\/biblian.is\/biblian\/matteusargudspjall-21-kafli\/\"> [&#8230;]<\/a><\/p>\n","protected":false},"author":1,"featured_media":0,"parent":0,"menu_order":0,"comment_status":"open","ping_status":"open","template":"bibliukaflar_NT.php","meta":{"footnotes":""},"class_list":["post-2567","page","type-page","status-publish","hentry"],"_links":{"self":[{"href":"https:\/\/biblian.is\/biblian\/wp-json\/wp\/v2\/pages\/2567","targetHints":{"allow":["GET"]}}],"collection":[{"href":"https:\/\/biblian.is\/biblian\/wp-json\/wp\/v2\/pages"}],"about":[{"href":"https:\/\/biblian.is\/biblian\/wp-json\/wp\/v2\/types\/page"}],"author":[{"embeddable":true,"href":"https:\/\/biblian.is\/biblian\/wp-json\/wp\/v2\/users\/1"}],"replies":[{"embeddable":true,"href":"https:\/\/biblian.is\/biblian\/wp-json\/wp\/v2\/comments?post=2567"}],"version-history":[{"count":0,"href":"https:\/\/biblian.is\/biblian\/wp-json\/wp\/v2\/pages\/2567\/revisions"}],"wp:attachment":[{"href":"https:\/\/biblian.is\/biblian\/wp-json\/wp\/v2\/media?parent=2567"}],"curies":[{"name":"wp","href":"https:\/\/api.w.org\/{rel}","templated":true}]}}