{"id":2563,"date":"2017-12-30T21:03:44","date_gmt":"2017-12-30T21:03:44","guid":{"rendered":"http:\/\/biblian.is\/biblian\/matteusargu_spjall-17-kafli\/"},"modified":"2019-08-26T22:35:28","modified_gmt":"2019-08-26T22:35:28","slug":"matteusargudspjall-17-kafli","status":"publish","type":"page","link":"https:\/\/biblian.is\/biblian\/matteusargudspjall-17-kafli\/","title":{"rendered":"Matteusargu\u00f0spjall 17. kafli"},"content":{"rendered":"<h3 class=\"millifyrirsogn_2007\"> Minn elska\u00f0i sonur<\/h3>\n<p><a name=\"1\"><span class=\"versanumer_2007\">1<\/span><\/a> Eftir sex daga tekur Jes\u00fas me\u00f0 s\u00e9r \u00fe\u00e1 P\u00e9tur, Jakob og J\u00f3hannes, br\u00f3\u00f0ur hans, og fer me\u00f0 \u00fe\u00e1 upp \u00e1 h\u00e1tt fjall a\u00f0 \u00feeir v\u00e6ru einir saman. <a name=\"2\"><span class=\"versanumer_2007\">2<\/span><\/a> \u00dear ummynda\u00f0ist hann fyrir augum \u00feeirra, \u00e1sj\u00f3na hans skein sem s\u00f3l og kl\u00e6\u00f0i hans ur\u00f0u bj\u00f6rt eins og lj\u00f3s. <a name=\"3\"><span class=\"versanumer_2007\">3<\/span><\/a> Og M\u00f3se og El\u00eda birtust \u00feeim og voru \u00feeir \u00e1 tali vi\u00f0 Jes\u00fa. <a name=\"4\"><span class=\"versanumer_2007\">4<\/span><\/a> P\u00e9tur t\u00f3k til m\u00e1ls og sag\u00f0i vi\u00f0 Jes\u00fa: \u201eDrottinn, gott er a\u00f0 vi\u00f0 erum h\u00e9r. Ef \u00fe\u00fa vilt skal \u00e9g gera h\u00e9r \u00ferj\u00e1r tjaldb\u00fa\u00f0ir, \u00fe\u00e9r eina, M\u00f3se eina og El\u00eda eina.\u201c <br \/> <a name=\"5\"><span class=\"versanumer_2007\">5<\/span><\/a> Me\u00f0an P\u00e9tur var enn a\u00f0 tala skygg\u00f0i yfir \u00fe\u00e1 bjart sk\u00fd og r\u00f6dd \u00far sk\u00fdinu sag\u00f0i: \u201e\u00deessi er minn elska\u00f0i sonur sem \u00e9g hef vel\u00fe\u00f3knun \u00e1. Hl\u00fd\u00f0i\u00f0 \u00e1 hann!\u201c <br \/> <a name=\"6\"><span class=\"versanumer_2007\">6<\/span><\/a> \u00deegar l\u00e6risveinarnir heyr\u00f0u \u00feetta f\u00e9llu \u00feeir fram \u00e1 \u00e1sj\u00f3nur s\u00ednar og hr\u00e6ddust mj\u00f6g. <a name=\"7\"><span class=\"versanumer_2007\">7<\/span><\/a> Jes\u00fas gekk til \u00feeirra, snart \u00fe\u00e1 og m\u00e6lti: \u201eR\u00edsi\u00f0 upp og \u00f3ttist ekki.\u201c <a name=\"8\"><span class=\"versanumer_2007\">8<\/span><\/a> En er \u00feeir h\u00f3fu upp augu s\u00edn s\u00e1u \u00feeir engan nema Jes\u00fa einan. <br \/> <a name=\"9\"><span class=\"versanumer_2007\">9<\/span><\/a> \u00c1 lei\u00f0inni ofan fjalli\u00f0 bau\u00f0 Jes\u00fas \u00feeim: \u201eSegi\u00f0 engum fr\u00e1 s\u00fdninni fyrr en Mannssonurinn er risinn upp fr\u00e1 dau\u00f0um.\u201c <br \/> <a name=\"10\"><span class=\"versanumer_2007\">10<\/span><\/a> L\u00e6risveinarnir spur\u00f0u hann: \u201eHv\u00ed segja fr\u00e6\u00f0imennirnir a\u00f0 El\u00eda eigi fyrst a\u00f0 koma?\u201c <br \/> <a name=\"11\"><span class=\"versanumer_2007\">11<\/span><\/a> Jes\u00fas svara\u00f0i: \u201eV\u00edst kemur El\u00eda og f\u00e6rir allt \u00ed lag. <a name=\"12\"><span class=\"versanumer_2007\">12<\/span><\/a> En \u00e9g segi ykkur: El\u00eda er \u00feegar kominn og menn \u00feekktu hann ekki heldur ger\u00f0u honum allt sem \u00feeir vildu. Eins munu \u00feeir l\u00e1ta Mannssoninn \u00feola p\u00edslir.\u201c <br \/> <a name=\"13\"><span class=\"versanumer_2007\">13<\/span><\/a> \u00de\u00e1 skildu l\u00e6risveinarnir a\u00f0 Jes\u00fas haf\u00f0i tala\u00f0 vi\u00f0 \u00fe\u00e1 um J\u00f3hannes sk\u00edrara. <\/p>\n<h3 class=\"millifyrirsogn_2007\">Hj\u00e1lpa \u00fe\u00fa<\/h3>\n<p><a name=\"14\"><span class=\"versanumer_2007\">14<\/span><\/a> \u00deegar \u00feeir komu til f\u00f3lksins gekk ma\u00f0ur til Jes\u00fa, f\u00e9ll \u00e1 kn\u00e9 fyrir honum <a name=\"15\"><span class=\"versanumer_2007\">15<\/span><\/a> og sag\u00f0i: \u201eDrottinn, miskunna \u00fe\u00fa syni m\u00ednum. Hann er tunglsj\u00fakur og illa haldinn. Oft fellur hann \u00e1 eld og oft \u00ed vatn. <a name=\"16\"><span class=\"versanumer_2007\">16<\/span><\/a> \u00c9g f\u00f3r me\u00f0 hann til l\u00e6risveina \u00feinna en \u00feeir g\u00e1tu ekki l\u00e6kna\u00f0 hann.\u201c <br \/> <a name=\"17\"><span class=\"versanumer_2007\">17<\/span><\/a> Jes\u00fas svara\u00f0i: \u201e\u00de\u00fa vantr\u00faa og rangsn\u00fana kynsl\u00f3\u00f0, hversu lengi \u00e1 \u00e9g a\u00f0 vera hj\u00e1 ykkur? Hversu lengi \u00e1 \u00e9g a\u00f0 umbera ykkur? F\u00e6ri\u00f0 hann hinga\u00f0 til m\u00edn.\u201c <a name=\"18\"><span class=\"versanumer_2007\">18<\/span><\/a> Og Jes\u00fas hasta\u00f0i \u00e1 hann og illi andinn f\u00f3r \u00far honum. Og sveinninn var\u00f0 heill fr\u00e1 \u00feeirri stundu. <br \/> <a name=\"19\"><span class=\"versanumer_2007\">19<\/span><\/a> \u00de\u00e1 komu l\u00e6risveinarnir til Jes\u00fa og spur\u00f0u hann einslega: \u201eHvers vegna g\u00e1tum vi\u00f0 ekki reki\u00f0 hann \u00fat?\u201c <br \/> <a name=\"20\"><span class=\"versanumer_2007\">20<\/span><\/a> Jes\u00fas svara\u00f0i \u00feeim: \u201eVegna \u00feess a\u00f0 ykkur skortir tr\u00fa. Sannlega segi \u00e9g ykkur: Ef \u00fei\u00f0 hafi\u00f0 tr\u00fa eins og mustar\u00f0skorn geti\u00f0 \u00fei\u00f0 sagt vi\u00f0 fjall \u00feetta: Flyt \u00feig h\u00e9\u00f0an og \u00feanga\u00f0 og \u00fea\u00f0 mun flytja sig. Ekkert ver\u00f0ur ykkur um megn. [ <a name=\"21\"><span class=\"versanumer_2007\">21<\/span><\/a> En \u00feetta kyn ver\u00f0ur eigi \u00fat reki\u00f0 nema me\u00f0 b\u00e6n og f\u00f6stu.]\u201c<span class=\"nedan_mal\" title=\" Vantar \u00ed sum handrit.\">[<\/span> <br \/> <a name=\"22\"><span class=\"versanumer_2007\">22<\/span><\/a> \u00deegar \u00feeir voru saman \u00ed Gal\u00edleu sag\u00f0i Jes\u00fas vi\u00f0 \u00fe\u00e1: \u201eMannssonurinn ver\u00f0ur framseldur \u00ed manna hendur <a name=\"23\"><span class=\"versanumer_2007\">23<\/span><\/a> og \u00feeir munu l\u00edfl\u00e1ta hann en \u00e1 \u00feri\u00f0ja degi mun hann upp r\u00edsa.\u201c <br \/> \u00deeir ur\u00f0u mj\u00f6g hryggir. <\/p>\n<h3 class=\"millifyrirsogn_2007\">Musterisgjaldi\u00f0<\/h3>\n<p><a name=\"24\"><span class=\"versanumer_2007\">24<\/span><\/a> \u00de\u00e1 er \u00feeir komu til Kaperna\u00fam gengu menn \u00feeir sem heimta inn musterisgjaldi\u00f0 til P\u00e9turs og spur\u00f0u: \u201eGeldur meistari ykkar eigi musterisgjaldi\u00f0?\u201c <a name=\"25\"><span class=\"versanumer_2007\">25<\/span><\/a> P\u00e9tur kva\u00f0 svo vera. <br \/>En er hann kom inn t\u00f3k Jes\u00fas fyrr til m\u00e1ls og m\u00e6lti: \u201eHva\u00f0 l\u00edst \u00fe\u00e9r, S\u00edmon? Af hverjum heimta konungar jar\u00f0arinnar toll e\u00f0a skatt? Af b\u00f6rnum s\u00ednum e\u00f0a vandalausum?\u201c <br \/> <a name=\"26\"><span class=\"versanumer_2007\">26<\/span><\/a> \u201eAf vandalausum,\u201c sag\u00f0i P\u00e9tur. <br \/> Jes\u00fas m\u00e6lti: \u201e\u00de\u00e1 \u00feurfa b\u00f6rnin ekki a\u00f0 grei\u00f0a skatt. <a name=\"27\"><span class=\"versanumer_2007\">27<\/span><\/a> En til \u00feess vi\u00f0 hneykslum \u00fe\u00e1 ekki skaltu fara ni\u00f0ur a\u00f0 vatni og renna \u00f6ngli, taktu s\u00ed\u00f0an fyrsta fiskinn, sem \u00fe\u00fa dregur, opna munn hans og muntu finna pening. Tak hann og grei\u00f0 \u00feeim fyrir mig og \u00feig.\u201c<\/p>\n","protected":false},"excerpt":{"rendered":"<p>Minn elska\u00f0i sonur 1 Eftir sex daga tekur Jes\u00fas me\u00f0 s\u00e9r \u00fe\u00e1 P\u00e9tur, Jakob og J\u00f3hannes, br\u00f3\u00f0ur hans, og fer me\u00f0 \u00fe\u00e1 upp \u00e1 h\u00e1tt fjall a\u00f0 \u00feeir v\u00e6ru einir saman. 2 \u00dear ummynda\u00f0ist hann fyrir augum \u00feeirra, \u00e1sj\u00f3na hans skein sem s\u00f3l og kl\u00e6\u00f0i hans ur\u00f0u bj\u00f6rt eins og lj\u00f3s. 3 Og M\u00f3se og El\u00eda birtust \u00feeim og voru \u00feeir \u00e1 tali vi\u00f0 Jes\u00fa. 4 P\u00e9tur t\u00f3k til m\u00e1ls og sag\u00f0i vi\u00f0 Jes\u00fa: \u201eDrottinn, gott er a\u00f0 vi\u00f0 erum h\u00e9r. Ef \u00fe\u00fa vilt skal \u00e9g gera h\u00e9r \u00ferj\u00e1r tjaldb\u00fa\u00f0ir, \u00fe\u00e9r eina, M\u00f3se eina og El\u00eda eina.\u201c 5 Me\u00f0an P\u00e9tur <a href=\"https:\/\/biblian.is\/biblian\/matteusargudspjall-17-kafli\/\"> [&#8230;]<\/a><\/p>\n","protected":false},"author":1,"featured_media":0,"parent":0,"menu_order":0,"comment_status":"open","ping_status":"open","template":"bibliukaflar_NT.php","meta":{"footnotes":""},"class_list":["post-2563","page","type-page","status-publish","hentry"],"_links":{"self":[{"href":"https:\/\/biblian.is\/biblian\/wp-json\/wp\/v2\/pages\/2563","targetHints":{"allow":["GET"]}}],"collection":[{"href":"https:\/\/biblian.is\/biblian\/wp-json\/wp\/v2\/pages"}],"about":[{"href":"https:\/\/biblian.is\/biblian\/wp-json\/wp\/v2\/types\/page"}],"author":[{"embeddable":true,"href":"https:\/\/biblian.is\/biblian\/wp-json\/wp\/v2\/users\/1"}],"replies":[{"embeddable":true,"href":"https:\/\/biblian.is\/biblian\/wp-json\/wp\/v2\/comments?post=2563"}],"version-history":[{"count":0,"href":"https:\/\/biblian.is\/biblian\/wp-json\/wp\/v2\/pages\/2563\/revisions"}],"wp:attachment":[{"href":"https:\/\/biblian.is\/biblian\/wp-json\/wp\/v2\/media?parent=2563"}],"curies":[{"name":"wp","href":"https:\/\/api.w.org\/{rel}","templated":true}]}}