{"id":2562,"date":"2017-12-30T21:03:44","date_gmt":"2017-12-30T21:03:44","guid":{"rendered":"http:\/\/biblian.is\/biblian\/matteusargu_spjall-16-kafli\/"},"modified":"2019-08-26T22:35:27","modified_gmt":"2019-08-26T22:35:27","slug":"matteusargudspjall-16-kafli","status":"publish","type":"page","link":"https:\/\/biblian.is\/biblian\/matteusargudspjall-16-kafli\/","title":{"rendered":"Matteusargu\u00f0spjall 16. kafli"},"content":{"rendered":"<h3 class=\"millifyrirsogn_2007\"> Vildu freista hans<\/h3>\n<p><a name=\"1\"><span class=\"versanumer_2007\">1<\/span><\/a> \u00de\u00e1 komu far\u00edsear og sadd\u00fakear, vildu freista Jes\u00fa og b\u00e1\u00f0u hann a\u00f0 s\u00fdna s\u00e9r t\u00e1kn af himni. <a name=\"2\"><span class=\"versanumer_2007\">2<\/span><\/a> Jes\u00fas svara\u00f0i \u00feeim: \u201eA\u00f0 kv\u00f6ldi segi\u00f0 \u00fei\u00f0: \u00dea\u00f0 ver\u00f0ur g\u00f3\u00f0vi\u00f0ri \u00fev\u00ed a\u00f0 ro\u00f0i er \u00e1 lofti. <a name=\"3\"><span class=\"versanumer_2007\">3<\/span><\/a> Og a\u00f0 morgni: Illvi\u00f0ri \u00ed dag, himinninn er rau\u00f0ur og \u00feungb\u00fainn. \u00datlit loftsins kunni\u00f0 \u00fei\u00f0 a\u00f0 r\u00e1\u00f0a en ekki t\u00e1kn t\u00edmanna.<span class=\"nedan_mal\" title=\" Or\u00f0 Jes\u00fa \u00ed 2. og 3. versi vantar \u00ed sum handrit.\">[<\/span> <a name=\"4\"><span class=\"versanumer_2007\">4<\/span><\/a> Vond og \u00f3tr\u00fa kynsl\u00f3\u00f0 heimtar t\u00e1kn en eigi ver\u00f0ur henni anna\u00f0 t\u00e1kn gefi\u00f0 en t\u00e1kn J\u00f3nasar.\u201c <br \/> S\u00ed\u00f0an skildi hann vi\u00f0 \u00fe\u00e1 og f\u00f3r. <\/p>\n<h3 class=\"millifyrirsogn_2007\">Varasamt s\u00fardeig<\/h3>\n<p><a name=\"5\"><span class=\"versanumer_2007\">5<\/span><\/a> \u00deegar l\u00e6risveinarnir f\u00f3ru yfir um vatni\u00f0 h\u00f6f\u00f0u \u00feeir gleymt a\u00f0 taka me\u00f0 s\u00e9r brau\u00f0. <a name=\"6\"><span class=\"versanumer_2007\">6<\/span><\/a> Jes\u00fas sag\u00f0i vi\u00f0 \u00fe\u00e1: \u201eG\u00e6ti\u00f0 ykkar, varist s\u00fardeig far\u00edsea og sadd\u00fakea.\u201c <br \/> <a name=\"7\"><span class=\"versanumer_2007\">7<\/span><\/a> En l\u00e6risveinarnir r\u00e6ddu s\u00edn \u00e1 milli a\u00f0 \u00feeir hef\u00f0u ekki teki\u00f0 brau\u00f0. <br \/> <a name=\"8\"><span class=\"versanumer_2007\">8<\/span><\/a> Jes\u00fas var\u00f0 \u00feess v\u00eds og sag\u00f0i: \u201eHva\u00f0 eru\u00f0 \u00fei\u00f0 a\u00f0 tala um \u00fea\u00f0, tr\u00falitlir menn, a\u00f0 \u00fei\u00f0 hafi\u00f0 ekki brau\u00f0? <a name=\"9\"><span class=\"versanumer_2007\">9<\/span><\/a> Skynji\u00f0 \u00fei\u00f0 ekki enn? Minnist \u00fei\u00f0 ekki brau\u00f0anna fimm handa fimm \u00fe\u00fasundum og hve margar k\u00f6rfur \u00fei\u00f0 t\u00f3ku\u00f0 saman? <a name=\"10\"><span class=\"versanumer_2007\">10<\/span><\/a> E\u00f0a brau\u00f0anna sj\u00f6 handa fj\u00f3rum \u00fe\u00fasundum og hve margar k\u00f6rfur \u00fei\u00f0 t\u00f3ku\u00f0 saman? <a name=\"11\"><span class=\"versanumer_2007\">11<\/span><\/a> Hvernig m\u00e1 \u00fea\u00f0 vera a\u00f0 \u00fei\u00f0 skynji\u00f0 ekki a\u00f0 \u00e9g var ekki a\u00f0 tala um brau\u00f0 vi\u00f0 ykkur? Varist s\u00fardeig far\u00edsea og sadd\u00fakea.\u201c <br \/> <a name=\"12\"><span class=\"versanumer_2007\">12<\/span><\/a> \u00de\u00e1 skildu \u00feeir a\u00f0 hann haf\u00f0i ekki tala\u00f0 um a\u00f0 varast s\u00fardeig \u00ed brau\u00f0i heldur kenningu far\u00edsea og sadd\u00fakea. <\/p>\n<h3 class=\"millifyrirsogn_2007\">J\u00e1tning P\u00e9turs<\/h3>\n<p><a name=\"13\"><span class=\"versanumer_2007\">13<\/span><\/a> \u00deegar Jes\u00fas kom \u00ed bygg\u00f0ir Sesareu Filipp\u00ed spur\u00f0i hann l\u00e6risveina s\u00edna: \u201eHvern segja menn Mannssoninn vera?\u201c <br \/> <a name=\"14\"><span class=\"versanumer_2007\">14<\/span><\/a> \u00deeir sv\u00f6ru\u00f0u: \u201eSumir J\u00f3hannes sk\u00edrara, a\u00f0rir El\u00eda og enn a\u00f0rir Jerem\u00eda e\u00f0a einn af sp\u00e1m\u00f6nnunum.\u201c <br \/> <a name=\"15\"><span class=\"versanumer_2007\">15<\/span><\/a> Hann spyr: \u201eEn \u00fei\u00f0, hvern segi\u00f0 \u00fei\u00f0 mig vera?\u201c <br \/> <a name=\"16\"><span class=\"versanumer_2007\">16<\/span><\/a> S\u00edmon P\u00e9tur svarar: \u201e\u00de\u00fa ert Kristur, sonur hins lifanda Gu\u00f0s.\u201c <br \/> <a name=\"17\"><span class=\"versanumer_2007\">17<\/span><\/a> \u00de\u00e1 segir Jes\u00fas vi\u00f0 hann: \u201eS\u00e6ll ert \u00fe\u00fa, S\u00edmon J\u00f3nasson! Enginn ma\u00f0ur<span class=\"nedan_mal\" title=\" Or\u00f0r\u00e9tt: Hold og bl\u00f3\u00f0.\">[<\/span> hefur opinbera\u00f0 \u00fe\u00e9r \u00feetta heldur fa\u00f0ir minn \u00ed himninum. <a name=\"18\"><span class=\"versanumer_2007\">18<\/span><\/a> Og \u00e9g segi \u00fe\u00e9r: \u00de\u00fa ert P\u00e9tur, kletturinn, og \u00e1 \u00feessum kletti mun \u00e9g byggja kirkju m\u00edna og m\u00e1ttur heljar mun ekki \u00e1 henni sigrast. <a name=\"19\"><span class=\"versanumer_2007\">19<\/span><\/a> \u00c9g mun f\u00e1 \u00fe\u00e9r lykla himnar\u00edkis og hva\u00f0 sem \u00fe\u00fa bindur \u00e1 j\u00f6r\u00f0u mun bundi\u00f0 \u00e1 himnum og hva\u00f0 sem \u00fe\u00fa leysir \u00e1 j\u00f6r\u00f0u mun leyst \u00e1 himnum.\u201c <br \/> <a name=\"20\"><span class=\"versanumer_2007\">20<\/span><\/a> \u00de\u00e1 lag\u00f0i hann r\u00edkt \u00e1 vi\u00f0 l\u00e6risveinana a\u00f0 segja engum a\u00f0 hann v\u00e6ri Kristur. <\/p>\n<h3 class=\"millifyrirsogn_2007\">Dau\u00f0i og upprisa<\/h3>\n<p><a name=\"21\"><span class=\"versanumer_2007\">21<\/span><\/a> Upp fr\u00e1 \u00feessu t\u00f3k Jes\u00fas a\u00f0 sk\u00fdra l\u00e6risveinum s\u00ednum fr\u00e1 \u00fev\u00ed a\u00f0 hann \u00e6tti a\u00f0 fara til Jer\u00fasalem og l\u00ed\u00f0a \u00fear miki\u00f0 af v\u00f6ldum \u00f6ldunga, \u00e6\u00f0stu presta og fr\u00e6\u00f0imanna og ver\u00f0a l\u00edfl\u00e1tinn en r\u00edsa upp \u00e1 \u00feri\u00f0ja degi. <br \/> <a name=\"22\"><span class=\"versanumer_2007\">22<\/span><\/a> En P\u00e9tur t\u00f3k hann \u00e1 einm\u00e6li og f\u00f3r a\u00f0 \u00e1telja hann: \u201eGu\u00f0 for\u00f0i \u00fe\u00e9r fr\u00e1 \u00fev\u00ed, Drottinn, \u00feetta m\u00e1 aldrei fyrir \u00feig koma.\u201c <br \/> <a name=\"23\"><span class=\"versanumer_2007\">23<\/span><\/a> Jes\u00fas sneri s\u00e9r vi\u00f0 og m\u00e6lti til P\u00e9turs: \u201eV\u00edk fr\u00e1 m\u00e9r, Satan, \u00fe\u00fa vilt breg\u00f0a f\u00e6ti fyrir mig, \u00fe\u00fa hugsar ekki um \u00fea\u00f0 sem Gu\u00f0s er heldur \u00fea\u00f0 sem manna er.\u201c <br \/> <a name=\"24\"><span class=\"versanumer_2007\">24<\/span><\/a> \u00de\u00e1 m\u00e6lti Jes\u00fas vi\u00f0 l\u00e6risveina s\u00edna: \u201eHver sem vill fylgja m\u00e9r afneiti sj\u00e1lfum s\u00e9r, taki kross sinn og fylgi m\u00e9r. <a name=\"25\"><span class=\"versanumer_2007\">25<\/span><\/a> \u00dev\u00ed a\u00f0 hver sem vill bjarga l\u00edfi s\u00ednu mun t\u00fdna \u00fev\u00ed og hver sem t\u00fdnir l\u00edfi s\u00ednu m\u00edn vegna mun finna \u00fea\u00f0. <a name=\"26\"><span class=\"versanumer_2007\">26<\/span><\/a> Hva\u00f0 sto\u00f0ar \u00fea\u00f0 manninn a\u00f0 eignast allan heiminn og glata s\u00e1lu sinni? E\u00f0a hva\u00f0 g\u00e6ti ma\u00f0ur l\u00e1ti\u00f0 til endurgjalds fyrir s\u00e1lu s\u00edna? <a name=\"27\"><span class=\"versanumer_2007\">27<\/span><\/a> Mannssonurinn mun koma \u00ed d\u00fdr\u00f0 f\u00f6\u00f0ur s\u00edns me\u00f0 englum s\u00ednum og \u00fe\u00e1 mun hann gjalda s\u00e9rhverjum eftir breytni hans. <a name=\"28\"><span class=\"versanumer_2007\">28<\/span><\/a> Sannlega segi \u00e9g ykkur: Nokkrir \u00feeirra sem h\u00e9r standa munu ekki m\u00e6ta dau\u00f0a s\u00ednum fyrr en \u00feeir sj\u00e1 Mannssoninn koma \u00ed r\u00edki s\u00ednu.\u201c <\/p>\n","protected":false},"excerpt":{"rendered":"<p>Vildu freista hans 1 \u00de\u00e1 komu far\u00edsear og sadd\u00fakear, vildu freista Jes\u00fa og b\u00e1\u00f0u hann a\u00f0 s\u00fdna s\u00e9r t\u00e1kn af himni. 2 Jes\u00fas svara\u00f0i \u00feeim: \u201eA\u00f0 kv\u00f6ldi segi\u00f0 \u00fei\u00f0: \u00dea\u00f0 ver\u00f0ur g\u00f3\u00f0vi\u00f0ri \u00fev\u00ed a\u00f0 ro\u00f0i er \u00e1 lofti. 3 Og a\u00f0 morgni: Illvi\u00f0ri \u00ed dag, himinninn er rau\u00f0ur og \u00feungb\u00fainn. \u00datlit loftsins kunni\u00f0 \u00fei\u00f0 a\u00f0 r\u00e1\u00f0a en ekki t\u00e1kn t\u00edmanna.[ 4 Vond og \u00f3tr\u00fa kynsl\u00f3\u00f0 heimtar t\u00e1kn en eigi ver\u00f0ur henni anna\u00f0 t\u00e1kn gefi\u00f0 en t\u00e1kn J\u00f3nasar.\u201c S\u00ed\u00f0an skildi hann vi\u00f0 \u00fe\u00e1 og f\u00f3r. Varasamt s\u00fardeig 5 \u00deegar l\u00e6risveinarnir f\u00f3ru yfir um vatni\u00f0 h\u00f6f\u00f0u \u00feeir gleymt a\u00f0 taka me\u00f0 s\u00e9r <a href=\"https:\/\/biblian.is\/biblian\/matteusargudspjall-16-kafli\/\"> [&#8230;]<\/a><\/p>\n","protected":false},"author":1,"featured_media":0,"parent":0,"menu_order":0,"comment_status":"open","ping_status":"open","template":"bibliukaflar_NT.php","meta":{"footnotes":""},"class_list":["post-2562","page","type-page","status-publish","hentry"],"_links":{"self":[{"href":"https:\/\/biblian.is\/biblian\/wp-json\/wp\/v2\/pages\/2562","targetHints":{"allow":["GET"]}}],"collection":[{"href":"https:\/\/biblian.is\/biblian\/wp-json\/wp\/v2\/pages"}],"about":[{"href":"https:\/\/biblian.is\/biblian\/wp-json\/wp\/v2\/types\/page"}],"author":[{"embeddable":true,"href":"https:\/\/biblian.is\/biblian\/wp-json\/wp\/v2\/users\/1"}],"replies":[{"embeddable":true,"href":"https:\/\/biblian.is\/biblian\/wp-json\/wp\/v2\/comments?post=2562"}],"version-history":[{"count":0,"href":"https:\/\/biblian.is\/biblian\/wp-json\/wp\/v2\/pages\/2562\/revisions"}],"wp:attachment":[{"href":"https:\/\/biblian.is\/biblian\/wp-json\/wp\/v2\/media?parent=2562"}],"curies":[{"name":"wp","href":"https:\/\/api.w.org\/{rel}","templated":true}]}}