{"id":2552,"date":"2017-12-30T21:03:39","date_gmt":"2017-12-30T21:03:39","guid":{"rendered":"http:\/\/biblian.is\/biblian\/matteusargu_spjall-6-kafli\/"},"modified":"2019-08-26T22:35:31","modified_gmt":"2019-08-26T22:35:31","slug":"matteusargudspjall-6-kafli","status":"publish","type":"page","link":"https:\/\/biblian.is\/biblian\/matteusargudspjall-6-kafli\/","title":{"rendered":"Matteusargu\u00f0spjall 6. kafli"},"content":{"rendered":"<h3 class=\"millifyrirsogn_2007\"> Ekki fyrir m\u00f6nnum<\/h3>\n<p><a name=\"1\"><span class=\"versanumer_2007\">1<\/span><\/a> Varist a\u00f0 i\u00f0ka r\u00e9ttl\u00e6ti y\u00f0ar fyrir m\u00f6nnum \u00feeim til s\u00fdnis, annars eigi\u00f0 \u00fe\u00e9r engin laun hj\u00e1 f\u00f6\u00f0ur y\u00f0ar \u00e1 himnum. <br \/> <a name=\"2\"><span class=\"versanumer_2007\">2<\/span><\/a> \u00deegar \u00fe\u00fa gefur \u00f6lmusu skaltu ekki l\u00e1ta \u00feeyta l\u00fa\u00f0ur fyrir \u00fe\u00e9r eins og hr\u00e6snarar gera \u00ed samkunduh\u00fasum og \u00e1 str\u00e6tum til \u00feess a\u00f0 hlj\u00f3ta lof af m\u00f6nnum. Sannlega segi \u00e9g y\u00f0ur, \u00feeir hafa teki\u00f0 \u00fat laun s\u00edn. <br \/> <a name=\"3\"><span class=\"versanumer_2007\">3<\/span><\/a> En \u00feegar \u00fe\u00fa gefur \u00f6lmusu viti vinstri h\u00f6nd \u00fe\u00edn ekki hva\u00f0 s\u00fa h\u00e6gri gerir <a name=\"4\"><span class=\"versanumer_2007\">4<\/span><\/a> svo a\u00f0 \u00f6lmusa \u00fe\u00edn s\u00e9 \u00ed leynum og fa\u00f0ir \u00feinn, sem s\u00e9r \u00ed leynum, mun umbuna \u00fe\u00e9r. <\/p>\n<h3 class=\"millifyrirsogn_2007\">\u00deegar \u00fe\u00fa bi\u00f0st fyrir<\/h3>\n<p><a name=\"5\"><span class=\"versanumer_2007\">5<\/span><\/a> Og \u00feegar \u00fe\u00e9r bi\u00f0jist fyrir \u00fe\u00e1 veri\u00f0 ekki eins og hr\u00e6snararnir. \u00deeir vilja helst standa og bi\u00f0jast fyrir \u00ed samkundum og \u00e1 gatnam\u00f3tum til \u00feess a\u00f0 menn sj\u00e1i \u00fe\u00e1. Sannlega segi \u00e9g y\u00f0ur, \u00feeir hafa teki\u00f0 \u00fat laun s\u00edn. <a name=\"6\"><span class=\"versanumer_2007\">6<\/span><\/a> En \u00feegar \u00fe\u00fa bi\u00f0st fyrir skaltu ganga inn \u00ed herbergi \u00feitt, loka dyrunum og bi\u00f0ja f\u00f6\u00f0ur \u00feinn sem er \u00ed leynum. Fa\u00f0ir \u00feinn, sem s\u00e9r \u00ed leynum, mun umbuna \u00fe\u00e9r. <br \/> <a name=\"7\"><span class=\"versanumer_2007\">7<\/span><\/a> \u00deegar \u00fe\u00e9r bi\u00f0jist fyrir skulu\u00f0 \u00fe\u00e9r ekki fara me\u00f0 f\u00e1n\u00fdta m\u00e6lgi eins og hei\u00f0ingjarnir. \u00deeir hyggja a\u00f0 \u00feeir ver\u00f0i b\u00e6nheyr\u00f0ir fyrir m\u00e6lgi s\u00edna. <a name=\"8\"><span class=\"versanumer_2007\">8<\/span><\/a> L\u00edkist \u00feeim ekki. Fa\u00f0ir y\u00f0ar veit hvers \u00fe\u00e9r \u00feurfi\u00f0 \u00e1\u00f0ur en \u00fe\u00e9r bi\u00f0ji\u00f0 hann. <a name=\"9\"><span class=\"versanumer_2007\">9<\/span><\/a> En \u00feannig skulu\u00f0 \u00fe\u00e9r bi\u00f0ja: <br \/> <span class=\"ljodatexti\"> Fa\u00f0ir vor, \u00fe\u00fa sem ert \u00e1 himnum. <br \/>Helgist \u00feitt nafn, <br \/> <\/span> <span class=\"ljodatexti\"> <a name=\"10\"><span class=\"versanumer_ljod\">10<\/span><\/a>til komi \u00feitt r\u00edki, <br \/>ver\u00f0i \u00feinn vilji, svo \u00e1 j\u00f6r\u00f0u sem \u00e1 himni. <br \/> <\/span> <span class=\"ljodatexti\"> <a name=\"11\"><span class=\"versanumer_ljod\">11<\/span><\/a>Gef oss \u00ed dag vort daglegt brau\u00f0. <span class=\"nedan_mal\" title=\" E\u00f0a: brau\u00f0 vort til dagsins \u00e1 morgun.\">[<\/span> <br \/> <\/span> <span class=\"ljodatexti\"> <a name=\"12\"><span class=\"versanumer_ljod\">12<\/span><\/a>Fyrirgef oss vorar skuldir <br \/>svo sem v\u00e9r og fyrirgefum vorum skuldunautum. <br \/> <\/span> <span class=\"ljodatexti\"> <a name=\"13\"><span class=\"versanumer_ljod\">13<\/span><\/a>Og eigi lei\u00f0 \u00fe\u00fa oss \u00ed freistni heldur frelsa oss fr\u00e1 illu. <span class=\"nedan_mal\" title=\" E\u00f0a: fr\u00e1 hinum vonda.\">[<\/span> <br \/>[\u00dev\u00ed a\u00f0 \u00feitt er r\u00edki\u00f0, m\u00e1tturinn og d\u00fdr\u00f0in a\u00f0 eil\u00edfu, amen.] <span class=\"nedan_mal\" title=\" Vantar \u00ed sum handrit.\">[<\/span><\/span> <br \/> <a name=\"14\"><span class=\"versanumer_2007\">14<\/span><\/a> Ef \u00fe\u00e9r fyrirgefi\u00f0 m\u00f6nnum misgj\u00f6r\u00f0ir \u00feeirra \u00fe\u00e1 mun og fa\u00f0ir y\u00f0ar himneskur fyrirgefa y\u00f0ur. <a name=\"15\"><span class=\"versanumer_2007\">15<\/span><\/a> En ef \u00fe\u00e9r fyrirgefi\u00f0 ekki \u00f6\u00f0rum mun fa\u00f0ir y\u00f0ar ekki heldur fyrirgefa misgj\u00f6r\u00f0ir y\u00f0ar. <\/p>\n<h3 class=\"millifyrirsogn_2007\">\u00deegar \u00fe\u00fa fastar<\/h3>\n<p><a name=\"16\"><span class=\"versanumer_2007\">16<\/span><\/a> \u00deegar \u00fe\u00e9r fasti\u00f0 \u00fe\u00e1 veri\u00f0 ekki d\u00f6pur \u00ed brag\u00f0i eins og hr\u00e6snarar. \u00deeir afmynda andlit s\u00edn svo a\u00f0 engum dyljist a\u00f0 \u00feeir fasta. Sannlega segi \u00e9g y\u00f0ur, \u00feeir hafa teki\u00f0 \u00fat laun s\u00edn. <a name=\"17\"><span class=\"versanumer_2007\">17<\/span><\/a> En \u00feegar \u00fe\u00fa fastar \u00fe\u00e1 smyr h\u00f6fu\u00f0 \u00feitt og \u00fevo andlit \u00feitt <a name=\"18\"><span class=\"versanumer_2007\">18<\/span><\/a> svo a\u00f0 menn ver\u00f0i ekki varir vi\u00f0 a\u00f0 \u00fe\u00fa fastir heldur fa\u00f0ir \u00feinn sem er \u00ed leynum. Og fa\u00f0ir \u00feinn, sem s\u00e9r \u00ed leynum, mun umbuna \u00fe\u00e9r. <\/p>\n<h3 class=\"millifyrirsogn_2007\">Fj\u00e1rsj\u00f3\u00f0ur \u00feinn<\/h3>\n<p><a name=\"19\"><span class=\"versanumer_2007\">19<\/span><\/a> Safni\u00f0 y\u00f0ur ekki fj\u00e1rsj\u00f3\u00f0um \u00e1 j\u00f6r\u00f0u \u00fear sem m\u00f6lur og ry\u00f0 ey\u00f0ir og \u00fej\u00f3far brj\u00f3tast inn og stela. <a name=\"20\"><span class=\"versanumer_2007\">20<\/span><\/a> Safni\u00f0 y\u00f0ur heldur fj\u00e1rsj\u00f3\u00f0um \u00e1 himni \u00fear sem hvorki ey\u00f0ir m\u00f6lur n\u00e9 ry\u00f0 og \u00fej\u00f3far brj\u00f3tast ekki inn og stela. <a name=\"21\"><span class=\"versanumer_2007\">21<\/span><\/a> \u00dev\u00ed hvar sem fj\u00e1rsj\u00f3\u00f0ur \u00feinn er \u00fear mun og hjarta \u00feitt vera. <br \/> <a name=\"22\"><span class=\"versanumer_2007\">22<\/span><\/a> Auga\u00f0 er lampi l\u00edkamans. S\u00e9 auga \u00feitt heilt mun allur l\u00edkami \u00feinn bjartur. <a name=\"23\"><span class=\"versanumer_2007\">23<\/span><\/a> En s\u00e9 auga \u00feitt spillt ver\u00f0ur allur l\u00edkami \u00feinn dimmur. Ef n\u00fa lj\u00f3si\u00f0 \u00ed \u00fe\u00e9r er myrkur, hv\u00edl\u00edkt ver\u00f0ur \u00fe\u00e1 myrkri\u00f0.<\/p>\n<h3 class=\"millifyrirsogn_2007\">Gu\u00f0 og mamm\u00f3n<\/h3>\n<p><a name=\"24\"><span class=\"versanumer_2007\">24<\/span><\/a> Enginn getur \u00fej\u00f3na\u00f0 tveimur herrum. Anna\u00f0hvort hatar hann annan og elskar hinn e\u00f0a \u00fe\u00fd\u00f0ist annan og afr\u00e6kir hinn. \u00de\u00e9r geti\u00f0 ekki \u00fej\u00f3na\u00f0 Gu\u00f0i og mamm\u00f3n. <br \/> <a name=\"25\"><span class=\"versanumer_2007\">25<\/span><\/a> \u00dev\u00ed segi \u00e9g y\u00f0ur: Veri\u00f0 ekki \u00e1hyggjufull um l\u00edf y\u00f0ar, hva\u00f0 \u00fe\u00e9r eigi\u00f0 a\u00f0 eta e\u00f0a drekka n\u00e9 heldur um l\u00edkama y\u00f0ar, hverju \u00fe\u00e9r eigi\u00f0 a\u00f0 kl\u00e6\u00f0ast. Er l\u00edfi\u00f0 ekki meira en f\u00e6\u00f0an og l\u00edkaminn meira en kl\u00e6\u00f0in? <a name=\"26\"><span class=\"versanumer_2007\">26<\/span><\/a> L\u00edti\u00f0 til fugla himinsins. Hvorki s\u00e1 \u00feeir n\u00e9 uppskera n\u00e9 safna \u00ed hl\u00f6\u00f0ur og fa\u00f0ir y\u00f0ar himneskur f\u00e6\u00f0ir \u00fe\u00e1. Eru\u00f0 \u00fe\u00e9r ekki miklu fremri \u00feeim? <a name=\"27\"><span class=\"versanumer_2007\">27<\/span><\/a> Og hver y\u00f0ar getur me\u00f0 \u00e1hyggjum auki\u00f0 einni sp\u00f6nn vi\u00f0 aldur sinn?<span class=\"nedan_mal\" title=\" E\u00f0a: vi\u00f0 h\u00e6\u00f0 s\u00edna.\">[<\/span> <br \/> <a name=\"28\"><span class=\"versanumer_2007\">28<\/span><\/a> Og hv\u00ed eru\u00f0 \u00fe\u00e9r \u00e1hyggjufull um kl\u00e6\u00f0na\u00f0? Hyggi\u00f0 a\u00f0 liljum vallarins, hversu \u00fe\u00e6r vaxa. Hvorki vinna \u00fe\u00e6r n\u00e9 spinna. <a name=\"29\"><span class=\"versanumer_2007\">29<\/span><\/a> En \u00e9g segi y\u00f0ur: Jafnvel Sal\u00f3mon \u00ed allri sinni d\u00fdr\u00f0 var ekki svo b\u00fainn sem ein \u00feeirra. <a name=\"30\"><span class=\"versanumer_2007\">30<\/span><\/a> Fyrst Gu\u00f0 skr\u00fd\u00f0ir svo gras vallarins sem \u00ed dag stendur en \u00e1 morgun ver\u00f0ur \u00ed ofn kasta\u00f0, skyldi hann \u00fe\u00e1 ekki miklu fremur kl\u00e6\u00f0a y\u00f0ur, \u00fe\u00e9r tr\u00fal\u00edtil! <br \/> <a name=\"31\"><span class=\"versanumer_2007\">31<\/span><\/a> Segi\u00f0 \u00fev\u00ed ekki \u00e1hyggjufull: Hva\u00f0 eigum v\u00e9r a\u00f0 eta? Hva\u00f0 eigum v\u00e9r a\u00f0 drekka? Hverju eigum v\u00e9r a\u00f0 kl\u00e6\u00f0ast? <a name=\"32\"><span class=\"versanumer_2007\">32<\/span><\/a> Allt \u00feetta stunda hei\u00f0ingjarnir og y\u00f0ar himneski fa\u00f0ir veit a\u00f0 \u00fe\u00e9r \u00fearfnist alls \u00feessa. <a name=\"33\"><span class=\"versanumer_2007\">33<\/span><\/a> En leiti\u00f0 fyrst r\u00edkis hans og r\u00e9ttl\u00e6tis, \u00fe\u00e1 mun allt \u00feetta veitast y\u00f0ur a\u00f0 auki. <a name=\"34\"><span class=\"versanumer_2007\">34<\/span><\/a> Hafi\u00f0 \u00fev\u00ed ekki \u00e1hyggjur af morgundeginum. Morgundagurinn mun hafa s\u00ednar \u00e1hyggjur. Hverjum degi n\u00e6gir s\u00edn \u00fej\u00e1ning. <\/p>\n","protected":false},"excerpt":{"rendered":"<p>Ekki fyrir m\u00f6nnum 1 Varist a\u00f0 i\u00f0ka r\u00e9ttl\u00e6ti y\u00f0ar fyrir m\u00f6nnum \u00feeim til s\u00fdnis, annars eigi\u00f0 \u00fe\u00e9r engin laun hj\u00e1 f\u00f6\u00f0ur y\u00f0ar \u00e1 himnum. 2 \u00deegar \u00fe\u00fa gefur \u00f6lmusu skaltu ekki l\u00e1ta \u00feeyta l\u00fa\u00f0ur fyrir \u00fe\u00e9r eins og hr\u00e6snarar gera \u00ed samkunduh\u00fasum og \u00e1 str\u00e6tum til \u00feess a\u00f0 hlj\u00f3ta lof af m\u00f6nnum. Sannlega segi \u00e9g y\u00f0ur, \u00feeir hafa teki\u00f0 \u00fat laun s\u00edn. 3 En \u00feegar \u00fe\u00fa gefur \u00f6lmusu viti vinstri h\u00f6nd \u00fe\u00edn ekki hva\u00f0 s\u00fa h\u00e6gri gerir 4 svo a\u00f0 \u00f6lmusa \u00fe\u00edn s\u00e9 \u00ed leynum og fa\u00f0ir \u00feinn, sem s\u00e9r \u00ed leynum, mun umbuna \u00fe\u00e9r. \u00deegar \u00fe\u00fa bi\u00f0st fyrir 5 <a href=\"https:\/\/biblian.is\/biblian\/matteusargudspjall-6-kafli\/\"> [&#8230;]<\/a><\/p>\n","protected":false},"author":1,"featured_media":0,"parent":0,"menu_order":0,"comment_status":"open","ping_status":"open","template":"bibliukaflar_NT.php","meta":{"footnotes":""},"class_list":["post-2552","page","type-page","status-publish","hentry"],"_links":{"self":[{"href":"https:\/\/biblian.is\/biblian\/wp-json\/wp\/v2\/pages\/2552","targetHints":{"allow":["GET"]}}],"collection":[{"href":"https:\/\/biblian.is\/biblian\/wp-json\/wp\/v2\/pages"}],"about":[{"href":"https:\/\/biblian.is\/biblian\/wp-json\/wp\/v2\/types\/page"}],"author":[{"embeddable":true,"href":"https:\/\/biblian.is\/biblian\/wp-json\/wp\/v2\/users\/1"}],"replies":[{"embeddable":true,"href":"https:\/\/biblian.is\/biblian\/wp-json\/wp\/v2\/comments?post=2552"}],"version-history":[{"count":0,"href":"https:\/\/biblian.is\/biblian\/wp-json\/wp\/v2\/pages\/2552\/revisions"}],"wp:attachment":[{"href":"https:\/\/biblian.is\/biblian\/wp-json\/wp\/v2\/media?parent=2552"}],"curies":[{"name":"wp","href":"https:\/\/api.w.org\/{rel}","templated":true}]}}