{"id":2551,"date":"2017-12-30T21:03:39","date_gmt":"2017-12-30T21:03:39","guid":{"rendered":"http:\/\/biblian.is\/biblian\/matteusargu_spjall-5-kafli\/"},"modified":"2019-08-26T22:35:31","modified_gmt":"2019-08-26T22:35:31","slug":"matteusargudspjall-5-kafli","status":"publish","type":"page","link":"https:\/\/biblian.is\/biblian\/matteusargudspjall-5-kafli\/","title":{"rendered":"Matteusargu\u00f0spjall 5. kafli"},"content":{"rendered":"<h3 class=\"millifyrirsogn_2007\"> Fjallr\u00e6\u00f0an<\/h3>\n<p><a name=\"1\"><span class=\"versanumer_2007\">1<\/span><\/a> \u00deegar Jes\u00fas s\u00e1 mannfj\u00f6ldann gekk hann upp \u00e1 fjalli\u00f0. \u00dear settist hann og l\u00e6risveinar hans komu til hans. <a name=\"2\"><span class=\"versanumer_2007\">2<\/span><\/a> \u00de\u00e1 h\u00f3f hann a\u00f0 kenna \u00feeim og sag\u00f0i: <br \/> <span class=\"ljodatexti\"> <a name=\"3\"><span class=\"versanumer_ljod\">3<\/span><\/a>\u201eS\u00e6lir eru f\u00e1t\u00e6kir \u00ed anda <br \/>\u00fev\u00ed a\u00f0 \u00feeirra er himnar\u00edki. <br \/> <\/span> <span class=\"ljodatexti\"> <a name=\"4\"><span class=\"versanumer_ljod\">4<\/span><\/a>S\u00e6lir eru syrgjendur <br \/>\u00fev\u00ed a\u00f0 \u00feeir munu hugga\u00f0ir ver\u00f0a. <br \/> <\/span> <span class=\"ljodatexti\"> <a name=\"5\"><span class=\"versanumer_ljod\">5<\/span><\/a>S\u00e6lir eru h\u00f3gv\u00e6rir <br \/>\u00fev\u00ed a\u00f0 \u00feeir munu j\u00f6r\u00f0ina erfa. <br \/> <\/span> <span class=\"ljodatexti\"> <a name=\"6\"><span class=\"versanumer_ljod\">6<\/span><\/a>S\u00e6lir eru \u00feeir sem hungrar og \u00feyrstir eftir r\u00e9ttl\u00e6tinu <br \/>\u00fev\u00ed a\u00f0 \u00feeir munu saddir ver\u00f0a.<br \/> <\/span> <span class=\"ljodatexti\"> <a name=\"7\"><span class=\"versanumer_ljod\">7<\/span><\/a>S\u00e6lir eru miskunnsamir <br \/>\u00fev\u00ed a\u00f0 \u00feeim mun miskunna\u00f0 ver\u00f0a. <br \/> <\/span> <span class=\"ljodatexti\"> <a name=\"8\"><span class=\"versanumer_ljod\">8<\/span><\/a>S\u00e6lir eru hjartahreinir <br \/>\u00fev\u00ed a\u00f0 \u00feeir munu Gu\u00f0 sj\u00e1. <br \/> <\/span> <span class=\"ljodatexti\"> <a name=\"9\"><span class=\"versanumer_ljod\">9<\/span><\/a>S\u00e6lir eru fri\u00f0flytjendur <br \/>\u00fev\u00ed a\u00f0 \u00feeir munu Gu\u00f0s b\u00f6rn kalla\u00f0ir ver\u00f0a. <br \/> <\/span> <span class=\"ljodatexti\"> <a name=\"10\"><span class=\"versanumer_ljod\">10<\/span><\/a>S\u00e6lir eru \u00feeir sem ofs\u00f3ttir eru fyrir r\u00e9ttl\u00e6tis sakir<br \/>\u00fev\u00ed a\u00f0 \u00feeirra er himnar\u00edki. <\/span> <br \/> <a name=\"11\"><span class=\"versanumer_2007\">11<\/span><\/a> S\u00e6l eru\u00f0 \u00fe\u00e9r \u00fe\u00e1 er menn sm\u00e1na y\u00f0ur, ofs\u00e6kja og lj\u00faga \u00e1 y\u00f0ur \u00f6llu illu m\u00edn vegna. <a name=\"12\"><span class=\"versanumer_2007\">12<\/span><\/a> Gle\u00f0jist og fagni\u00f0 \u00fev\u00ed a\u00f0 laun y\u00f0ar eru mikil \u00e1 himnum. \u00deannig ofs\u00f3ttu \u00feeir sp\u00e1mennina sem voru \u00e1 undan y\u00f0ur. <\/p>\n<h3 class=\"millifyrirsogn_2007\">Salt og lj\u00f3s<\/h3>\n<p><a name=\"13\"><span class=\"versanumer_2007\">13<\/span><\/a> \u00de\u00e9r eru\u00f0 salt jar\u00f0ar. Ef salti\u00f0 dofnar, me\u00f0 hverju \u00e1 a\u00f0 selta \u00fea\u00f0? \u00dea\u00f0 er \u00fe\u00e1 til einskis n\u00fdtt, menn fleygja \u00fev\u00ed og tro\u00f0a undir f\u00f3tum. <br \/> <a name=\"14\"><span class=\"versanumer_2007\">14<\/span><\/a> \u00de\u00e9r eru\u00f0 lj\u00f3s heimsins. Borg, sem \u00e1 fjalli stendur, f\u00e6r ekki dulist. <a name=\"15\"><span class=\"versanumer_2007\">15<\/span><\/a> Ekki kveikja menn heldur lj\u00f3s og setja undir m\u00e6liker heldur \u00e1 lj\u00f3sastiku og \u00fe\u00e1 l\u00fdsir \u00fea\u00f0 \u00f6llum \u00ed h\u00fasinu. <a name=\"16\"><span class=\"versanumer_2007\">16<\/span><\/a> \u00deannig l\u00fdsi lj\u00f3s y\u00f0ar me\u00f0al mannanna a\u00f0 \u00feeir sj\u00e1i g\u00f3\u00f0 verk y\u00f0ar og vegsami f\u00f6\u00f0ur y\u00f0ar sem er \u00e1 himnum. <\/p>\n<h3 class=\"millifyrirsogn_2007\">N\u00fdtt l\u00f6gm\u00e1l<\/h3>\n<p><a name=\"17\"><span class=\"versanumer_2007\">17<\/span><\/a> \u00c6tli\u00f0 ekki a\u00f0 \u00e9g s\u00e9 kominn til a\u00f0 afnema l\u00f6gm\u00e1li\u00f0 e\u00f0a sp\u00e1mennina. \u00c9g kom ekki til a\u00f0 afnema heldur uppfylla. <a name=\"18\"><span class=\"versanumer_2007\">18<\/span><\/a> Sannlega segi \u00e9g y\u00f0ur: \u00dear til himinn og j\u00f6r\u00f0 l\u00ed\u00f0a undir lok mun ekki einn sm\u00e1stafur e\u00f0a stafkr\u00f3kur falla \u00far l\u00f6gm\u00e1linu uns allt er komi\u00f0 fram. <a name=\"19\"><span class=\"versanumer_2007\">19<\/span><\/a> Hver sem \u00fev\u00ed br\u00fdtur eitt af \u00feessum minnstu bo\u00f0um og kennir \u00f6\u00f0rum \u00fea\u00f0 mun kallast minnstur \u00ed himnar\u00edki en s\u00e1 sem heldur \u00feau og kennir mun mikill kallast \u00ed himnar\u00edki. <a name=\"20\"><span class=\"versanumer_2007\">20<\/span><\/a> \u00c9g segi y\u00f0ur: Ef r\u00e9ttl\u00e6ti y\u00f0ar ber ekki af r\u00e9ttl\u00e6ti fr\u00e6\u00f0imanna og far\u00edsea komist \u00fe\u00e9r aldrei \u00ed himnar\u00edki.<\/p>\n<h3 class=\"millifyrirsogn_2007\">Skj\u00f3tur til s\u00e1tta<\/h3>\n<p><a name=\"21\"><span class=\"versanumer_2007\">21<\/span><\/a> \u00de\u00e9r hafi\u00f0 heyrt a\u00f0 sagt var vi\u00f0 forfe\u00f0urna: \u00de\u00fa skalt ekki mor\u00f0 fremja. S\u00e1 sem mor\u00f0 fremur skal svara til saka fyrir d\u00f3mi. <a name=\"22\"><span class=\"versanumer_2007\">22<\/span><\/a> En \u00e9g segi y\u00f0ur: Hver sem rei\u00f0ist<span class=\"nedan_mal\" title=\" Sum handrit b\u00e6ta vi\u00f0: a\u00f0 \u00e1st\u00e6\u00f0ulausu.\">[<\/span> br\u00f3\u00f0ur s\u00ednum skal svara til saka fyrir d\u00f3mi. S\u00e1 sem hrakyr\u00f0ir br\u00f3\u00f0ur sinn skal svara til saka fyrir r\u00e1\u00f0inu og hver sem sv\u00edvir\u00f0ir hann hefur unni\u00f0 til eldsv\u00edtis. <a name=\"23\"><span class=\"versanumer_2007\">23<\/span><\/a> S\u00e9rtu \u00fev\u00ed a\u00f0 f\u00e6ra f\u00f3rn \u00fe\u00edna \u00e1 altari\u00f0 og minnist \u00feess \u00fear a\u00f0 br\u00f3\u00f0ir \u00feinn hefur eitthva\u00f0 \u00e1 m\u00f3ti \u00fe\u00e9r <a name=\"24\"><span class=\"versanumer_2007\">24<\/span><\/a> \u00fe\u00e1 skaltu skilja gj\u00f6f \u00fe\u00edna eftir fyrir framan altari\u00f0, fara fyrst og s\u00e6ttast vi\u00f0 br\u00f3\u00f0ur \u00feinn, koma s\u00ed\u00f0an og f\u00e6ra f\u00f3rn \u00fe\u00edna. <br \/> <a name=\"25\"><span class=\"versanumer_2007\">25<\/span><\/a> Vertu skj\u00f3tur til s\u00e1tta vi\u00f0 andst\u00e6\u00f0ing \u00feinn me\u00f0an \u00fe\u00fa ert enn \u00e1 vegi me\u00f0 honum til \u00feess a\u00f0 hann selji \u00feig ekki d\u00f3maranum \u00ed hendur og d\u00f3marinn \u00fej\u00f3ninum og \u00fe\u00e9r ver\u00f0i varpa\u00f0 \u00ed fangelsi. <a name=\"26\"><span class=\"versanumer_2007\">26<\/span><\/a> Sannlega segi \u00e9g \u00fe\u00e9r: Eigi munt \u00fe\u00fa komast \u00fat \u00fea\u00f0an fyrr en \u00fe\u00fa hefur borga\u00f0 s\u00ed\u00f0asta eyri. <\/p>\n<h3 class=\"millifyrirsogn_2007\">Betra er \u00fe\u00e9r<\/h3>\n<p><a name=\"27\"><span class=\"versanumer_2007\">27<\/span><\/a> \u00de\u00e9r hafi\u00f0 heyrt a\u00f0 sagt var: \u00de\u00fa skalt ekki dr\u00fdgja h\u00f3r. <a name=\"28\"><span class=\"versanumer_2007\">28<\/span><\/a> En \u00e9g segi y\u00f0ur: Hver sem horfir \u00e1 konu \u00ed girndarhug hefur \u00feegar dr\u00fdgt h\u00f3r me\u00f0 henni \u00ed hjarta s\u00ednu. <a name=\"29\"><span class=\"versanumer_2007\">29<\/span><\/a> Ef h\u00e6gra auga \u00feitt t\u00e6lir \u00feig til falls \u00fe\u00e1 r\u00edf \u00fea\u00f0 \u00far og kasta fr\u00e1 \u00fe\u00e9r. Betra er \u00fe\u00e9r a\u00f0 einn lima \u00feinna glatist en \u00f6llum l\u00edkama \u00fe\u00ednum ver\u00f0i kasta\u00f0 \u00ed helv\u00edti. <a name=\"30\"><span class=\"versanumer_2007\">30<\/span><\/a> Ef h\u00e6gri h\u00f6nd \u00fe\u00edn t\u00e6lir \u00feig til falls \u00fe\u00e1 sn\u00ed\u00f0 hana af og kasta fr\u00e1 \u00fe\u00e9r. Betra er \u00fe\u00e9r a\u00f0 einn lima \u00feinna glatist en allur l\u00edkami \u00feinn fari til helv\u00edtis. <br \/> <a name=\"31\"><span class=\"versanumer_2007\">31<\/span><\/a> \u00de\u00e1 var og sagt: S\u00e1 sem skilur vi\u00f0 konu s\u00edna skal gefa henni skilna\u00f0arbr\u00e9f. <a name=\"32\"><span class=\"versanumer_2007\">32<\/span><\/a> En \u00e9g segi y\u00f0ur: Hver sem skilur vi\u00f0 konu s\u00edna, nema fyrir h\u00f3rs\u00f6k, ver\u00f0ur til \u00feess a\u00f0 h\u00fan dr\u00fdgir h\u00f3r. Og s\u00e1 sem gengur a\u00f0 eiga fr\u00e1skilda konu dr\u00fdgir h\u00f3r. <\/p>\n<h3 class=\"millifyrirsogn_2007\">\u00deegar \u00fe\u00e9r tali\u00f0<\/h3>\n<p><a name=\"33\"><span class=\"versanumer_2007\">33<\/span><\/a> Enn hafi\u00f0 \u00fe\u00e9r heyrt a\u00f0 sagt var vi\u00f0 forfe\u00f0urna: \u00de\u00fa skalt ekki vinna rangan ei\u00f0 en halda skaltu ei\u00f0a \u00fe\u00edna vi\u00f0 Drottin. <a name=\"34\"><span class=\"versanumer_2007\">34<\/span><\/a> En \u00e9g segi y\u00f0ur a\u00f0 \u00fe\u00e9r eigi\u00f0 alls ekki a\u00f0 sverja, hvorki vi\u00f0 himininn, \u00fev\u00ed hann er h\u00e1s\u00e6ti Gu\u00f0s, <a name=\"35\"><span class=\"versanumer_2007\">35<\/span><\/a> n\u00e9 vi\u00f0 j\u00f6r\u00f0ina, \u00fev\u00ed h\u00fan er sk\u00f6r f\u00f3ta hans, n\u00e9 vi\u00f0 Jer\u00fasalem, \u00fev\u00ed h\u00fan er borg hins mikla konungs. <a name=\"36\"><span class=\"versanumer_2007\">36<\/span><\/a> Og eigi skaltu sverja vi\u00f0 h\u00f6fu\u00f0 \u00feitt \u00fev\u00ed a\u00f0 \u00fe\u00fa getur ekki gert eitt h\u00e1r hv\u00edtt e\u00f0a svart. <a name=\"37\"><span class=\"versanumer_2007\">37<\/span><\/a> En \u00feegar \u00fe\u00e9r tali\u00f0 s\u00e9 j\u00e1 y\u00f0ar j\u00e1 og nei s\u00e9 nei. \u00dea\u00f0 sem umfram er kemur fr\u00e1 hinum vonda. <\/p>\n<h3 class=\"millifyrirsogn_2007\">Veri\u00f0 fullkomin<\/h3>\n<p><a name=\"38\"><span class=\"versanumer_2007\">38<\/span><\/a> \u00de\u00e9r hafi\u00f0 heyrt a\u00f0 sagt var: Auga fyrir auga og t\u00f6nn fyrir t\u00f6nn. <a name=\"39\"><span class=\"versanumer_2007\">39<\/span><\/a> En \u00e9g segi y\u00f0ur: R\u00edsi\u00f0 ekki gegn \u00feeim sem gerir y\u00f0ur mein. Nei, sl\u00e1i einhver \u00feig \u00e1 h\u00e6gri kinn \u00fe\u00e1 bj\u00f3\u00f0 honum einnig hina. <a name=\"40\"><span class=\"versanumer_2007\">40<\/span><\/a> Og vilji einhver \u00fereyta l\u00f6g vi\u00f0 \u00feig og hafa af \u00fe\u00e9r kyrtil \u00feinn gef honum eftir yfirh\u00f6fnina l\u00edka. <a name=\"41\"><span class=\"versanumer_2007\">41<\/span><\/a> Og ney\u00f0i einhver \u00feig me\u00f0 s\u00e9r eina m\u00edlu \u00fe\u00e1 far me\u00f0 honum tv\u00e6r. <a name=\"42\"><span class=\"versanumer_2007\">42<\/span><\/a> Gef \u00feeim sem bi\u00f0ur \u00feig og sn\u00fa ekki baki vi\u00f0 \u00feeim sem vill f\u00e1 l\u00e1n hj\u00e1 \u00fe\u00e9r. <br \/> <a name=\"43\"><span class=\"versanumer_2007\">43<\/span><\/a> \u00de\u00e9r hafi\u00f0 heyrt a\u00f0 sagt var: \u00de\u00fa skalt elska n\u00e1unga \u00feinn og hata \u00f3vin \u00feinn. <a name=\"44\"><span class=\"versanumer_2007\">44<\/span><\/a> En \u00e9g segi y\u00f0ur: Elski\u00f0 \u00f3vini y\u00f0ar og bi\u00f0ji\u00f0 fyrir \u00feeim sem ofs\u00e6kja y\u00f0ur. <a name=\"45\"><span class=\"versanumer_2007\">45<\/span><\/a> \u00deannig s\u00fdni\u00f0 \u00fe\u00e9r a\u00f0 \u00fe\u00e9r eru\u00f0 b\u00f6rn f\u00f6\u00f0ur y\u00f0ar \u00e1 himnum er l\u00e6tur s\u00f3l s\u00edna renna upp yfir vonda sem g\u00f3\u00f0a og rigna yfir r\u00e9ttl\u00e1ta sem rangl\u00e1ta. <a name=\"46\"><span class=\"versanumer_2007\">46<\/span><\/a> \u00de\u00f3tt \u00fe\u00e9r elski\u00f0 \u00fe\u00e1 sem y\u00f0ur elska, hver laun eigi\u00f0 \u00fe\u00e9r fyrir \u00fea\u00f0? Gera ekki tollheimtumenn hi\u00f0 sama? <a name=\"47\"><span class=\"versanumer_2007\">47<\/span><\/a> Og hva\u00f0 er \u00fea\u00f0 \u00fe\u00f3tt \u00fe\u00e9r heilsi\u00f0 br\u00e6\u00f0rum y\u00f0ar og systrum<span class=\"nedan_mal\" title=\" Or\u00f0r\u00e9tt: br\u00e6\u00f0rum.\">[<\/span> einum? \u00dea\u00f0 gera jafnvel hei\u00f0nir menn. <a name=\"48\"><span class=\"versanumer_2007\">48<\/span><\/a> Veri\u00f0 \u00fev\u00ed fullkomin eins og fa\u00f0ir y\u00f0ar himneskur er fullkominn. <\/p>\n","protected":false},"excerpt":{"rendered":"<p>Fjallr\u00e6\u00f0an 1 \u00deegar Jes\u00fas s\u00e1 mannfj\u00f6ldann gekk hann upp \u00e1 fjalli\u00f0. \u00dear settist hann og l\u00e6risveinar hans komu til hans. 2 \u00de\u00e1 h\u00f3f hann a\u00f0 kenna \u00feeim og sag\u00f0i: 3\u201eS\u00e6lir eru f\u00e1t\u00e6kir \u00ed anda \u00fev\u00ed a\u00f0 \u00feeirra er himnar\u00edki. 4S\u00e6lir eru syrgjendur \u00fev\u00ed a\u00f0 \u00feeir munu hugga\u00f0ir ver\u00f0a. 5S\u00e6lir eru h\u00f3gv\u00e6rir \u00fev\u00ed a\u00f0 \u00feeir munu j\u00f6r\u00f0ina erfa. 6S\u00e6lir eru \u00feeir sem hungrar og \u00feyrstir eftir r\u00e9ttl\u00e6tinu \u00fev\u00ed a\u00f0 \u00feeir munu saddir ver\u00f0a. 7S\u00e6lir eru miskunnsamir \u00fev\u00ed a\u00f0 \u00feeim mun miskunna\u00f0 ver\u00f0a. 8S\u00e6lir eru hjartahreinir \u00fev\u00ed a\u00f0 \u00feeir munu Gu\u00f0 sj\u00e1. 9S\u00e6lir eru fri\u00f0flytjendur \u00fev\u00ed a\u00f0 \u00feeir munu Gu\u00f0s b\u00f6rn kalla\u00f0ir <a href=\"https:\/\/biblian.is\/biblian\/matteusargudspjall-5-kafli\/\"> [&#8230;]<\/a><\/p>\n","protected":false},"author":1,"featured_media":0,"parent":0,"menu_order":0,"comment_status":"open","ping_status":"open","template":"bibliukaflar_NT.php","meta":{"footnotes":""},"class_list":["post-2551","page","type-page","status-publish","hentry"],"_links":{"self":[{"href":"https:\/\/biblian.is\/biblian\/wp-json\/wp\/v2\/pages\/2551","targetHints":{"allow":["GET"]}}],"collection":[{"href":"https:\/\/biblian.is\/biblian\/wp-json\/wp\/v2\/pages"}],"about":[{"href":"https:\/\/biblian.is\/biblian\/wp-json\/wp\/v2\/types\/page"}],"author":[{"embeddable":true,"href":"https:\/\/biblian.is\/biblian\/wp-json\/wp\/v2\/users\/1"}],"replies":[{"embeddable":true,"href":"https:\/\/biblian.is\/biblian\/wp-json\/wp\/v2\/comments?post=2551"}],"version-history":[{"count":0,"href":"https:\/\/biblian.is\/biblian\/wp-json\/wp\/v2\/pages\/2551\/revisions"}],"wp:attachment":[{"href":"https:\/\/biblian.is\/biblian\/wp-json\/wp\/v2\/media?parent=2551"}],"curies":[{"name":"wp","href":"https:\/\/api.w.org\/{rel}","templated":true}]}}