{"id":2542,"date":"2017-12-30T21:03:39","date_gmt":"2017-12-30T21:03:39","guid":{"rendered":"http:\/\/biblian.is\/biblian\/sakar%c2%92a-13-kafli\/"},"modified":"2024-03-19T16:12:14","modified_gmt":"2024-03-19T16:12:14","slug":"sakaria-13-kafli","status":"publish","type":"page","link":"https:\/\/biblian.is\/biblian\/sakaria-13-kafli\/","title":{"rendered":"Sakar\u00eda 13. kafli"},"content":{"rendered":"<p><a name=\"1\"><span class=\"versanumer_2007\">1<\/span><\/a> \u00c1 \u00feeim degi opnast lind fyrir Dav\u00ed\u00f0s \u00e6tt og Jer\u00fasalemb\u00faa til a\u00f0 \u00fevo burt syndir og \u00f3hreinleika. <br \/> <a name=\"2\"><span class=\"versanumer_2007\">2<\/span><\/a> \u00c1 \u00feeim degi, segir Drottinn allsherjar, afm\u00e1i \u00e9g n\u00f6fn skur\u00f0go\u00f0anna \u00far landinu. \u00deeirra ver\u00f0ur ekki minnst framar. Og \u00e9g rek sp\u00e1mennina og saurgunarandann burt \u00far landinu. <a name=\"3\"><span class=\"versanumer_2007\">3<\/span><\/a> Stundi \u00fe\u00e1 enn einhver sp\u00e1mennsku munu foreldrar hans, fa\u00f0ir hans og m\u00f3\u00f0ir, segja: \u201eEkki skalt \u00fe\u00fa halda l\u00edfi er \u00fe\u00fa fer\u00f0 me\u00f0 lygar \u00ed nafni Drottins.\u201c Og foreldrar hans, fa\u00f0ir hans og m\u00f3\u00f0ir, munu leggja hann \u00ed gegn ef hann stundar sp\u00e1mennsku. <a name=\"4\"><span class=\"versanumer_2007\">4<\/span><\/a> \u00c1 \u00feeim degi mun s\u00e9rhver sp\u00e1ma\u00f0ur blyg\u00f0ast s\u00edn fyrir s\u00fdnir \u00fe\u00e6r sem hann sp\u00e1\u00f0i um og ekki mun hann heldur bera lo\u00f0feld til a\u00f0 blekkja a\u00f0ra, <a name=\"5\"><span class=\"versanumer_2007\">5<\/span><\/a> en s\u00e9rhver \u00feeirra mun segja: \u201e\u00c9g er ekki sp\u00e1ma\u00f0ur. Akuryrkjuma\u00f0ur er \u00e9g og jar\u00f0yrkju hef \u00e9g stunda\u00f0 allt fr\u00e1 bernsku.\u201c <a name=\"6\"><span class=\"versanumer_2007\">6<\/span><\/a> Og spyrji \u00fe\u00e1 einhver: \u201eHva\u00f0a \u00e1verka ertu me\u00f0 \u00e1 brj\u00f3stinu?\u201c svarar hann: \u201e\u00deeir eru eftir ryskingar heima hj\u00e1 vinum m\u00ednum.\u201c <\/p>\n<h3 class=\"millifyrirsogn_2007\">Hir\u00f0ir Gu\u00f0s veginn<\/h3>\n<p><span class=\"ljodatexti\"><a name=\"7\"><span class=\"versanumer_ljod\">7<\/span><\/a>Sver\u00f0, hef \u00feig \u00e1 loft gegn hir\u00f0i m\u00ednum, <br \/> manninum sem g\u00e6tir hjar\u00f0ar minnar, <br \/>segir Drottinn allsherjar. <br \/>Bana hir\u00f0inum og hj\u00f6r\u00f0in mun tv\u00edstrast <br \/>en \u00e9g mun annast hi\u00f0 sm\u00e1a. <br \/> <\/span> <span class=\"ljodatexti\"> <a name=\"8\"><span class=\"versanumer_ljod\">8<\/span><\/a>Svo mun fara \u00ed gj\u00f6rv\u00f6llu landinu, segir Drottinn, <br \/>a\u00f0 tveir hlutar landsl\u00fd\u00f0sins ver\u00f0a uppr\u00e6ttir og deyja <br \/>en \u00feri\u00f0jungur ver\u00f0ur eftir. <br \/> <\/span> <span class=\"ljodatexti\"> <a name=\"9\"><span class=\"versanumer_ljod\">9<\/span><\/a>\u00deann \u00feri\u00f0jung lei\u00f0i \u00e9g gegnum eldinn, <br \/>hreinsa hann eins og menn hreinsa silfur <br \/>og pr\u00f3fa hann eins og gull er pr\u00f3fa\u00f0. <br \/>Hann mun \u00e1kalla nafn mitt <br \/>og \u00e9g mun svara og segja: <br \/>\u201e\u00deetta er l\u00fd\u00f0ur minn,\u201c <br \/>og hann mun segja: \u201eDrottinn er Gu\u00f0 minn.\u201c <\/span> <\/p>\n","protected":false},"excerpt":{"rendered":"<p>1 \u00c1 \u00feeim degi opnast lind fyrir Dav\u00ed\u00f0s \u00e6tt og Jer\u00fasalemb\u00faa til a\u00f0 \u00fevo burt syndir og \u00f3hreinleika. 2 \u00c1 \u00feeim degi, segir Drottinn allsherjar, afm\u00e1i \u00e9g n\u00f6fn skur\u00f0go\u00f0anna \u00far landinu. \u00deeirra ver\u00f0ur ekki minnst framar. Og \u00e9g rek sp\u00e1mennina og saurgunarandann burt \u00far landinu. 3 Stundi \u00fe\u00e1 enn einhver sp\u00e1mennsku munu foreldrar hans, fa\u00f0ir hans og m\u00f3\u00f0ir, segja: \u201eEkki skalt \u00fe\u00fa halda l\u00edfi er \u00fe\u00fa fer\u00f0 me\u00f0 lygar \u00ed nafni Drottins.\u201c Og foreldrar hans, fa\u00f0ir hans og m\u00f3\u00f0ir, munu leggja hann \u00ed gegn ef hann stundar sp\u00e1mennsku. 4 \u00c1 \u00feeim degi mun s\u00e9rhver sp\u00e1ma\u00f0ur blyg\u00f0ast s\u00edn fyrir s\u00fdnir \u00fe\u00e6r <a href=\"https:\/\/biblian.is\/biblian\/sakaria-13-kafli\/\"> [&#8230;]<\/a><\/p>\n","protected":false},"author":1,"featured_media":0,"parent":0,"menu_order":0,"comment_status":"open","ping_status":"open","template":"bibliukaflar_NT.php","meta":{"footnotes":""},"class_list":["post-2542","page","type-page","status-publish","hentry"],"_links":{"self":[{"href":"https:\/\/biblian.is\/biblian\/wp-json\/wp\/v2\/pages\/2542","targetHints":{"allow":["GET"]}}],"collection":[{"href":"https:\/\/biblian.is\/biblian\/wp-json\/wp\/v2\/pages"}],"about":[{"href":"https:\/\/biblian.is\/biblian\/wp-json\/wp\/v2\/types\/page"}],"author":[{"embeddable":true,"href":"https:\/\/biblian.is\/biblian\/wp-json\/wp\/v2\/users\/1"}],"replies":[{"embeddable":true,"href":"https:\/\/biblian.is\/biblian\/wp-json\/wp\/v2\/comments?post=2542"}],"version-history":[{"count":0,"href":"https:\/\/biblian.is\/biblian\/wp-json\/wp\/v2\/pages\/2542\/revisions"}],"wp:attachment":[{"href":"https:\/\/biblian.is\/biblian\/wp-json\/wp\/v2\/media?parent=2542"}],"curies":[{"name":"wp","href":"https:\/\/api.w.org\/{rel}","templated":true}]}}