{"id":2541,"date":"2017-12-30T21:03:39","date_gmt":"2017-12-30T21:03:39","guid":{"rendered":"http:\/\/biblian.is\/biblian\/sakar%c2%92a-12-kafli\/"},"modified":"2024-03-19T16:12:14","modified_gmt":"2024-03-19T16:12:14","slug":"sakaria-12-kafli","status":"publish","type":"page","link":"https:\/\/biblian.is\/biblian\/sakaria-12-kafli\/","title":{"rendered":"Sakar\u00eda 12. kafli"},"content":{"rendered":"<h3 class=\"millifyrirsogn_2007\"> Sp\u00e1d\u00f3mur um Jer\u00fasalem<\/h3>\n<p><a name=\"1\"><span class=\"versanumer_2007\">1<\/span><\/a> Sp\u00e1d\u00f3mur. Or\u00f0 Drottins um \u00cdsrael. Svo segir Drottinn sem \u00feandi \u00fat himininn, grundvalla\u00f0i j\u00f6r\u00f0ina og mynda\u00f0i andann \u00ed brj\u00f3sti mannsins: <br \/> <a name=\"2\"><span class=\"versanumer_2007\">2<\/span><\/a> \u00c9g geri Jer\u00fasalem a\u00f0 v\u00edmusk\u00e1l handa \u00f6llum \u00fej\u00f3\u00f0unum sem umhverfis b\u00faa. Jafnvel J\u00fada mun umsetin eins og Jer\u00fasalem. <a name=\"3\"><span class=\"versanumer_2007\">3<\/span><\/a> \u00c1 \u00feeim degi geri \u00e9g Jer\u00fasalem a\u00f0 aflraunasteini allra \u00fej\u00f3\u00f0a. Allir sem vi\u00f0 hann reyna munu hrufla sig til bl\u00f3\u00f0s og allar \u00fej\u00f3\u00f0ir heims munu safnast gegn borginni. <a name=\"4\"><span class=\"versanumer_2007\">4<\/span><\/a> \u00c1 \u00feeim degi, segir Drottinn, mun \u00e9g f\u00e6la alla hesta og firra \u00fe\u00e1 vitinu sem r\u00ed\u00f0a \u00feeim. \u00c9g hef vakandi auga me\u00f0 \u00e6tt J\u00fada og sl\u00e6 alla hesta \u00fej\u00f3\u00f0anna blindu. <a name=\"5\"><span class=\"versanumer_2007\">5<\/span><\/a> \u00de\u00e1 munu \u00e6ttarh\u00f6f\u00f0ingjar J\u00fada segja me\u00f0 sj\u00e1lfum s\u00e9r: \u201eStyrk eiga Jer\u00fasalemb\u00faar \u00ed Drottni allsherjar, Gu\u00f0i s\u00ednum.\u201c <br \/> <a name=\"6\"><span class=\"versanumer_2007\">6<\/span><\/a> \u00c1 \u00feeim degi mun \u00e9g setja \u00e6ttarh\u00f6f\u00f0ingja J\u00fada eins og gl\u00f3\u00f0arker me\u00f0al spreka og logandi blys \u00ed bundi\u00f0 korn og \u00feeir munu ey\u00f0a jafnt til h\u00e6gri og vinstri \u00f6llum grann\u00fej\u00f3\u00f0um s\u00ednum en Jer\u00fasalem ver\u00f0ur kyrr \u00e1 s\u00ednum sta\u00f0 eins og \u00e1\u00f0ur. <br \/> <a name=\"7\"><span class=\"versanumer_2007\">7<\/span><\/a> Drottinn mun fyrst veita tj\u00f6ldum J\u00fada sigur svo a\u00f0 s\u00e6md Dav\u00ed\u00f0s \u00e6ttar og s\u00e6md Jer\u00fasalemb\u00faa ver\u00f0i ekki meiri en J\u00fada. <a name=\"8\"><span class=\"versanumer_2007\">8<\/span><\/a> \u00c1 \u00feeim degi mun Drottinn halda hl\u00edfiskildi yfir Jer\u00fasalemb\u00faum og \u00e1 \u00feeim degi mun hinn reikuli ver\u00f0a sem Dav\u00ed\u00f0 og h\u00fas Dav\u00ed\u00f0s eins og Gu\u00f0, eins og engill Drottins fyrir \u00feeim. <a name=\"9\"><span class=\"versanumer_2007\">9<\/span><\/a> \u00c1 \u00feeim degi mun \u00e9g n\u00e6stum gerey\u00f0a \u00f6llum \u00fej\u00f3\u00f0um sem r\u00e1\u00f0ist hafa gegn Jer\u00fasalem. <br \/> <a name=\"10\"><span class=\"versanumer_2007\">10<\/span><\/a> En Dav\u00ed\u00f0s \u00e6tt og Jer\u00fasalemb\u00faa l\u00e6t \u00e9g fyllast anda sam\u00fa\u00f0ar og tilbei\u00f0slu og \u00feeir munu l\u00edta til m\u00edn vegna hans sem \u00feeir l\u00f6g\u00f0u \u00ed gegn og harma hann jafns\u00e1rlega og menn harma l\u00e1t einkasonar og syrgja hann jafnbeisklega og menn syrgja frumgetinn son. <a name=\"11\"><span class=\"versanumer_2007\">11<\/span><\/a> \u00c1 \u00feeim degi ver\u00f0ur jafnmiki\u00f0 harmakvein \u00ed Jer\u00fasalem og var vi\u00f0 Hadad-Rimmon \u00ed Megidd\u00f3dal. <br \/> <a name=\"12\"><span class=\"versanumer_2007\">12<\/span><\/a> Landi\u00f0 mun barma s\u00e9r, hver kynkv\u00edsl fyrir sig: Kynkv\u00edsl Dav\u00ed\u00f0s \u00e6ttar fyrir sig og konur hennar fyrir sig, kynkv\u00edsl Natans \u00e6ttar fyrir sig og konur hennar fyrir sig, <a name=\"13\"><span class=\"versanumer_2007\">13<\/span><\/a> kynkv\u00edsl Lev\u00ed \u00e6ttar fyrir sig og konur hennar fyrir sig, kynkv\u00edsl S\u00edme\u00ed \u00e6ttar fyrir sig og konur hennar fyrir sig, <a name=\"14\"><span class=\"versanumer_2007\">14<\/span><\/a> allar kynkv\u00edslirnar sem eftir ver\u00f0a, hver kynkv\u00edsl fyrir sig og konur hennar fyrir sig. <\/p>\n","protected":false},"excerpt":{"rendered":"<p>Sp\u00e1d\u00f3mur um Jer\u00fasalem 1 Sp\u00e1d\u00f3mur. Or\u00f0 Drottins um \u00cdsrael. Svo segir Drottinn sem \u00feandi \u00fat himininn, grundvalla\u00f0i j\u00f6r\u00f0ina og mynda\u00f0i andann \u00ed brj\u00f3sti mannsins: 2 \u00c9g geri Jer\u00fasalem a\u00f0 v\u00edmusk\u00e1l handa \u00f6llum \u00fej\u00f3\u00f0unum sem umhverfis b\u00faa. Jafnvel J\u00fada mun umsetin eins og Jer\u00fasalem. 3 \u00c1 \u00feeim degi geri \u00e9g Jer\u00fasalem a\u00f0 aflraunasteini allra \u00fej\u00f3\u00f0a. Allir sem vi\u00f0 hann reyna munu hrufla sig til bl\u00f3\u00f0s og allar \u00fej\u00f3\u00f0ir heims munu safnast gegn borginni. 4 \u00c1 \u00feeim degi, segir Drottinn, mun \u00e9g f\u00e6la alla hesta og firra \u00fe\u00e1 vitinu sem r\u00ed\u00f0a \u00feeim. \u00c9g hef vakandi auga me\u00f0 \u00e6tt J\u00fada og sl\u00e6 alla <a href=\"https:\/\/biblian.is\/biblian\/sakaria-12-kafli\/\"> [&#8230;]<\/a><\/p>\n","protected":false},"author":1,"featured_media":0,"parent":0,"menu_order":0,"comment_status":"open","ping_status":"open","template":"bibliukaflar_NT.php","meta":{"footnotes":""},"class_list":["post-2541","page","type-page","status-publish","hentry"],"_links":{"self":[{"href":"https:\/\/biblian.is\/biblian\/wp-json\/wp\/v2\/pages\/2541","targetHints":{"allow":["GET"]}}],"collection":[{"href":"https:\/\/biblian.is\/biblian\/wp-json\/wp\/v2\/pages"}],"about":[{"href":"https:\/\/biblian.is\/biblian\/wp-json\/wp\/v2\/types\/page"}],"author":[{"embeddable":true,"href":"https:\/\/biblian.is\/biblian\/wp-json\/wp\/v2\/users\/1"}],"replies":[{"embeddable":true,"href":"https:\/\/biblian.is\/biblian\/wp-json\/wp\/v2\/comments?post=2541"}],"version-history":[{"count":0,"href":"https:\/\/biblian.is\/biblian\/wp-json\/wp\/v2\/pages\/2541\/revisions"}],"wp:attachment":[{"href":"https:\/\/biblian.is\/biblian\/wp-json\/wp\/v2\/media?parent=2541"}],"curies":[{"name":"wp","href":"https:\/\/api.w.org\/{rel}","templated":true}]}}