{"id":2537,"date":"2017-12-30T21:03:34","date_gmt":"2017-12-30T21:03:34","guid":{"rendered":"http:\/\/biblian.is\/biblian\/sakar%c2%92a-8-kafli\/"},"modified":"2024-03-19T16:12:15","modified_gmt":"2024-03-19T16:12:15","slug":"sakaria-8-kafli","status":"publish","type":"page","link":"https:\/\/biblian.is\/biblian\/sakaria-8-kafli\/","title":{"rendered":"Sakar\u00eda 8. kafli"},"content":{"rendered":"<h3 class=\"millifyrirsogn_2007\"> Fyrirheit um endurreisn Jer\u00fasalem<\/h3>\n<p><a name=\"1\"><span class=\"versanumer_2007\">1<\/span><\/a> Or\u00f0 Drottins allsherjar kom til m\u00edn: <a name=\"2\"><span class=\"versanumer_2007\">2<\/span><\/a> Svo segir Drottinn allsherjar: <br \/> <span class=\"ljodatexti\"> \u00c9g er gagntekinn af vandl\u00e6ti vegna S\u00edonar, <br \/>\u00e9g loga af vandl\u00e6ti hennar vegna. <br \/> <\/span> <span class=\"ljodatexti\"> <a name=\"3\"><span class=\"versanumer_ljod\">3<\/span><\/a>Svo segir Drottinn: <br \/>\u00c9g sn\u00fd aftur til S\u00edonar <br \/>og tek m\u00e9r b\u00f3lfestu \u00ed Jer\u00fasalem. <br \/>Og Jer\u00fasalem ver\u00f0ur nefnd borg sannleikans <br \/>og fjall Drottins allsherjar <br \/>fjalli\u00f0 helga. <br \/> <\/span> <span class=\"ljodatexti\"> <a name=\"4\"><span class=\"versanumer_ljod\">4<\/span><\/a>Svo segir Drottinn allsherjar: <br \/>Enn munu \u00f6ldungar og gamlar konur sitja <br \/>\u00e1 torgum Jer\u00fasalem, <br \/>h\u00e1\u00f6ldru\u00f0 me\u00f0 staf \u00ed hendi, <br \/> <\/span> <span class=\"ljodatexti\"> <a name=\"5\"><span class=\"versanumer_ljod\">5<\/span><\/a>og \u00e1 torgum borgarinnar ver\u00f0ur kr\u00f6kkt <br \/>af drengjum og st\u00falkum a\u00f0 leik.<br \/> <\/span> <span class=\"ljodatexti\"> <a name=\"6\"><span class=\"versanumer_ljod\">6<\/span><\/a>Svo segir Drottinn allsherjar: <br \/>\u00deeim sem eftir ver\u00f0a \u00e1 \u00feeim d\u00f6gum <br \/>kann a\u00f0 vir\u00f0ast \u00fea\u00f0 undarlegt <br \/>en ver\u00f0ur \u00fea\u00f0 \u00fe\u00e1 einnig undarlegt \u00ed m\u00ednum augum? <br \/>segir Drottinn allsherjar. <br \/> <\/span> <span class=\"ljodatexti\"> <a name=\"7\"><span class=\"versanumer_ljod\">7<\/span><\/a>Svo segir Drottinn allsherjar: <br \/>\u00c9g mun frelsa l\u00fd\u00f0 minn <br \/>\u00far landi s\u00f3laruppr\u00e1sarinnar <br \/>og landi s\u00f3lsetursins. <br \/> <\/span> <span class=\"ljodatexti\"> <a name=\"8\"><span class=\"versanumer_ljod\">8<\/span><\/a>\u00c9g flyt hann heim aftur <br \/>og hann mun b\u00faa \u00ed Jer\u00fasalem <br \/>og vera minn l\u00fd\u00f0ur, <br \/>og \u00e9g ver\u00f0 Gu\u00f0 hans <br \/>\u00ed tr\u00fafesti og r\u00e9ttv\u00edsi. <\/span> <br \/> <a name=\"9\"><span class=\"versanumer_2007\">9<\/span><\/a> Svo segir Drottinn allsherjar: Her\u00f0i\u00f0 upp hugann, \u00fei\u00f0 sem heyri\u00f0 \u00e1 \u00feessum d\u00f6gum or\u00f0 af munni sp\u00e1mannanna sem uppi voru \u00feegar grundv\u00f6llur var lag\u00f0ur a\u00f0 endurbyggingu musterisins, h\u00fass Drottins allsherjar. <a name=\"10\"><span class=\"versanumer_2007\">10<\/span><\/a> Fyrir \u00fe\u00e1 daga h\u00f6f\u00f0u menn engar tekjur af vinnu sinni og engan ar\u00f0 af b\u00fapeningi s\u00ednum. Enginn gat \u00fe\u00e1 veri\u00f0 \u00e1 ferli \u00f3hultur fyrir \u00f3vinum \u00fev\u00ed a\u00f0 \u00f6llum m\u00f6nnum hleypti \u00e9g upp, hverjum gegn \u00f6\u00f0rum. <a name=\"11\"><span class=\"versanumer_2007\">11<\/span><\/a> En n\u00fa mun \u00e9g ekki breyta vi\u00f0 \u00fe\u00e1 sem eftir lifa af \u00fej\u00f3\u00f0inni eins og \u00e1 fyrri d\u00f6gum, segir Drottinn allsherjar, <a name=\"12\"><span class=\"versanumer_2007\">12<\/span><\/a> \u00fev\u00ed a\u00f0 \u00fea\u00f0 sem \u00feeir s\u00e1 mun dafna. V\u00ednvi\u00f0urinn ber \u00e1v\u00f6xt, j\u00f6r\u00f0in gefur gr\u00f3\u00f0a, himinninn sendir d\u00f6gg s\u00edna. \u00deeir sem lifa af \u00fej\u00f3\u00f0inni munu sl\u00e1 eign sinni \u00e1 allt \u00feetta. <a name=\"13\"><span class=\"versanumer_2007\">13<\/span><\/a> Og \u00fei\u00f0, \u00e6tt J\u00fada og \u00e6tt \u00cdsraels, sem eru\u00f0 or\u00f0nar a\u00f0 b\u00f6lvun me\u00f0al \u00fej\u00f3\u00f0anna, ykkur hj\u00e1lpa \u00e9g, n\u00fa ver\u00f0i\u00f0 \u00fei\u00f0 til blessunar. \u00d3ttist ekki, veri\u00f0 hughraustar. <a name=\"14\"><span class=\"versanumer_2007\">14<\/span><\/a> \u00c9g \u00e1setti m\u00e9r a\u00f0 gera ykkur illt \u00feegar forfe\u00f0ur y\u00f0ar reittu mig til rei\u00f0i, segir Drottinn allsherjar, og \u00feess i\u00f0ra\u00f0i mig ekki. <a name=\"15\"><span class=\"versanumer_2007\">15<\/span><\/a> En n\u00fa \u00e1 \u00feessum d\u00f6gum hef \u00e9g \u00e1kve\u00f0i\u00f0 a\u00f0 gera vel vi\u00f0 Jer\u00fasalem og J\u00fada \u00e6tt. \u00d3ttist ekki. <br \/> <a name=\"16\"><span class=\"versanumer_2007\">16<\/span><\/a> \u00deetta er \u00fea\u00f0 sem ykkur ber a\u00f0 gera: <br \/> <span class=\"ljodatexti\"> Segi\u00f0 sannleikann hver vi\u00f0 annan <br \/>og felli\u00f0 d\u00f3ma af sanngirni <br \/>og velvilja \u00ed hli\u00f0um y\u00f0ar. <br \/> <\/span> <span class=\"ljodatexti\"> <a name=\"17\"><span class=\"versanumer_ljod\">17<\/span><\/a>Enginn y\u00f0ar \u00e6tli \u00f6\u00f0rum illt \u00ed hjarta s\u00ednu <br \/>og felli\u00f0 y\u00f0ur ekki vi\u00f0 meins\u00e6ri. <br \/>Allt sl\u00edkt hata \u00e9g, <br \/>segir Drottinn. <\/span> <br \/> <a name=\"18\"><span class=\"versanumer_2007\">18<\/span><\/a> Or\u00f0 Drottins kom til m\u00edn: <br \/> <a name=\"19\"><span class=\"versanumer_2007\">19<\/span><\/a> Svo segir Drottinn allsherjar: Fastan \u00ed fj\u00f3r\u00f0a m\u00e1nu\u00f0i, fastan \u00ed fimmta m\u00e1nu\u00f0i, fastan \u00ed sj\u00f6unda m\u00e1nu\u00f0i og fastan \u00ed hinum t\u00edunda ver\u00f0a \u00e6tt J\u00fada til fagna\u00f0ar og \u00e1n\u00e6gju og a\u00f0 k\u00e6rkomnum h\u00e1t\u00ed\u00f0um. Elski\u00f0 sannleika og fri\u00f0. <br \/> <a name=\"20\"><span class=\"versanumer_2007\">20<\/span><\/a> Svo segir Drottinn allsherjar: Enn munu koma heilar \u00fej\u00f3\u00f0ir og \u00edb\u00faar margra borga. <a name=\"21\"><span class=\"versanumer_2007\">21<\/span><\/a> \u00cdb\u00faar einnar borgar munu fara til annarrar og segja: \u201eF\u00f6rum strax til a\u00f0 bl\u00ed\u00f0ka Drottin og leita Drottins allsherjar. \u00c9g fer l\u00edka.\u201c <a name=\"22\"><span class=\"versanumer_2007\">22<\/span><\/a> Og margir \u00e6ttflokkar og voldugar \u00fej\u00f3\u00f0ir koma til \u00feess a\u00f0 leita Drottins allsherjar \u00ed Jer\u00fasalem og bl\u00ed\u00f0ka hann.<br \/> <a name=\"23\"><span class=\"versanumer_2007\">23<\/span><\/a> Svo segir Drottinn allsherjar: \u00c1 \u00feeim d\u00f6gum munu t\u00edu menn af \u00f6llum \u00fej\u00f3\u00f0tungum gr\u00edpa \u00ed kyrtilfald eins Gy\u00f0ings og segja: \u201eVi\u00f0 viljum fara me\u00f0 ykkur, vi\u00f0 h\u00f6fum heyrt a\u00f0 Gu\u00f0 s\u00e9 me\u00f0 ykkur.\u201c<\/p>\n","protected":false},"excerpt":{"rendered":"<p>Fyrirheit um endurreisn Jer\u00fasalem 1 Or\u00f0 Drottins allsherjar kom til m\u00edn: 2 Svo segir Drottinn allsherjar: \u00c9g er gagntekinn af vandl\u00e6ti vegna S\u00edonar, \u00e9g loga af vandl\u00e6ti hennar vegna. 3Svo segir Drottinn: \u00c9g sn\u00fd aftur til S\u00edonar og tek m\u00e9r b\u00f3lfestu \u00ed Jer\u00fasalem. Og Jer\u00fasalem ver\u00f0ur nefnd borg sannleikans og fjall Drottins allsherjar fjalli\u00f0 helga. 4Svo segir Drottinn allsherjar: Enn munu \u00f6ldungar og gamlar konur sitja \u00e1 torgum Jer\u00fasalem, h\u00e1\u00f6ldru\u00f0 me\u00f0 staf \u00ed hendi, 5og \u00e1 torgum borgarinnar ver\u00f0ur kr\u00f6kkt af drengjum og st\u00falkum a\u00f0 leik. 6Svo segir Drottinn allsherjar: \u00deeim sem eftir ver\u00f0a \u00e1 \u00feeim d\u00f6gum kann a\u00f0 vir\u00f0ast <a href=\"https:\/\/biblian.is\/biblian\/sakaria-8-kafli\/\"> [&#8230;]<\/a><\/p>\n","protected":false},"author":1,"featured_media":0,"parent":0,"menu_order":0,"comment_status":"open","ping_status":"open","template":"bibliukaflar_NT.php","meta":{"footnotes":""},"class_list":["post-2537","page","type-page","status-publish","hentry"],"_links":{"self":[{"href":"https:\/\/biblian.is\/biblian\/wp-json\/wp\/v2\/pages\/2537","targetHints":{"allow":["GET"]}}],"collection":[{"href":"https:\/\/biblian.is\/biblian\/wp-json\/wp\/v2\/pages"}],"about":[{"href":"https:\/\/biblian.is\/biblian\/wp-json\/wp\/v2\/types\/page"}],"author":[{"embeddable":true,"href":"https:\/\/biblian.is\/biblian\/wp-json\/wp\/v2\/users\/1"}],"replies":[{"embeddable":true,"href":"https:\/\/biblian.is\/biblian\/wp-json\/wp\/v2\/comments?post=2537"}],"version-history":[{"count":0,"href":"https:\/\/biblian.is\/biblian\/wp-json\/wp\/v2\/pages\/2537\/revisions"}],"wp:attachment":[{"href":"https:\/\/biblian.is\/biblian\/wp-json\/wp\/v2\/media?parent=2537"}],"curies":[{"name":"wp","href":"https:\/\/api.w.org\/{rel}","templated":true}]}}