{"id":2534,"date":"2017-12-30T21:03:34","date_gmt":"2017-12-30T21:03:34","guid":{"rendered":"http:\/\/biblian.is\/biblian\/sakar%c2%92a-5-kafli\/"},"modified":"2024-03-19T16:12:15","modified_gmt":"2024-03-19T16:12:15","slug":"sakaria-5-kafli","status":"publish","type":"page","link":"https:\/\/biblian.is\/biblian\/sakaria-5-kafli\/","title":{"rendered":"Sakar\u00eda 5. kafli"},"content":{"rendered":"<h3 class=\"millifyrirsogn_2007\"> Sj\u00f6tta s\u00fdn: Flj\u00fagandi b\u00f3kfell<\/h3>\n<p><a name=\"1\"><span class=\"versanumer_2007\">1<\/span><\/a> Enn h\u00f3f \u00e9g upp augu m\u00edn og sj\u00e1: \u00dear var b\u00f3kfell \u00e1 flugi. <br \/> <a name=\"2\"><span class=\"versanumer_2007\">2<\/span><\/a> Og hann sag\u00f0i vi\u00f0 mig: \u201eHva\u00f0 s\u00e9r\u00f0u?\u201c En \u00e9g svara\u00f0i: \u201e\u00c9g s\u00e9 b\u00f3kfell \u00e1 flugi, tuttugu \u00e1lna langt en t\u00edu \u00e1lna breitt.\u201c <br \/> <a name=\"3\"><span class=\"versanumer_2007\">3<\/span><\/a> Hann sag\u00f0i vi\u00f0 mig: \u201e\u00deetta er b\u00f6lvunin sem fer yfir landi\u00f0 allt. \u00d6\u00f0rum megin \u00e1 \u00fea\u00f0 er skr\u00e1\u00f0 a\u00f0 \u00f6llum \u00fej\u00f3fum s\u00e9 enn \u00f3refsa\u00f0 en hinum megin a\u00f0 \u00f6llum meins\u00e6rism\u00f6nnum s\u00e9 enn \u00f3hegnt.\u201c <a name=\"4\"><span class=\"versanumer_2007\">4<\/span><\/a> B\u00f3kfelli\u00f0 hef \u00e9g sent, segir Drottinn allsherjar, svo a\u00f0 \u00fea\u00f0 lendi \u00ed h\u00fasi \u00fej\u00f3fsins og \u00feess sem sekur er um meins\u00e6ri vi\u00f0 mig og sta\u00f0n\u00e6mist \u00fear og gerey\u00f0i \u00fear jafnt vi\u00f0i sem veggjum. <\/p>\n<h3 class=\"millifyrirsogn_2007\">Sj\u00f6unda s\u00fdn: Kona \u00ed keri<\/h3>\n<p><a name=\"5\"><span class=\"versanumer_2007\">5<\/span><\/a> \u00de\u00e1 gekk fram engillinn, vi\u00f0m\u00e6landi minn, og sag\u00f0i: \u201eL\u00edttu n\u00fa upp og sj\u00e1\u00f0u hva\u00f0 n\u00e1lgast.\u201c<br \/> <a name=\"6\"><span class=\"versanumer_2007\">6<\/span><\/a> \u201eHva\u00f0 er \u00fea\u00f0?\u201c spur\u00f0i \u00e9g. Og hann svara\u00f0i: \u201e\u00deetta efuker sem n\u00e1lgast,\u201c sag\u00f0i hann, \u201eer sekt \u00feeirra \u00ed landinu \u00f6llu.\u201c <br \/> <a name=\"7\"><span class=\"versanumer_2007\">7<\/span><\/a> Og \u00fe\u00e1 lyftist bl\u00fdloki\u00f0 af efunni og sat kona ni\u00f0ri \u00ed kerinu. <br \/> <a name=\"8\"><span class=\"versanumer_2007\">8<\/span><\/a> \u201e\u00deetta,\u201c sag\u00f0i hann, \u201eer Illskan.\u201c Og hann \u00fer\u00fdsti henni ni\u00f0ur \u00ed keri\u00f0 og setti bl\u00fdloki\u00f0 yfir. <br \/> <a name=\"9\"><span class=\"versanumer_2007\">9<\/span><\/a> Enn leit \u00e9g upp og s\u00e1 n\u00fa tv\u00e6r konur birtast. \u00de\u00e6r h\u00f6f\u00f0u v\u00e6ngi sem storkar og st\u00f3\u00f0 vindur undir \u00e1 b\u00e1\u00f0a vegu. Og \u00e1 milli s\u00edn h\u00f3fu \u00fe\u00e6r efuna \u00e1 loft.<br \/> <a name=\"10\"><span class=\"versanumer_2007\">10<\/span><\/a> \u00c9g spur\u00f0i engilinn, vi\u00f0m\u00e6landa minn: \u201eHvert \u00e6tla \u00fe\u00e6r me\u00f0 efuna?\u201c <br \/> <a name=\"11\"><span class=\"versanumer_2007\">11<\/span><\/a> Hann svara\u00f0i: \u201eTil a\u00f0 reisa henni h\u00fas \u00ed S\u00ednearlandi og a\u00f0 \u00fev\u00ed loknu munu \u00fe\u00e6r setja efuna \u00fear \u00e1 stall.\u201c <\/p>\n","protected":false},"excerpt":{"rendered":"<p>Sj\u00f6tta s\u00fdn: Flj\u00fagandi b\u00f3kfell 1 Enn h\u00f3f \u00e9g upp augu m\u00edn og sj\u00e1: \u00dear var b\u00f3kfell \u00e1 flugi. 2 Og hann sag\u00f0i vi\u00f0 mig: \u201eHva\u00f0 s\u00e9r\u00f0u?\u201c En \u00e9g svara\u00f0i: \u201e\u00c9g s\u00e9 b\u00f3kfell \u00e1 flugi, tuttugu \u00e1lna langt en t\u00edu \u00e1lna breitt.\u201c 3 Hann sag\u00f0i vi\u00f0 mig: \u201e\u00deetta er b\u00f6lvunin sem fer yfir landi\u00f0 allt. \u00d6\u00f0rum megin \u00e1 \u00fea\u00f0 er skr\u00e1\u00f0 a\u00f0 \u00f6llum \u00fej\u00f3fum s\u00e9 enn \u00f3refsa\u00f0 en hinum megin a\u00f0 \u00f6llum meins\u00e6rism\u00f6nnum s\u00e9 enn \u00f3hegnt.\u201c 4 B\u00f3kfelli\u00f0 hef \u00e9g sent, segir Drottinn allsherjar, svo a\u00f0 \u00fea\u00f0 lendi \u00ed h\u00fasi \u00fej\u00f3fsins og \u00feess sem sekur er um meins\u00e6ri vi\u00f0 mig og <a href=\"https:\/\/biblian.is\/biblian\/sakaria-5-kafli\/\"> [&#8230;]<\/a><\/p>\n","protected":false},"author":1,"featured_media":0,"parent":0,"menu_order":0,"comment_status":"open","ping_status":"open","template":"bibliukaflar_NT.php","meta":{"footnotes":""},"class_list":["post-2534","page","type-page","status-publish","hentry"],"_links":{"self":[{"href":"https:\/\/biblian.is\/biblian\/wp-json\/wp\/v2\/pages\/2534","targetHints":{"allow":["GET"]}}],"collection":[{"href":"https:\/\/biblian.is\/biblian\/wp-json\/wp\/v2\/pages"}],"about":[{"href":"https:\/\/biblian.is\/biblian\/wp-json\/wp\/v2\/types\/page"}],"author":[{"embeddable":true,"href":"https:\/\/biblian.is\/biblian\/wp-json\/wp\/v2\/users\/1"}],"replies":[{"embeddable":true,"href":"https:\/\/biblian.is\/biblian\/wp-json\/wp\/v2\/comments?post=2534"}],"version-history":[{"count":0,"href":"https:\/\/biblian.is\/biblian\/wp-json\/wp\/v2\/pages\/2534\/revisions"}],"wp:attachment":[{"href":"https:\/\/biblian.is\/biblian\/wp-json\/wp\/v2\/media?parent=2534"}],"curies":[{"name":"wp","href":"https:\/\/api.w.org\/{rel}","templated":true}]}}

Sakaría 5. kafli

<h3 class="millifyrirsogn_2007"> Sjötta sýn: Fljúgandi bókfell</h3>
<p><a name="1"><span class="versanumer_2007">1</span></a> Enn hóf ég upp augu mín og sjá: Þar var bókfell á flugi. <br /> <a name="2"><span class="versanumer_2007">2</span></a> Og hann sagði við mig: „Hvað sérðu?“ En ég svaraði: „Ég sé bókfell á flugi, tuttugu álna langt en tíu álna breitt.“ <br /> <a name="3"><span class="versanumer_2007">3</span></a> Hann sagði við mig: „Þetta er bölvunin sem fer yfir landið allt. Öðrum megin á það er skráð að öllum þjófum sé enn órefsað en hinum megin að öllum meinsærismönnum sé enn óhegnt.“ <a name="4"><span class="versanumer_2007">4</span></a> Bókfellið hef ég sent, segir Drottinn allsherjar, svo að það lendi í húsi þjófsins og þess sem sekur er um meinsæri við mig og staðnæmist þar og gereyði þar jafnt viði sem veggjum. </p>
<h3 class="millifyrirsogn_2007">Sjöunda sýn: Kona í keri</h3>
<p><a name="5"><span class="versanumer_2007">5</span></a> Þá gekk fram engillinn, viðmælandi minn, og sagði: „Líttu nú upp og sjáðu hvað nálgast.“<br /> <a name="6"><span class="versanumer_2007">6</span></a> „Hvað er það?“ spurði ég. Og hann svaraði: „Þetta efuker sem nálgast,“ sagði hann, „er sekt þeirra í landinu öllu.“ <br /> <a name="7"><span class="versanumer_2007">7</span></a> Og þá lyftist blýlokið af efunni og sat kona niðri í kerinu. <br /> <a name="8"><span class="versanumer_2007">8</span></a> „Þetta,“ sagði hann, „er Illskan.“ Og hann þrýsti henni niður í kerið og setti blýlokið yfir. <br /> <a name="9"><span class="versanumer_2007">9</span></a> Enn leit ég upp og sá nú tvær konur birtast. Þær höfðu vængi sem storkar og stóð vindur undir á báða vegu. Og á milli sín hófu þær efuna á loft.<br /> <a name="10"><span class="versanumer_2007">10</span></a> Ég spurði engilinn, viðmælanda minn: „Hvert ætla þær með efuna?“ <br /> <a name="11"><span class="versanumer_2007">11</span></a> Hann svaraði: „Til að reisa henni hús í Sínearlandi og að því loknu munu þær setja efuna þar á stall.“ </p>

<p>Sjötta sýn: Fljúgandi bókfell 1 Enn hóf ég upp augu mín og sjá: Þar var bókfell á flugi. 2 Og hann sagði við mig: „Hvað sérðu?“ En ég svaraði: „Ég sé bókfell á flugi, tuttugu álna langt en tíu álna breitt.“ 3 Hann sagði við mig: „Þetta er bölvunin sem fer yfir landið allt. Öðrum megin á það er skráð að öllum þjófum sé enn órefsað en hinum megin að öllum meinsærismönnum sé enn óhegnt.“ 4 Bókfellið hef ég sent, segir Drottinn allsherjar, svo að það lendi í húsi þjófsins og þess sem sekur er um meinsæri við mig og <a href="https://biblian.is/biblian/sakaria-5-kafli/"> [&#8230;]</a></p>
