{"id":2533,"date":"2017-12-30T21:03:34","date_gmt":"2017-12-30T21:03:34","guid":{"rendered":"http:\/\/biblian.is\/biblian\/sakar%c2%92a-4-kafli\/"},"modified":"2024-03-19T16:12:15","modified_gmt":"2024-03-19T16:12:15","slug":"sakaria-4-kafli","status":"publish","type":"page","link":"https:\/\/biblian.is\/biblian\/sakaria-4-kafli\/","title":{"rendered":"Sakar\u00eda 4. kafli"},"content":{"rendered":"<h3 class=\"millifyrirsogn_2007\"> Fimmta s\u00fdn: Lj\u00f3sastika og \u00f3l\u00edfutr\u00e9, Ser\u00fababel<\/h3>\n<p><a name=\"1\"><span class=\"versanumer_2007\">1<\/span><\/a> Engillinn, vi\u00f0m\u00e6landi minn, vakti mig aftur, l\u00edkt og \u00feegar menn eru vaktir af svefni, <a name=\"2\"><span class=\"versanumer_2007\">2<\/span><\/a> og spur\u00f0i mig: \u201eHva\u00f0 s\u00e9r\u00f0u?\u201c \u00c9g svara\u00f0i: \u201e\u00c9g s\u00e9 lj\u00f3sastiku \u00far sk\u00edragulli. \u00c1 henni er sk\u00e1l og sj\u00f6 lj\u00f3sast\u00e6\u00f0i og \u00far sk\u00e1linni liggja sj\u00f6 rennur til \u00feeirra. <a name=\"3\"><span class=\"versanumer_2007\">3<\/span><\/a> Yfir henni eru tv\u00f6 \u00f3l\u00edfutr\u00e9, anna\u00f0 h\u00e6gra megin sk\u00e1larinnar en hitt vinstra megin.\u201c<span class=\"nedan_mal\" title=\" Talan sj\u00f6 er t\u00e1kn fullkomnunar og einingar en \u00f3l\u00edfutr\u00e9 t\u00e1knar frj\u00f3semi. Hvort tveggja, lj\u00f3sastikuna og \u00f3l\u00edfutr\u00e9n tv\u00f6, er n\u00fa a\u00f0 finna \u00ed skjaldarmerki \u00cdsraelsr\u00edkis.\">[<\/span> <a name=\"4\"><span class=\"versanumer_2007\">4<\/span><\/a> Og \u00e9g spur\u00f0i engilinn, vi\u00f0m\u00e6landa minn: \u201eHva\u00f0 t\u00e1kna \u00feessir hlutir, herra?\u201c <a name=\"5\"><span class=\"versanumer_2007\">5<\/span><\/a> \u201eVeistu ekki hva\u00f0 \u00feessir hlutir t\u00e1kna?\u201c spur\u00f0i engillinn, vi\u00f0m\u00e6landi minn. Og \u00e9g sag\u00f0i: \u201eNei, herra.\u201c <br \/> <a name=\"6\"><span class=\"versanumer_2007\">6<\/span><\/a> \u00de\u00e1 greindi hann m\u00e9r svo fr\u00e1: <br \/> <span class=\"ljodatexti\"> \u00deetta er or\u00f0 Drottins til Ser\u00fababels: <br \/>Ekki me\u00f0 valdi n\u00e9 krafti <br \/>heldur fyrir anda minn, <br \/>segir Drottinn allsherjar. <br \/> <\/span> <span class=\"ljodatexti\"> <a name=\"7\"><span class=\"versanumer_ljod\">7<\/span><\/a>Hver ert \u00fe\u00fa, mikla fjall? <br \/>Andsp\u00e6nis Ser\u00fababel skaltu ver\u00f0a a\u00f0 jafnsl\u00e9ttu. <br \/>Hann mun koma fram me\u00f0 hornsteininn <br \/>og \u00fe\u00e1 fagna menn og hr\u00f3pa: \u201eD\u00fdrlegur. D\u00fdrlegur!\u201c <\/span> <br \/> <a name=\"8\"><span class=\"versanumer_2007\">8<\/span><\/a> Og or\u00f0 Drottins kom til m\u00edn: <br \/> <span class=\"ljodatexti\"> <a name=\"9\"><span class=\"versanumer_ljod\">9<\/span><\/a>Hendur Ser\u00fababels <br \/> hafa grundvalla\u00f0 \u00feetta h\u00fas <br \/>og me\u00f0 h\u00f6ndum Ser\u00fababels ver\u00f0ur \u00fea\u00f0 reist a\u00f0 fullu. <br \/>\u00de\u00e1 munu\u00f0 \u00fe\u00e9r sj\u00e1 <br \/>a\u00f0 Drottinn hersveitanna sendi mig til y\u00f0ar. <\/span> <br \/> <a name=\"10\"><span class=\"versanumer_2007\">10<\/span><\/a> Hverjir h\u00e6\u00f0a n\u00fa dag \u00feessara sm\u00e1u verka ykkar? \u00de\u00e1 munu \u00feeir fagna, er \u00feeir sj\u00e1 m\u00e6lil\u00f3\u00f0i\u00f0 \u00ed hendi Ser\u00fababels.<br \/>\u00deetta eru sj\u00f6 augu Drottins sem skima um ver\u00f6ld alla. <br \/> <a name=\"11\"><span class=\"versanumer_2007\">11<\/span><\/a> \u00de\u00e1 svara\u00f0i \u00e9g og spur\u00f0i hann: \u201eHver eru \u00feessi tv\u00f6 \u00f3l\u00edfutr\u00e9 h\u00e6gra og vinstra megin vi\u00f0 lj\u00f3sastikuna?\u201c <br \/> <a name=\"12\"><span class=\"versanumer_2007\">12<\/span><\/a> Og enn tala\u00f0i \u00e9g og spur\u00f0i hann: \u201eHverjar eru \u00feessar tv\u00e6r \u00f3l\u00edfugreinar vi\u00f0 gullrennurnar tv\u00e6r? Gullin ol\u00eda rennur sj\u00e1lfkrafa \u00far \u00feeim \u00ed gullrennurnar tv\u00e6r.\u201c<br \/> <a name=\"13\"><span class=\"versanumer_2007\">13<\/span><\/a> Hann svara\u00f0i og sag\u00f0i: \u201eVeistu ekki hva\u00f0 \u00feetta er?\u201c En \u00e9g sag\u00f0i: \u201eNei, herra.\u201c<br \/> <a name=\"14\"><span class=\"versanumer_2007\">14<\/span><\/a> \u00de\u00e1 svara\u00f0i hann: \u201e\u00deetta eru hinir tveir smur\u00f0u sem standa hj\u00e1 Drottni gj\u00f6rvallrar jar\u00f0arinnar.\u201c<\/p>\n","protected":false},"excerpt":{"rendered":"<p>Fimmta s\u00fdn: Lj\u00f3sastika og \u00f3l\u00edfutr\u00e9, Ser\u00fababel 1 Engillinn, vi\u00f0m\u00e6landi minn, vakti mig aftur, l\u00edkt og \u00feegar menn eru vaktir af svefni, 2 og spur\u00f0i mig: \u201eHva\u00f0 s\u00e9r\u00f0u?\u201c \u00c9g svara\u00f0i: \u201e\u00c9g s\u00e9 lj\u00f3sastiku \u00far sk\u00edragulli. \u00c1 henni er sk\u00e1l og sj\u00f6 lj\u00f3sast\u00e6\u00f0i og \u00far sk\u00e1linni liggja sj\u00f6 rennur til \u00feeirra. 3 Yfir henni eru tv\u00f6 \u00f3l\u00edfutr\u00e9, anna\u00f0 h\u00e6gra megin sk\u00e1larinnar en hitt vinstra megin.\u201c[ 4 Og \u00e9g spur\u00f0i engilinn, vi\u00f0m\u00e6landa minn: \u201eHva\u00f0 t\u00e1kna \u00feessir hlutir, herra?\u201c 5 \u201eVeistu ekki hva\u00f0 \u00feessir hlutir t\u00e1kna?\u201c spur\u00f0i engillinn, vi\u00f0m\u00e6landi minn. Og \u00e9g sag\u00f0i: \u201eNei, herra.\u201c 6 \u00de\u00e1 greindi hann m\u00e9r svo fr\u00e1: \u00deetta er <a href=\"https:\/\/biblian.is\/biblian\/sakaria-4-kafli\/\"> [&#8230;]<\/a><\/p>\n","protected":false},"author":1,"featured_media":0,"parent":0,"menu_order":0,"comment_status":"open","ping_status":"open","template":"bibliukaflar_NT.php","meta":{"footnotes":""},"class_list":["post-2533","page","type-page","status-publish","hentry"],"_links":{"self":[{"href":"https:\/\/biblian.is\/biblian\/wp-json\/wp\/v2\/pages\/2533","targetHints":{"allow":["GET"]}}],"collection":[{"href":"https:\/\/biblian.is\/biblian\/wp-json\/wp\/v2\/pages"}],"about":[{"href":"https:\/\/biblian.is\/biblian\/wp-json\/wp\/v2\/types\/page"}],"author":[{"embeddable":true,"href":"https:\/\/biblian.is\/biblian\/wp-json\/wp\/v2\/users\/1"}],"replies":[{"embeddable":true,"href":"https:\/\/biblian.is\/biblian\/wp-json\/wp\/v2\/comments?post=2533"}],"version-history":[{"count":0,"href":"https:\/\/biblian.is\/biblian\/wp-json\/wp\/v2\/pages\/2533\/revisions"}],"wp:attachment":[{"href":"https:\/\/biblian.is\/biblian\/wp-json\/wp\/v2\/media?parent=2533"}],"curies":[{"name":"wp","href":"https:\/\/api.w.org\/{rel}","templated":true}]}}