{"id":2528,"date":"2017-12-30T21:03:34","date_gmt":"2017-12-30T21:03:34","guid":{"rendered":"http:\/\/biblian.is\/biblian\/hagga%c2%92-1-kafli\/"},"modified":"2024-03-19T16:13:27","modified_gmt":"2024-03-19T16:13:27","slug":"haggai-1-kafli","status":"publish","type":"page","link":"https:\/\/biblian.is\/biblian\/haggai-1-kafli\/","title":{"rendered":"Hagga\u00ed 1. kafli"},"content":{"rendered":"<h3 class=\"millifyrirsogn_2007\"> Hvatt til a\u00f0 endurreisa musteri\u00f0<\/h3>\n<p><a name=\"1\"><span class=\"versanumer_2007\">1<\/span><\/a> Fyrsta dag hins sj\u00f6tta m\u00e1na\u00f0ar \u00e1 \u00f6\u00f0ru stj\u00f3rnar\u00e1ri Dar\u00edusar konungs kom or\u00f0 Drottins af munni Hagga\u00ed sp\u00e1manns til Ser\u00fababels Sealt\u00edelssonar, landstj\u00f3ra \u00ed J\u00fada, og J\u00f3s\u00faa J\u00f3sadakssonar, \u00e6\u00f0sta prests:<br \/> <a name=\"2\"><span class=\"versanumer_2007\">2<\/span><\/a> Svo segir Drottinn allsherjar: \u00deessi \u00fej\u00f3\u00f0 segir: \u201eEnn er ekki t\u00edmab\u00e6rt a\u00f0 endurreisa h\u00fas Drottins.\u201c<br \/> <a name=\"3\"><span class=\"versanumer_2007\">3<\/span><\/a> \u00de\u00e1 barst or\u00f0 Drottins af munni Hagga\u00ed sp\u00e1manns:<br \/> <a name=\"4\"><span class=\"versanumer_2007\">4<\/span><\/a> Er \u00fe\u00e1 t\u00edmab\u00e6rt fyrir ykkur a\u00f0 b\u00faa \u00ed \u00feilju\u00f0um h\u00fasum, me\u00f0an \u00feetta h\u00fas er \u00ed r\u00fast?<br \/> <a name=\"5\"><span class=\"versanumer_2007\">5<\/span><\/a> \u00dev\u00ed segir Drottinn allsherjar: Sj\u00e1i\u00f0 hvernig ykkur hefur farnast. <a name=\"6\"><span class=\"versanumer_2007\">6<\/span><\/a> \u00dei\u00f0 hafi\u00f0 s\u00e1\u00f0 miklu en uppskori\u00f0 sm\u00e1tt, matast en ekki or\u00f0i\u00f0 saddir, drukki\u00f0 en ekki fengi\u00f0 n\u00e6gju ykkar, kl\u00e6\u00f0st en ekki hl\u00fdna\u00f0 og hafi launa veri\u00f0 afla\u00f0 f\u00f3ru \u00feau \u00ed g\u00f6t\u00f3tta pyngju.<br \/> <a name=\"7\"><span class=\"versanumer_2007\">7<\/span><\/a> Svo segir Drottinn allsherjar: Sj\u00e1i\u00f0 hvernig ykkur hefur farnast. <br \/> <a name=\"8\"><span class=\"versanumer_2007\">8<\/span><\/a> Fari\u00f0 upp \u00ed fj\u00f6llin, s\u00e6ki\u00f0 vi\u00f0 og reisi\u00f0 h\u00fasi\u00f0, \u00fe\u00e1 mun \u00e9g hafa vel\u00fe\u00f3knun \u00e1 \u00fev\u00ed og gera mig vegsamlegan, segir Drottinn.<br \/> <a name=\"9\"><span class=\"versanumer_2007\">9<\/span><\/a> \u00dei\u00f0 hafi\u00f0 v\u00e6nst mikils en ykkur \u00e1skotnast l\u00edti\u00f0 og \u00e9g hef bl\u00e1si\u00f0 burt \u00fev\u00ed sem \u00fei\u00f0 fluttu\u00f0 heim. Og hvers vegna? &#8211; segir Drottinn allsherjar. Vegna h\u00fass m\u00edns sem liggur \u00ed r\u00fastum me\u00f0an s\u00e9rhver ykkar er \u00e1 \u00fe\u00f6num vi\u00f0 eigi\u00f0 h\u00fas.<br \/> <a name=\"10\"><span class=\"versanumer_2007\">10<\/span><\/a> \u00deess vegna hefur himinninn yfir ykkur synja\u00f0 ykkur um d\u00f6gg og \u00feess vegna hefur j\u00f6r\u00f0in haldi\u00f0 aftur af gr\u00f3\u00f0ri s\u00ednum. <a name=\"11\"><span class=\"versanumer_2007\">11<\/span><\/a> \u00c9g hef kalla\u00f0 \u00feurrk yfir landi\u00f0, yfir fj\u00f6llin, yfir n\u00fdsprotti\u00f0 korn, v\u00ednberjal\u00f6g og ol\u00edu, yfir allt sem j\u00f6r\u00f0in gefur, yfir menn, d\u00fdr og allt sem er me\u00f0 h\u00f6ndum skapa\u00f0.<br \/> <a name=\"12\"><span class=\"versanumer_2007\">12<\/span><\/a> Ser\u00fababel Sealt\u00edelsson, landstj\u00f3ri \u00ed J\u00fada, og J\u00f3s\u00faa J\u00f3sadaksson, \u00e6\u00f0sti prestur, og allir sem eftir voru af \u00fej\u00f3\u00f0inni, hl\u00fdddu \u00fe\u00e1 bo\u00f0um Drottins, Gu\u00f0s s\u00edns, og or\u00f0um Hagga\u00ed sp\u00e1manns \u00feegar Drottinn, Gu\u00f0 \u00feeirra, haf\u00f0i sent hann til \u00feeirra og menn \u00f3ttu\u00f0ust Drottin.<br \/> <a name=\"13\"><span class=\"versanumer_2007\">13<\/span><\/a> Hagga\u00ed, bo\u00f0beri Drottins, f\u00f3r a\u00f0 k\u00f6llun Drottins og sag\u00f0i vi\u00f0 f\u00f3lki\u00f0: \u00c9g er me\u00f0 y\u00f0ur, segir Drottinn.<br \/> <a name=\"14\"><span class=\"versanumer_2007\">14<\/span><\/a> Og Drottinn efldi hug Ser\u00fababels Sealt\u00edelssonar, landstj\u00f3ra \u00ed J\u00fada, J\u00f3s\u00faa J\u00f3sadakssonar, \u00e6\u00f0sta prests, og \u00feeirra sem eftir voru af \u00fej\u00f3\u00f0inni. \u00deeir komu og h\u00f3fust handa vi\u00f0 a\u00f0 byggja h\u00fas Drottins allsherjar, Gu\u00f0s s\u00edns, <a name=\"15\"><span class=\"versanumer_2007\">15<\/span><\/a> \u00e1 tuttugasta og fj\u00f3r\u00f0a degi hins sj\u00f6tta m\u00e1na\u00f0ar. <\/p>\n","protected":false},"excerpt":{"rendered":"<p>Hvatt til a\u00f0 endurreisa musteri\u00f0 1 Fyrsta dag hins sj\u00f6tta m\u00e1na\u00f0ar \u00e1 \u00f6\u00f0ru stj\u00f3rnar\u00e1ri Dar\u00edusar konungs kom or\u00f0 Drottins af munni Hagga\u00ed sp\u00e1manns til Ser\u00fababels Sealt\u00edelssonar, landstj\u00f3ra \u00ed J\u00fada, og J\u00f3s\u00faa J\u00f3sadakssonar, \u00e6\u00f0sta prests: 2 Svo segir Drottinn allsherjar: \u00deessi \u00fej\u00f3\u00f0 segir: \u201eEnn er ekki t\u00edmab\u00e6rt a\u00f0 endurreisa h\u00fas Drottins.\u201c 3 \u00de\u00e1 barst or\u00f0 Drottins af munni Hagga\u00ed sp\u00e1manns: 4 Er \u00fe\u00e1 t\u00edmab\u00e6rt fyrir ykkur a\u00f0 b\u00faa \u00ed \u00feilju\u00f0um h\u00fasum, me\u00f0an \u00feetta h\u00fas er \u00ed r\u00fast? 5 \u00dev\u00ed segir Drottinn allsherjar: Sj\u00e1i\u00f0 hvernig ykkur hefur farnast. 6 \u00dei\u00f0 hafi\u00f0 s\u00e1\u00f0 miklu en uppskori\u00f0 sm\u00e1tt, matast en ekki or\u00f0i\u00f0 saddir, drukki\u00f0 <a href=\"https:\/\/biblian.is\/biblian\/haggai-1-kafli\/\"> [&#8230;]<\/a><\/p>\n","protected":false},"author":1,"featured_media":0,"parent":0,"menu_order":0,"comment_status":"open","ping_status":"open","template":"bibliukaflar_NT.php","meta":{"footnotes":""},"class_list":["post-2528","page","type-page","status-publish","hentry"],"_links":{"self":[{"href":"https:\/\/biblian.is\/biblian\/wp-json\/wp\/v2\/pages\/2528","targetHints":{"allow":["GET"]}}],"collection":[{"href":"https:\/\/biblian.is\/biblian\/wp-json\/wp\/v2\/pages"}],"about":[{"href":"https:\/\/biblian.is\/biblian\/wp-json\/wp\/v2\/types\/page"}],"author":[{"embeddable":true,"href":"https:\/\/biblian.is\/biblian\/wp-json\/wp\/v2\/users\/1"}],"replies":[{"embeddable":true,"href":"https:\/\/biblian.is\/biblian\/wp-json\/wp\/v2\/comments?post=2528"}],"version-history":[{"count":0,"href":"https:\/\/biblian.is\/biblian\/wp-json\/wp\/v2\/pages\/2528\/revisions"}],"wp:attachment":[{"href":"https:\/\/biblian.is\/biblian\/wp-json\/wp\/v2\/media?parent=2528"}],"curies":[{"name":"wp","href":"https:\/\/api.w.org\/{rel}","templated":true}]}}