{"id":2521,"date":"2017-12-30T21:03:34","date_gmt":"2017-12-30T21:03:34","guid":{"rendered":"http:\/\/biblian.is\/biblian\/nah%c2%9cm-3-kafli\/"},"modified":"2024-06-26T23:23:15","modified_gmt":"2024-06-26T23:23:15","slug":"nahum-3-kafli","status":"publish","type":"page","link":"https:\/\/biblian.is\/biblian\/nahum-3-kafli\/","title":{"rendered":"Nah\u00fam 3. kafli"},"content":{"rendered":"<p><span class=\"ljodatexti\"> <a name=\"1\"><span class=\"versanumer_ljod\">1<\/span><\/a>Vei hinni bl\u00f3\u00f0seku borg<br \/>sem full er af svikum og r\u00e1nsfeng <br \/>og l\u00e6tur ekki af ofbeldi.<br \/> <\/span> <span class=\"ljodatexti\"> <a name=\"2\"><span class=\"versanumer_ljod\">2<\/span><\/a>Svipusmellir. Hj\u00f3laskr\u00f6lt. <br \/>H\u00f3fatak. Vagnagn\u00fdr. <br \/> <\/span> <span class=\"ljodatexti\"> <a name=\"3\"><span class=\"versanumer_ljod\">3<\/span><\/a>Riddarar geysast fram, <br \/>sver\u00f0 blika, spj\u00f3t leiftra. <br \/>Fj\u00f6ldi valfallinna, kestir af hr\u00e6jum. <br \/>\u00d3teljandi eru l\u00edkin, <br \/>um \u00feau hrasa menn. <br \/> <\/span> <span class=\"ljodatexti\"> <a name=\"4\"><span class=\"versanumer_ljod\">4<\/span><\/a>Vegna hins mikla lausl\u00e6tis sk\u00e6kjunnar, <br \/>hinnar f\u00f6gru og fj\u00f6lkunnugu, <br \/>sem v\u00e9la\u00f0i \u00fej\u00f3\u00f0ir me\u00f0 lausl\u00e6ti s\u00ednu <br \/>og kynstofna me\u00f0 t\u00f6frum s\u00ednum,<br \/> <\/span> <span class=\"ljodatexti\"> <a name=\"5\"><span class=\"versanumer_ljod\">5<\/span><\/a>vitja \u00e9g \u00fe\u00edn, segir Drottinn allsherjar, <br \/>og \u00e9g mun breg\u00f0a kl\u00e6\u00f0afaldi \u00fe\u00ednum upp a\u00f0 framan <br \/>og s\u00fdna \u00fej\u00f3\u00f0unum nekt \u00fe\u00edna <br \/>og konungsr\u00edkjunum blyg\u00f0un \u00fe\u00edna. <br \/> <\/span> <span class=\"ljodatexti\"> <a name=\"6\"><span class=\"versanumer_ljod\">6<\/span><\/a>\u00c9g mun varpa yfir \u00feig saur <br \/>og sv\u00edvir\u00f0a \u00feig<br \/>svo a\u00f0 \u00fe\u00fa ver\u00f0ir \u00f6\u00f0rum v\u00edti til varna\u00f0ar. <br \/> <\/span> <span class=\"ljodatexti\"> <a name=\"7\"><span class=\"versanumer_ljod\">7<\/span><\/a>\u00de\u00e1 hr\u00f6kkva \u00feeir undan<br \/>sem l\u00edta \u00feig og segja: <br \/>\u201eN\u00edn\u00edve er l\u00f6g\u00f0 \u00ed ey\u00f0i.<br \/>Hver aumkar hana n\u00fa?\u201c<br \/>Hvar \u00e6tti \u00e9g a\u00f0 leita \u00fe\u00e9r huggara?<br \/> <\/span> <span class=\"ljodatexti\"> <a name=\"8\"><span class=\"versanumer_ljod\">8<\/span><\/a>Er \u00fe\u00e9r, N\u00edn\u00edve, vandara um en N\u00f3-Amm\u00f3n <br \/>sem l\u00e1 vi\u00f0 N\u00edlarflj\u00f3t, umflotin vatni, <br \/>og \u00e1tti s\u00e9r flj\u00f3ti\u00f0 a\u00f0 v\u00edgi <br \/>og vatni\u00f0 a\u00f0 varnarvirki? <br \/> <\/span> <span class=\"ljodatexti\"> <a name=\"9\"><span class=\"versanumer_ljod\">9<\/span><\/a>Styrk sinn s\u00f3tti h\u00fan til E\u00fe\u00ed\u00f3p\u00edumanna<br \/>og hinna \u00f3teljandi Egypta. <br \/>P\u00fatmenn og L\u00edb\u00edumenn voru hj\u00e1lparli\u00f0 hennar.<br \/> <\/span> <span class=\"ljodatexti\"> <a name=\"10\"><span class=\"versanumer_ljod\">10<\/span><\/a>Og \u00fe\u00f3 fl\u00e6mdist h\u00fan \u00ed \u00fatleg\u00f0 <br \/>og var\u00f0 a\u00f0 \u00feola herlei\u00f0ingu, <br \/>ungb\u00f6rn hennar voru einnig lamin \u00ed hel <br \/>\u00e1 \u00f6llum gatnam\u00f3tum. <br \/>Hlutkesti var varpa\u00f0 um fyrirmenn hennar <br \/>og allir h\u00f6f\u00f0ingjar hennar voru reyr\u00f0ir \u00ed fj\u00f6tra. <br \/> <\/span> <span class=\"ljodatexti\"> <a name=\"11\"><span class=\"versanumer_ljod\">11<\/span><\/a>Eins ver\u00f0ur \u00fe\u00fa ofur\u00f6lvi, <br \/>eins ver\u00f0ur \u00fe\u00fa magn\u00ferota, <br \/>eins muntu leita h\u00e6lis <br \/>fyrir fjandm\u00f6nnum \u00fe\u00ednum.<br \/> <\/span> <span class=\"ljodatexti\"> <a name=\"12\"><span class=\"versanumer_ljod\">12<\/span><\/a>\u00d6ll virki \u00fe\u00edn eru sem f\u00edkjutr\u00e9 <br \/>sem bera vorf\u00edkjur. <br \/>S\u00e9u \u00feau hrist falla \u00fe\u00e6r <br \/>\u00ed munn hvers sem vill. <br \/> <\/span> <span class=\"ljodatexti\"> <a name=\"13\"><span class=\"versanumer_ljod\">13<\/span><\/a>Hermenn \u00fe\u00ednir eru sem konur, <br \/>hli\u00f0 lands \u00fe\u00edns hafa loki\u00f0 s\u00e9r upp sj\u00e1lf <br \/>fyrir \u00f3vinum \u00fe\u00ednum, <br \/>slagbrandarnir hafa or\u00f0i\u00f0 eldi a\u00f0 br\u00e1\u00f0. <br \/> <\/span> <span class=\"ljodatexti\"> <a name=\"14\"><span class=\"versanumer_ljod\">14<\/span><\/a>Austu \u00fe\u00e9r vatnsfor\u00f0a fyrir ums\u00e1tina, <br \/>styrktu varnarvirki \u00fe\u00edn. <br \/>Gakktu \u00ed leire\u00f0juna, troddu leirinn <br \/>og haf\u00f0u leirm\u00f3tin tilt\u00e6k. <br \/> <\/span> <span class=\"ljodatexti\"> <a name=\"15\"><span class=\"versanumer_ljod\">15<\/span><\/a>\u00dear mun eldurinn ey\u00f0a \u00fe\u00e9r, <br \/>sver\u00f0i\u00f0 tort\u00edma \u00fe\u00e9r, <br \/>ey\u00f0a \u00fe\u00e9r eins og engisprettufaraldur, <br \/>jafnvel \u00fe\u00f3tt li\u00f0 \u00feitt ver\u00f0i sem engisprettus\u00e6gur, <br \/>i\u00f0andi grasvargur.<br \/> <\/span> <span class=\"ljodatexti\"> <a name=\"16\"><span class=\"versanumer_ljod\">16<\/span><\/a>Kaupmenn \u00fe\u00ednir voru fleiri en stj\u00f6rnur himinsins, <br \/>en sem grasvargur skiptu \u00feeir h\u00f6mum og hurfu \u00e1 braut. <br \/> <\/span> <span class=\"ljodatexti\"> <a name=\"17\"><span class=\"versanumer_ljod\">17<\/span><\/a>Ver\u00f0ir \u00fe\u00ednir voru sem engisprettur <br \/>og herforingjar \u00fe\u00ednir eins og skord\u00fdras\u00e6gur <br \/>sem sest \u00e1 steingar\u00f0a \u00e1 sv\u00f6lum degi <br \/>en fl\u00fdgur burt \u00feegar s\u00f3lin birtist <br \/>og enginn veit hva\u00f0 af honum ver\u00f0ur. <br \/> <\/span> <span class=\"ljodatexti\"> <a name=\"18\"><span class=\"versanumer_ljod\">18<\/span><\/a>Hir\u00f0ar \u00fe\u00ednir blunda, Ass\u00fdr\u00edukonungur, <br \/>lei\u00f0togar \u00fe\u00ednir sofa. <br \/>Menn \u00fe\u00ednir hafa tv\u00edstrast um h\u00e6\u00f0irnar <br \/>og enginn er til a\u00f0 safna \u00feeim saman.<br \/> <\/span> <span class=\"ljodatexti\"> <a name=\"19\"><span class=\"versanumer_ljod\">19<\/span><\/a>Engin b\u00f3t ver\u00f0ur r\u00e1\u00f0in \u00e1 meinsemd \u00feinni, <br \/>s\u00e1r \u00feitt er \u00f3l\u00e6knandi.<br \/>Allir sem f\u00e1 t\u00ed\u00f0indin um \u00feig <br \/>munu klappa saman l\u00f3fum <br \/>\u00fev\u00ed a\u00f0 hver hefur ekki m\u00e1tt \u00feola <br \/>linnulausa illsku \u00fe\u00edna? <\/span> <\/p>\n","protected":false},"excerpt":{"rendered":"<p>1Vei hinni bl\u00f3\u00f0seku borgsem full er af svikum og r\u00e1nsfeng og l\u00e6tur ekki af ofbeldi. 2Svipusmellir. Hj\u00f3laskr\u00f6lt. H\u00f3fatak. Vagnagn\u00fdr. 3Riddarar geysast fram, sver\u00f0 blika, spj\u00f3t leiftra. Fj\u00f6ldi valfallinna, kestir af hr\u00e6jum. \u00d3teljandi eru l\u00edkin, um \u00feau hrasa menn. 4Vegna hins mikla lausl\u00e6tis sk\u00e6kjunnar, hinnar f\u00f6gru og fj\u00f6lkunnugu, sem v\u00e9la\u00f0i \u00fej\u00f3\u00f0ir me\u00f0 lausl\u00e6ti s\u00ednu og kynstofna me\u00f0 t\u00f6frum s\u00ednum, 5vitja \u00e9g \u00fe\u00edn, segir Drottinn allsherjar, og \u00e9g mun breg\u00f0a kl\u00e6\u00f0afaldi \u00fe\u00ednum upp a\u00f0 framan og s\u00fdna \u00fej\u00f3\u00f0unum nekt \u00fe\u00edna og konungsr\u00edkjunum blyg\u00f0un \u00fe\u00edna. 6\u00c9g mun varpa yfir \u00feig saur og sv\u00edvir\u00f0a \u00feigsvo a\u00f0 \u00fe\u00fa ver\u00f0ir \u00f6\u00f0rum v\u00edti til varna\u00f0ar. 7\u00de\u00e1 hr\u00f6kkva <a href=\"https:\/\/biblian.is\/biblian\/nahum-3-kafli\/\"> [&#8230;]<\/a><\/p>\n","protected":false},"author":1,"featured_media":0,"parent":0,"menu_order":0,"comment_status":"open","ping_status":"open","template":"bibliukaflar_NT.php","meta":{"footnotes":""},"class_list":["post-2521","page","type-page","status-publish","hentry"],"_links":{"self":[{"href":"https:\/\/biblian.is\/biblian\/wp-json\/wp\/v2\/pages\/2521","targetHints":{"allow":["GET"]}}],"collection":[{"href":"https:\/\/biblian.is\/biblian\/wp-json\/wp\/v2\/pages"}],"about":[{"href":"https:\/\/biblian.is\/biblian\/wp-json\/wp\/v2\/types\/page"}],"author":[{"embeddable":true,"href":"https:\/\/biblian.is\/biblian\/wp-json\/wp\/v2\/users\/1"}],"replies":[{"embeddable":true,"href":"https:\/\/biblian.is\/biblian\/wp-json\/wp\/v2\/comments?post=2521"}],"version-history":[{"count":0,"href":"https:\/\/biblian.is\/biblian\/wp-json\/wp\/v2\/pages\/2521\/revisions"}],"wp:attachment":[{"href":"https:\/\/biblian.is\/biblian\/wp-json\/wp\/v2\/media?parent=2521"}],"curies":[{"name":"wp","href":"https:\/\/api.w.org\/{rel}","templated":true}]}}